{"id":328,"date":"2020-05-13T16:21:52","date_gmt":"2020-05-13T14:21:52","guid":{"rendered":"https:\/\/pans.krosno.pl\/fundusze-europejskie-kursy\/?page_id=328"},"modified":"2022-05-25T09:31:51","modified_gmt":"2022-05-25T07:31:51","slug":"biuro-karier-do-pobrania","status":"publish","type":"page","link":"https:\/\/pans.krosno.pl\/fundusze-zewnetrzne\/projekty-zrealizowane\/biuro-karier\/biuro-karier-do-pobrania\/","title":{"rendered":"Zaplanuj swoj\u0105 przysz\u0142o\u015b\u0107 z Akademickim Biurem Karier w PWSZ w Kro\u015bnie &#8211; Do pobrania"},"content":{"rendered":"<hr>\n<p><img loading=\"lazy\" decoding=\"async\" class=\"size-large wp-image-1096 aligncenter\" src=\"https:\/\/pans.krosno.pl\/fundusze-europejskie-kursy\/wp-content\/uploads\/sites\/14\/2020\/05\/Po-WER-NCBR-1024x129.jpg\" alt=\"\" width=\"740\" height=\"93\" srcset=\"https:\/\/pans.krosno.pl\/fundusze-zewnetrzne\/wp-content\/uploads\/sites\/14\/2020\/05\/Po-WER-NCBR-1024x129.jpg 1024w, https:\/\/pans.krosno.pl\/fundusze-zewnetrzne\/wp-content\/uploads\/sites\/14\/2020\/05\/Po-WER-NCBR-300x38.jpg 300w, https:\/\/pans.krosno.pl\/fundusze-zewnetrzne\/wp-content\/uploads\/sites\/14\/2020\/05\/Po-WER-NCBR-768x97.jpg 768w, https:\/\/pans.krosno.pl\/fundusze-zewnetrzne\/wp-content\/uploads\/sites\/14\/2020\/05\/Po-WER-NCBR-1536x194.jpg 1536w, https:\/\/pans.krosno.pl\/fundusze-zewnetrzne\/wp-content\/uploads\/sites\/14\/2020\/05\/Po-WER-NCBR-2048x258.jpg 2048w, https:\/\/pans.krosno.pl\/fundusze-zewnetrzne\/wp-content\/uploads\/sites\/14\/2020\/05\/Po-WER-NCBR-2000x252.jpg 2000w, https:\/\/pans.krosno.pl\/fundusze-zewnetrzne\/wp-content\/uploads\/sites\/14\/2020\/05\/Po-WER-NCBR-800x101.jpg 800w, https:\/\/pans.krosno.pl\/fundusze-zewnetrzne\/wp-content\/uploads\/sites\/14\/2020\/05\/Po-WER-NCBR-580x73.jpg 580w\" sizes=\"auto, (max-width: 740px) 100vw, 740px\" \/><\/p>\n\n\n<p><strong>Harmonogram szkole\u0144 i warsztat\u00f3w z przedsi\u0119biorczo\u015bci<\/strong><\/p>\n\n\n\n<div class=\"wp-block-file\"><a id=\"wp-block-file--media-124e3b39-6253-4dcd-b5de-47300910cc1f\" href=\"https:\/\/pans.krosno.pl\/fundusze-europejskie-kursy\/wp-content\/uploads\/sites\/14\/2020\/05\/harmonogram_szkolenia_i_warsztaty_z_przedsiebiorczosci_marzec_2018.pdf\">harmonogram_szkolenia_i_warsztaty_z_przedsiebiorczosci_marzec_2018<\/a><a href=\"https:\/\/pans.krosno.pl\/fundusze-europejskie-kursy\/wp-content\/uploads\/sites\/14\/2020\/05\/harmonogram_szkolenia_i_warsztaty_z_przedsiebiorczosci_marzec_2018.pdf\" class=\"wp-block-file__button\" download aria-describedby=\"wp-block-file--media-124e3b39-6253-4dcd-b5de-47300910cc1f\">Pobierz<\/a><\/div>\n\n\n\n<div class=\"wp-block-file\"><a id=\"wp-block-file--media-d81fee33-fab5-490d-8f7d-e6d4a354f3eb\" href=\"https:\/\/pans.krosno.pl\/fundusze-europejskie-kursy\/wp-content\/uploads\/sites\/14\/2020\/05\/harmonogram_szkolenia_i_warsztaty_z_przedsiebiorczosci-kwiecien2018.pdf\">harmonogram_szkolenia_i_warsztaty_z_przedsiebiorczosci-kwiecien2018<\/a><a href=\"https:\/\/pans.krosno.pl\/fundusze-europejskie-kursy\/wp-content\/uploads\/sites\/14\/2020\/05\/harmonogram_szkolenia_i_warsztaty_z_przedsiebiorczosci-kwiecien2018.pdf\" class=\"wp-block-file__button\" download aria-describedby=\"wp-block-file--media-d81fee33-fab5-490d-8f7d-e6d4a354f3eb\">Pobierz<\/a><\/div>\n\n\n\n<div class=\"wp-block-file\"><a id=\"wp-block-file--media-7cc48df8-137a-40d7-8d50-3a67215ac1b5\" href=\"https:\/\/pans.krosno.pl\/fundusze-europejskie-kursy\/wp-content\/uploads\/sites\/14\/2020\/05\/harmonogram_szkolenia_i_warsztaty_z_przedsiebiorczosci-maj_2018.pdf\">harmonogram_szkolenia_i_warsztaty_z_przedsiebiorczosci-maj_2018<\/a><a href=\"https:\/\/pans.krosno.pl\/fundusze-europejskie-kursy\/wp-content\/uploads\/sites\/14\/2020\/05\/harmonogram_szkolenia_i_warsztaty_z_przedsiebiorczosci-maj_2018.pdf\" class=\"wp-block-file__button\" download aria-describedby=\"wp-block-file--media-7cc48df8-137a-40d7-8d50-3a67215ac1b5\">Pobierz<\/a><\/div>\n\n\n\n<div class=\"wp-block-file\"><a id=\"wp-block-file--media-806bc442-911e-4c6f-bd0b-24c104a72d63\" href=\"https:\/\/pans.krosno.pl\/fundusze-europejskie-kursy\/wp-content\/uploads\/sites\/14\/2020\/05\/harmonogram_szkolenia_i_warsztaty_z_przedsiebiorczosci-czerwiec_2018.pdf\">harmonogram_szkolenia_i_warsztaty_z_przedsiebiorczosci-czerwiec_2018<\/a><a href=\"https:\/\/pans.krosno.pl\/fundusze-europejskie-kursy\/wp-content\/uploads\/sites\/14\/2020\/05\/harmonogram_szkolenia_i_warsztaty_z_przedsiebiorczosci-czerwiec_2018.pdf\" class=\"wp-block-file__button\" download aria-describedby=\"wp-block-file--media-806bc442-911e-4c6f-bd0b-24c104a72d63\">Pobierz<\/a><\/div>\n\n\n\n<div class=\"wp-block-file\"><a id=\"wp-block-file--media-2fc789fc-042a-4ba4-ba51-20f325b92dba\" href=\"https:\/\/pans.krosno.pl\/fundusze-europejskie-kursy\/wp-content\/uploads\/sites\/14\/2020\/05\/harmonogram_szkolenia_i_warsztaty_z_przedsiebiorczosci-listopad_2018.pdf\">harmonogram_szkolenia_i_warsztaty_z_przedsiebiorczosci-listopad_2018<\/a><a href=\"https:\/\/pans.krosno.pl\/fundusze-europejskie-kursy\/wp-content\/uploads\/sites\/14\/2020\/05\/harmonogram_szkolenia_i_warsztaty_z_przedsiebiorczosci-listopad_2018.pdf\" class=\"wp-block-file__button\" download aria-describedby=\"wp-block-file--media-2fc789fc-042a-4ba4-ba51-20f325b92dba\">Pobierz<\/a><\/div>\n\n\n\n<div class=\"wp-block-file\"><a id=\"wp-block-file--media-4aa8c57a-54ee-4db7-9420-e32654fa1a80\" href=\"https:\/\/pans.krosno.pl\/fundusze-europejskie-kursy\/wp-content\/uploads\/sites\/14\/2020\/05\/harmonogram_szkolenia_i_warsztaty_z_przedsiebiorczosci-grudzien_2018.pdf\">harmonogram_szkolenia_i_warsztaty_z_przedsiebiorczosci-grudzien_2018<\/a><a href=\"https:\/\/pans.krosno.pl\/fundusze-europejskie-kursy\/wp-content\/uploads\/sites\/14\/2020\/05\/harmonogram_szkolenia_i_warsztaty_z_przedsiebiorczosci-grudzien_2018.pdf\" class=\"wp-block-file__button\" download aria-describedby=\"wp-block-file--media-4aa8c57a-54ee-4db7-9420-e32654fa1a80\">Pobierz<\/a><\/div>\n\n\n\n<div class=\"wp-block-file\"><a id=\"wp-block-file--media-17ca898a-fba6-49c7-af8e-3cff71318c1a\" href=\"https:\/\/pans.krosno.pl\/fundusze-europejskie-kursy\/wp-content\/uploads\/sites\/14\/2020\/05\/harmonogram_szkolenia_i_warsztaty_z_przedsiebiorczosci_marzec_2019.pdf\">harmonogram_szkolenia_i_warsztaty_z_przedsiebiorczosci_marzec_2019<\/a><a href=\"https:\/\/pans.krosno.pl\/fundusze-europejskie-kursy\/wp-content\/uploads\/sites\/14\/2020\/05\/harmonogram_szkolenia_i_warsztaty_z_przedsiebiorczosci_marzec_2019.pdf\" class=\"wp-block-file__button\" download aria-describedby=\"wp-block-file--media-17ca898a-fba6-49c7-af8e-3cff71318c1a\">Pobierz<\/a><\/div>\n\n\n\n<div class=\"wp-block-file\"><a id=\"wp-block-file--media-ca81ecca-22be-4f48-b51b-1c029c4fd1ff\" href=\"https:\/\/pans.krosno.pl\/fundusze-europejskie-kursy\/wp-content\/uploads\/sites\/14\/2020\/05\/harmonogram_szkolenia_i_warsztaty_z_przedsiebiorczosci_kwiecien_2019.pdf\">harmonogram_szkolenia_i_warsztaty_z_przedsiebiorczosci_kwiecien_2019<\/a><a href=\"https:\/\/pans.krosno.pl\/fundusze-europejskie-kursy\/wp-content\/uploads\/sites\/14\/2020\/05\/harmonogram_szkolenia_i_warsztaty_z_przedsiebiorczosci_kwiecien_2019.pdf\" class=\"wp-block-file__button\" download aria-describedby=\"wp-block-file--media-ca81ecca-22be-4f48-b51b-1c029c4fd1ff\">Pobierz<\/a><\/div>\n\n\n\n<div class=\"wp-block-file\"><a id=\"wp-block-file--media-5e771560-550f-44f0-933b-a1ea3f095558\" href=\"https:\/\/pans.krosno.pl\/fundusze-europejskie-kursy\/wp-content\/uploads\/sites\/14\/2020\/05\/harmonogram_szkolenia_i_warsztaty_z_przedsiebiorczosci_maj_2019.pdf\">harmonogram_szkolenia_i_warsztaty_z_przedsiebiorczosci_maj_2019<\/a><a href=\"https:\/\/pans.krosno.pl\/fundusze-europejskie-kursy\/wp-content\/uploads\/sites\/14\/2020\/05\/harmonogram_szkolenia_i_warsztaty_z_przedsiebiorczosci_maj_2019.pdf\" class=\"wp-block-file__button\" download aria-describedby=\"wp-block-file--media-5e771560-550f-44f0-933b-a1ea3f095558\">Pobierz<\/a><\/div>\n\n\n\n<div class=\"wp-block-file\"><a id=\"wp-block-file--media-d0fb9414-1bbd-4c2d-bbda-3018597d8b62\" href=\"https:\/\/pans.krosno.pl\/fundusze-europejskie-kursy\/wp-content\/uploads\/sites\/14\/2020\/05\/harmonogram_szkolenia_i_warsztaty_z_przedsiebiorczosci_czerwiec_2019.pdf\">harmonogram_szkolenia_i_warsztaty_z_przedsiebiorczosci_czerwiec_2019<\/a><a href=\"https:\/\/pans.krosno.pl\/fundusze-europejskie-kursy\/wp-content\/uploads\/sites\/14\/2020\/05\/harmonogram_szkolenia_i_warsztaty_z_przedsiebiorczosci_czerwiec_2019.pdf\" class=\"wp-block-file__button\" download aria-describedby=\"wp-block-file--media-d0fb9414-1bbd-4c2d-bbda-3018597d8b62\">Pobierz<\/a><\/div>\n\n\n\n<hr class=\"wp-block-separator\"\/>\n\n\n\n<p><strong>Regulamin projektu<\/strong><\/p>\n\n\n\n<div class=\"wp-block-file\"><a id=\"wp-block-file--media-b6af4502-7337-4b21-8748-2163abb16118\" href=\"https:\/\/pans.krosno.pl\/fundusze-europejskie-kursy\/wp-content\/uploads\/sites\/14\/2020\/05\/regulamin_projektu.pdf\">regulamin_projektu<\/a><a href=\"https:\/\/pans.krosno.pl\/fundusze-europejskie-kursy\/wp-content\/uploads\/sites\/14\/2020\/05\/regulamin_projektu.pdf\" class=\"wp-block-file__button\" download aria-describedby=\"wp-block-file--media-b6af4502-7337-4b21-8748-2163abb16118\">Pobierz<\/a><\/div>\n\n\n\n<div class=\"wp-block-file\"><a id=\"wp-block-file--media-261a5d63-f02e-4a3c-b603-07f02ff97cc0\" href=\"https:\/\/pans.krosno.pl\/fundusze-europejskie-kursy\/wp-content\/uploads\/sites\/14\/2020\/05\/zalacznik_nr_1_do_regulaminu_-_formularz_rekrutacyjny_2.pdf\">zalacznik_nr_1_do_regulaminu_-_formularz_rekrutacyjny_2<\/a><a href=\"https:\/\/pans.krosno.pl\/fundusze-europejskie-kursy\/wp-content\/uploads\/sites\/14\/2020\/05\/zalacznik_nr_1_do_regulaminu_-_formularz_rekrutacyjny_2.pdf\" class=\"wp-block-file__button\" download aria-describedby=\"wp-block-file--media-261a5d63-f02e-4a3c-b603-07f02ff97cc0\">Pobierz<\/a><\/div>\n\n\n\n<div class=\"wp-block-file\"><a id=\"wp-block-file--media-d80c7c4c-1704-41dc-a2d2-3213e543f0a2\" href=\"https:\/\/pans.krosno.pl\/fundusze-europejskie-kursy\/wp-content\/uploads\/sites\/14\/2020\/05\/zalacznik_nr_2_do_regulaminu_-_deklaracja_uczestnictwa_w_projekcie.pdf\">zalacznik_nr_2_do_regulaminu_-_deklaracja_uczestnictwa_w_projekcie<\/a><a href=\"https:\/\/pans.krosno.pl\/fundusze-europejskie-kursy\/wp-content\/uploads\/sites\/14\/2020\/05\/zalacznik_nr_2_do_regulaminu_-_deklaracja_uczestnictwa_w_projekcie.pdf\" class=\"wp-block-file__button\" download aria-describedby=\"wp-block-file--media-d80c7c4c-1704-41dc-a2d2-3213e543f0a2\">Pobierz<\/a><\/div>\n\n\n\n<div class=\"wp-block-file\"><a id=\"wp-block-file--media-c4425f21-e62d-4609-84b5-e87ae1b3beee\" href=\"https:\/\/pans.krosno.pl\/fundusze-europejskie-kursy\/wp-content\/uploads\/sites\/14\/2020\/05\/zalacznik_nr_3_do_regulaminu_-_oswiadczenie_uczestnika_projektu_rodo_obowiazuje_od_25.05.2018.pdf\">zalacznik_nr_3_do_regulaminu_-_oswiadczenie_uczestnika_projektu_rodo_obowiazuje_od_25.05.2018<\/a><a href=\"https:\/\/pans.krosno.pl\/fundusze-europejskie-kursy\/wp-content\/uploads\/sites\/14\/2020\/05\/zalacznik_nr_3_do_regulaminu_-_oswiadczenie_uczestnika_projektu_rodo_obowiazuje_od_25.05.2018.pdf\" class=\"wp-block-file__button\" download aria-describedby=\"wp-block-file--media-c4425f21-e62d-4609-84b5-e87ae1b3beee\">Pobierz<\/a><\/div>\n\n\n\n<hr class=\"wp-block-separator\"\/>\n\n\n\n<p><strong>Regulamin wsparcia udzielanego pracownikom Uczelni&nbsp;<\/strong><\/p>\n\n\n\n<div class=\"wp-block-file\"><a id=\"wp-block-file--media-9b9c070d-bdc9-4770-a2bf-984373a69e82\" href=\"https:\/\/pans.krosno.pl\/fundusze-europejskie-kursy\/wp-content\/uploads\/sites\/14\/2020\/05\/regulamin_wsparcia_udzielanego_pracownikom_uczelni.pdf\">regulamin_wsparcia_udzielanego_pracownikom_uczelni<\/a><a href=\"https:\/\/pans.krosno.pl\/fundusze-europejskie-kursy\/wp-content\/uploads\/sites\/14\/2020\/05\/regulamin_wsparcia_udzielanego_pracownikom_uczelni.pdf\" class=\"wp-block-file__button\" download aria-describedby=\"wp-block-file--media-9b9c070d-bdc9-4770-a2bf-984373a69e82\">Pobierz<\/a><\/div>\n\n\n\n<div class=\"wp-block-file\"><a id=\"wp-block-file--media-28114634-7cb9-4601-bdb9-b94b4e038bab\" href=\"https:\/\/pans.krosno.pl\/fundusze-europejskie-kursy\/wp-content\/uploads\/sites\/14\/2020\/05\/zalacznik_nr_1_-_formularz_rekrutacyjny.pdf\">zalacznik_nr_1_-_formularz_rekrutacyjny<\/a><a href=\"https:\/\/pans.krosno.pl\/fundusze-europejskie-kursy\/wp-content\/uploads\/sites\/14\/2020\/05\/zalacznik_nr_1_-_formularz_rekrutacyjny.pdf\" class=\"wp-block-file__button\" download aria-describedby=\"wp-block-file--media-28114634-7cb9-4601-bdb9-b94b4e038bab\">Pobierz<\/a><\/div>\n\n\n\n<div class=\"wp-block-file\"><a id=\"wp-block-file--media-5590ab0e-d36f-4413-afb6-e8d80df74550\" href=\"https:\/\/pans.krosno.pl\/fundusze-europejskie-kursy\/wp-content\/uploads\/sites\/14\/2020\/05\/zalacznik_nr_2_-_deklaracja_uczestnictwa_w_projekcie.pdf\">zalacznik_nr_2_-_deklaracja_uczestnictwa_w_projekcie<\/a><a href=\"https:\/\/pans.krosno.pl\/fundusze-europejskie-kursy\/wp-content\/uploads\/sites\/14\/2020\/05\/zalacznik_nr_2_-_deklaracja_uczestnictwa_w_projekcie.pdf\" class=\"wp-block-file__button\" download aria-describedby=\"wp-block-file--media-5590ab0e-d36f-4413-afb6-e8d80df74550\">Pobierz<\/a><\/div>\n\n\n\n<div class=\"wp-block-file\"><a id=\"wp-block-file--media-4b9ae66c-67d3-479d-84ab-7ee0d6140cc0\" href=\"https:\/\/pans.krosno.pl\/fundusze-europejskie-kursy\/wp-content\/uploads\/sites\/14\/2020\/05\/zalacznik_nr_3_do_regulaminu_-_oswiadczenie_uczestnika_projektu.pdf\">zalacznik_nr_3_do_regulaminu_-_oswiadczenie_uczestnika_projektu<\/a><a href=\"https:\/\/pans.krosno.pl\/fundusze-europejskie-kursy\/wp-content\/uploads\/sites\/14\/2020\/05\/zalacznik_nr_3_do_regulaminu_-_oswiadczenie_uczestnika_projektu.pdf\" class=\"wp-block-file__button\" download aria-describedby=\"wp-block-file--media-4b9ae66c-67d3-479d-84ab-7ee0d6140cc0\">Pobierz<\/a><\/div>\n\n\n\n<p><\/p>\n","protected":false},"excerpt":{"rendered":"<p>Harmonogram szkole\u0144 i warsztat\u00f3w z przedsi\u0119biorczo\u015bci Regulamin projektu Regulamin wsparcia udzielanego pracownikom Uczelni&nbsp;<\/p>\n","protected":false},"author":27,"featured_media":0,"parent":281,"menu_order":0,"comment_status":"closed","ping_status":"closed","template":"page-templates\/template-full-width.php","meta":{"ngg_post_thumbnail":0,"footnotes":""},"class_list":["post-328","page","type-page","status-publish","hentry"],"yoast_head":"<!-- This site is optimized with the Yoast SEO Premium plugin v27.3 (Yoast SEO v27.3) - https:\/\/yoast.com\/product\/yoast-seo-premium-wordpress\/ -->\n<title>Zaplanuj swoj\u0105 przysz\u0142o\u015b\u0107 z Akademickim Biurem Karier w PWSZ w Kro\u015bnie - Do pobrania - Fundusze zewn\u0119trzne PANS w Kro\u015bnie<\/title>\n<meta name=\"robots\" content=\"index, follow, max-snippet:-1, max-image-preview:large, max-video-preview:-1\" \/>\n<link rel=\"canonical\" href=\"https:\/\/pans.krosno.pl\/fundusze-zewnetrzne\/projekty-zrealizowane\/biuro-karier\/biuro-karier-do-pobrania\/\" \/>\n<meta property=\"og:locale\" content=\"pl_PL\" \/>\n<meta property=\"og:type\" content=\"article\" \/>\n<meta property=\"og:title\" content=\"Zaplanuj swoj\u0105 przysz\u0142o\u015b\u0107 z Akademickim Biurem Karier w PWSZ w Kro\u015bnie - Do pobrania\" \/>\n<meta property=\"og:description\" content=\"Harmonogram szkole\u0144 i warsztat\u00f3w z przedsi\u0119biorczo\u015bci Regulamin projektu Regulamin wsparcia udzielanego pracownikom Uczelni&nbsp;\" \/>\n<meta property=\"og:url\" content=\"https:\/\/pans.krosno.pl\/fundusze-zewnetrzne\/projekty-zrealizowane\/biuro-karier\/biuro-karier-do-pobrania\/\" \/>\n<meta property=\"og:site_name\" content=\"Fundusze zewn\u0119trzne PANS w Kro\u015bnie\" \/>\n<meta property=\"article:modified_time\" content=\"2022-05-25T07:31:51+00:00\" \/>\n<meta property=\"og:image\" content=\"https:\/\/pans.krosno.pl\/fundusze-europejskie-kursy\/wp-content\/uploads\/sites\/14\/2020\/05\/Po-WER-NCBR-1024x129.jpg\" \/>\n<meta name=\"twitter:card\" content=\"summary_large_image\" \/>\n<meta name=\"twitter:label1\" content=\"Szacowany czas czytania\" \/>\n\t<meta name=\"twitter:data1\" content=\"1 minuta\" \/>\n<script type=\"application\/ld+json\" class=\"yoast-schema-graph\">{\"@context\":\"https:\\\/\\\/schema.org\",\"@graph\":[{\"@type\":\"WebPage\",\"@id\":\"https:\\\/\\\/pans.krosno.pl\\\/fundusze-zewnetrzne\\\/projekty-zrealizowane\\\/biuro-karier\\\/biuro-karier-do-pobrania\\\/\",\"url\":\"https:\\\/\\\/pans.krosno.pl\\\/fundusze-zewnetrzne\\\/projekty-zrealizowane\\\/biuro-karier\\\/biuro-karier-do-pobrania\\\/\",\"name\":\"Zaplanuj swoj\u0105 przysz\u0142o\u015b\u0107 z Akademickim Biurem Karier w PWSZ w Kro\u015bnie - Do pobrania - Fundusze zewn\u0119trzne PANS w Kro\u015bnie\",\"isPartOf\":{\"@id\":\"https:\\\/\\\/pans.krosno.pl\\\/fundusze-zewnetrzne\\\/#website\"},\"primaryImageOfPage\":{\"@id\":\"https:\\\/\\\/pans.krosno.pl\\\/fundusze-zewnetrzne\\\/projekty-zrealizowane\\\/biuro-karier\\\/biuro-karier-do-pobrania\\\/#primaryimage\"},\"image\":{\"@id\":\"https:\\\/\\\/pans.krosno.pl\\\/fundusze-zewnetrzne\\\/projekty-zrealizowane\\\/biuro-karier\\\/biuro-karier-do-pobrania\\\/#primaryimage\"},\"thumbnailUrl\":\"https:\\\/\\\/pans.krosno.pl\\\/fundusze-europejskie-kursy\\\/wp-content\\\/uploads\\\/sites\\\/14\\\/2020\\\/05\\\/Po-WER-NCBR-1024x129.jpg\",\"datePublished\":\"2020-05-13T14:21:52+00:00\",\"dateModified\":\"2022-05-25T07:31:51+00:00\",\"breadcrumb\":{\"@id\":\"https:\\\/\\\/pans.krosno.pl\\\/fundusze-zewnetrzne\\\/projekty-zrealizowane\\\/biuro-karier\\\/biuro-karier-do-pobrania\\\/#breadcrumb\"},\"inLanguage\":\"pl-PL\",\"potentialAction\":[{\"@type\":\"ReadAction\",\"target\":[\"https:\\\/\\\/pans.krosno.pl\\\/fundusze-zewnetrzne\\\/projekty-zrealizowane\\\/biuro-karier\\\/biuro-karier-do-pobrania\\\/\"]}]},{\"@type\":\"ImageObject\",\"inLanguage\":\"pl-PL\",\"@id\":\"https:\\\/\\\/pans.krosno.pl\\\/fundusze-zewnetrzne\\\/projekty-zrealizowane\\\/biuro-karier\\\/biuro-karier-do-pobrania\\\/#primaryimage\",\"url\":\"https:\\\/\\\/pans.krosno.pl\\\/fundusze-europejskie-kursy\\\/wp-content\\\/uploads\\\/sites\\\/14\\\/2020\\\/05\\\/Po-WER-NCBR-1024x129.jpg\",\"contentUrl\":\"https:\\\/\\\/pans.krosno.pl\\\/fundusze-europejskie-kursy\\\/wp-content\\\/uploads\\\/sites\\\/14\\\/2020\\\/05\\\/Po-WER-NCBR-1024x129.jpg\"},{\"@type\":\"BreadcrumbList\",\"@id\":\"https:\\\/\\\/pans.krosno.pl\\\/fundusze-zewnetrzne\\\/projekty-zrealizowane\\\/biuro-karier\\\/biuro-karier-do-pobrania\\\/#breadcrumb\",\"itemListElement\":[{\"@type\":\"ListItem\",\"position\":1,\"name\":\"Strona g\u0142\u00f3wna\",\"item\":\"https:\\\/\\\/pans.krosno.pl\\\/fundusze-zewnetrzne\\\/\"},{\"@type\":\"ListItem\",\"position\":2,\"name\":\"Projekty zrealizowane\",\"item\":\"https:\\\/\\\/pans.krosno.pl\\\/fundusze-zewnetrzne\\\/projekty-zrealizowane\\\/\"},{\"@type\":\"ListItem\",\"position\":3,\"name\":\"Zaplanuj swoj\u0105 przysz\u0142o\u015b\u0107 z Akademickim Biurem Karier w PWSZ w Kro\u015bnie\",\"item\":\"https:\\\/\\\/pans.krosno.pl\\\/fundusze-zewnetrzne\\\/projekty-zrealizowane\\\/biuro-karier\\\/\"},{\"@type\":\"ListItem\",\"position\":4,\"name\":\"Zaplanuj swoj\u0105 przysz\u0142o\u015b\u0107 z Akademickim Biurem Karier w PWSZ w Kro\u015bnie &#8211; Do pobrania\"}]},{\"@type\":\"WebSite\",\"@id\":\"https:\\\/\\\/pans.krosno.pl\\\/fundusze-zewnetrzne\\\/#website\",\"url\":\"https:\\\/\\\/pans.krosno.pl\\\/fundusze-zewnetrzne\\\/\",\"name\":\"Fundusze zewn\u0119trzne PANS w Kro\u015bnie\",\"description\":\"Fundusze zewn\u0119trzne  - Pa\u0144stwowa Akademia Nauk Stosowanych\",\"publisher\":{\"@id\":\"https:\\\/\\\/pans.krosno.pl\\\/fundusze-zewnetrzne\\\/#organization\"},\"potentialAction\":[{\"@type\":\"SearchAction\",\"target\":{\"@type\":\"EntryPoint\",\"urlTemplate\":\"https:\\\/\\\/pans.krosno.pl\\\/fundusze-zewnetrzne\\\/?s={search_term_string}\"},\"query-input\":{\"@type\":\"PropertyValueSpecification\",\"valueRequired\":true,\"valueName\":\"search_term_string\"}}],\"inLanguage\":\"pl-PL\"},{\"@type\":\"Organization\",\"@id\":\"https:\\\/\\\/pans.krosno.pl\\\/fundusze-zewnetrzne\\\/#organization\",\"name\":\"Fundusze zewn\u0119trzne PANS w Kro\u015bnie\",\"url\":\"https:\\\/\\\/pans.krosno.pl\\\/fundusze-zewnetrzne\\\/\",\"logo\":{\"@type\":\"ImageObject\",\"inLanguage\":\"pl-PL\",\"@id\":\"https:\\\/\\\/pans.krosno.pl\\\/fundusze-zewnetrzne\\\/#\\\/schema\\\/logo\\\/image\\\/\",\"url\":\"https:\\\/\\\/pans.krosno.pl\\\/fundusze-zewnetrzne\\\/wp-content\\\/uploads\\\/sites\\\/14\\\/2023\\\/01\\\/Logo-PANS-2022-pelne.png\",\"contentUrl\":\"https:\\\/\\\/pans.krosno.pl\\\/fundusze-zewnetrzne\\\/wp-content\\\/uploads\\\/sites\\\/14\\\/2023\\\/01\\\/Logo-PANS-2022-pelne.png\",\"width\":3096,\"height\":696,\"caption\":\"Fundusze zewn\u0119trzne PANS w Kro\u015bnie\"},\"image\":{\"@id\":\"https:\\\/\\\/pans.krosno.pl\\\/fundusze-zewnetrzne\\\/#\\\/schema\\\/logo\\\/image\\\/\"}}]}<\/script>\n<!-- \/ Yoast SEO Premium plugin. -->","yoast_head_json":{"title":"Zaplanuj swoj\u0105 przysz\u0142o\u015b\u0107 z Akademickim Biurem Karier w PWSZ w Kro\u015bnie - Do pobrania - Fundusze zewn\u0119trzne PANS w Kro\u015bnie","robots":{"index":"index","follow":"follow","max-snippet":"max-snippet:-1","max-image-preview":"max-image-preview:large","max-video-preview":"max-video-preview:-1"},"canonical":"https:\/\/pans.krosno.pl\/fundusze-zewnetrzne\/projekty-zrealizowane\/biuro-karier\/biuro-karier-do-pobrania\/","og_locale":"pl_PL","og_type":"article","og_title":"Zaplanuj swoj\u0105 przysz\u0142o\u015b\u0107 z Akademickim Biurem Karier w PWSZ w Kro\u015bnie - Do pobrania","og_description":"Harmonogram szkole\u0144 i warsztat\u00f3w z przedsi\u0119biorczo\u015bci Regulamin projektu Regulamin wsparcia udzielanego pracownikom Uczelni&nbsp;","og_url":"https:\/\/pans.krosno.pl\/fundusze-zewnetrzne\/projekty-zrealizowane\/biuro-karier\/biuro-karier-do-pobrania\/","og_site_name":"Fundusze zewn\u0119trzne PANS w Kro\u015bnie","article_modified_time":"2022-05-25T07:31:51+00:00","og_image":[{"url":"https:\/\/pans.krosno.pl\/fundusze-europejskie-kursy\/wp-content\/uploads\/sites\/14\/2020\/05\/Po-WER-NCBR-1024x129.jpg","type":"","width":"","height":""}],"twitter_card":"summary_large_image","twitter_misc":{"Szacowany czas czytania":"1 minuta"},"schema":{"@context":"https:\/\/schema.org","@graph":[{"@type":"WebPage","@id":"https:\/\/pans.krosno.pl\/fundusze-zewnetrzne\/projekty-zrealizowane\/biuro-karier\/biuro-karier-do-pobrania\/","url":"https:\/\/pans.krosno.pl\/fundusze-zewnetrzne\/projekty-zrealizowane\/biuro-karier\/biuro-karier-do-pobrania\/","name":"Zaplanuj swoj\u0105 przysz\u0142o\u015b\u0107 z Akademickim Biurem Karier w PWSZ w Kro\u015bnie - Do pobrania - Fundusze zewn\u0119trzne PANS w Kro\u015bnie","isPartOf":{"@id":"https:\/\/pans.krosno.pl\/fundusze-zewnetrzne\/#website"},"primaryImageOfPage":{"@id":"https:\/\/pans.krosno.pl\/fundusze-zewnetrzne\/projekty-zrealizowane\/biuro-karier\/biuro-karier-do-pobrania\/#primaryimage"},"image":{"@id":"https:\/\/pans.krosno.pl\/fundusze-zewnetrzne\/projekty-zrealizowane\/biuro-karier\/biuro-karier-do-pobrania\/#primaryimage"},"thumbnailUrl":"https:\/\/pans.krosno.pl\/fundusze-europejskie-kursy\/wp-content\/uploads\/sites\/14\/2020\/05\/Po-WER-NCBR-1024x129.jpg","datePublished":"2020-05-13T14:21:52+00:00","dateModified":"2022-05-25T07:31:51+00:00","breadcrumb":{"@id":"https:\/\/pans.krosno.pl\/fundusze-zewnetrzne\/projekty-zrealizowane\/biuro-karier\/biuro-karier-do-pobrania\/#breadcrumb"},"inLanguage":"pl-PL","potentialAction":[{"@type":"ReadAction","target":["https:\/\/pans.krosno.pl\/fundusze-zewnetrzne\/projekty-zrealizowane\/biuro-karier\/biuro-karier-do-pobrania\/"]}]},{"@type":"ImageObject","inLanguage":"pl-PL","@id":"https:\/\/pans.krosno.pl\/fundusze-zewnetrzne\/projekty-zrealizowane\/biuro-karier\/biuro-karier-do-pobrania\/#primaryimage","url":"https:\/\/pans.krosno.pl\/fundusze-europejskie-kursy\/wp-content\/uploads\/sites\/14\/2020\/05\/Po-WER-NCBR-1024x129.jpg","contentUrl":"https:\/\/pans.krosno.pl\/fundusze-europejskie-kursy\/wp-content\/uploads\/sites\/14\/2020\/05\/Po-WER-NCBR-1024x129.jpg"},{"@type":"BreadcrumbList","@id":"https:\/\/pans.krosno.pl\/fundusze-zewnetrzne\/projekty-zrealizowane\/biuro-karier\/biuro-karier-do-pobrania\/#breadcrumb","itemListElement":[{"@type":"ListItem","position":1,"name":"Strona g\u0142\u00f3wna","item":"https:\/\/pans.krosno.pl\/fundusze-zewnetrzne\/"},{"@type":"ListItem","position":2,"name":"Projekty zrealizowane","item":"https:\/\/pans.krosno.pl\/fundusze-zewnetrzne\/projekty-zrealizowane\/"},{"@type":"ListItem","position":3,"name":"Zaplanuj swoj\u0105 przysz\u0142o\u015b\u0107 z Akademickim Biurem Karier w PWSZ w Kro\u015bnie","item":"https:\/\/pans.krosno.pl\/fundusze-zewnetrzne\/projekty-zrealizowane\/biuro-karier\/"},{"@type":"ListItem","position":4,"name":"Zaplanuj swoj\u0105 przysz\u0142o\u015b\u0107 z Akademickim Biurem Karier w PWSZ w Kro\u015bnie &#8211; Do pobrania"}]},{"@type":"WebSite","@id":"https:\/\/pans.krosno.pl\/fundusze-zewnetrzne\/#website","url":"https:\/\/pans.krosno.pl\/fundusze-zewnetrzne\/","name":"Fundusze zewn\u0119trzne PANS w Kro\u015bnie","description":"Fundusze zewn\u0119trzne  - Pa\u0144stwowa Akademia Nauk Stosowanych","publisher":{"@id":"https:\/\/pans.krosno.pl\/fundusze-zewnetrzne\/#organization"},"potentialAction":[{"@type":"SearchAction","target":{"@type":"EntryPoint","urlTemplate":"https:\/\/pans.krosno.pl\/fundusze-zewnetrzne\/?s={search_term_string}"},"query-input":{"@type":"PropertyValueSpecification","valueRequired":true,"valueName":"search_term_string"}}],"inLanguage":"pl-PL"},{"@type":"Organization","@id":"https:\/\/pans.krosno.pl\/fundusze-zewnetrzne\/#organization","name":"Fundusze zewn\u0119trzne PANS w Kro\u015bnie","url":"https:\/\/pans.krosno.pl\/fundusze-zewnetrzne\/","logo":{"@type":"ImageObject","inLanguage":"pl-PL","@id":"https:\/\/pans.krosno.pl\/fundusze-zewnetrzne\/#\/schema\/logo\/image\/","url":"https:\/\/pans.krosno.pl\/fundusze-zewnetrzne\/wp-content\/uploads\/sites\/14\/2023\/01\/Logo-PANS-2022-pelne.png","contentUrl":"https:\/\/pans.krosno.pl\/fundusze-zewnetrzne\/wp-content\/uploads\/sites\/14\/2023\/01\/Logo-PANS-2022-pelne.png","width":3096,"height":696,"caption":"Fundusze zewn\u0119trzne PANS w Kro\u015bnie"},"image":{"@id":"https:\/\/pans.krosno.pl\/fundusze-zewnetrzne\/#\/schema\/logo\/image\/"}}]}},"_links":{"self":[{"href":"https:\/\/pans.krosno.pl\/fundusze-zewnetrzne\/wp-json\/wp\/v2\/pages\/328","targetHints":{"allow":["GET"]}}],"collection":[{"href":"https:\/\/pans.krosno.pl\/fundusze-zewnetrzne\/wp-json\/wp\/v2\/pages"}],"about":[{"href":"https:\/\/pans.krosno.pl\/fundusze-zewnetrzne\/wp-json\/wp\/v2\/types\/page"}],"author":[{"embeddable":true,"href":"https:\/\/pans.krosno.pl\/fundusze-zewnetrzne\/wp-json\/wp\/v2\/users\/27"}],"replies":[{"embeddable":true,"href":"https:\/\/pans.krosno.pl\/fundusze-zewnetrzne\/wp-json\/wp\/v2\/comments?post=328"}],"version-history":[{"count":14,"href":"https:\/\/pans.krosno.pl\/fundusze-zewnetrzne\/wp-json\/wp\/v2\/pages\/328\/revisions"}],"predecessor-version":[{"id":3243,"href":"https:\/\/pans.krosno.pl\/fundusze-zewnetrzne\/wp-json\/wp\/v2\/pages\/328\/revisions\/3243"}],"up":[{"embeddable":true,"href":"https:\/\/pans.krosno.pl\/fundusze-zewnetrzne\/wp-json\/wp\/v2\/pages\/281"}],"wp:attachment":[{"href":"https:\/\/pans.krosno.pl\/fundusze-zewnetrzne\/wp-json\/wp\/v2\/media?parent=328"}],"curies":[{"name":"wp","href":"https:\/\/api.w.org\/{rel}","templated":true}]}}