{"id":3071,"date":"2022-04-21T11:39:51","date_gmt":"2022-04-21T09:39:51","guid":{"rendered":"https:\/\/pans.krosno.pl\/fundusze-zewnetrzne\/?page_id=3071"},"modified":"2024-01-30T12:50:47","modified_gmt":"2024-01-30T11:50:47","slug":"zawody-e-sportowe-2","status":"publish","type":"page","link":"https:\/\/pans.krosno.pl\/fundusze-zewnetrzne\/zawody-e-sportowe-2\/","title":{"rendered":"Zawody e-sportowe"},"content":{"rendered":"\n<figure class=\"wp-block-image size-large is-resized\"><img loading=\"lazy\" decoding=\"async\" src=\"https:\/\/pans.krosno.pl\/fundusze-zewnetrzne\/wp-content\/uploads\/sites\/14\/2022\/03\/Norway_grants@4x-913x1024.png\" alt=\"\" class=\"wp-image-2888\" width=\"96\" height=\"108\" srcset=\"https:\/\/pans.krosno.pl\/fundusze-zewnetrzne\/wp-content\/uploads\/sites\/14\/2022\/03\/Norway_grants@4x-913x1024.png 913w, https:\/\/pans.krosno.pl\/fundusze-zewnetrzne\/wp-content\/uploads\/sites\/14\/2022\/03\/Norway_grants@4x-268x300.png 268w, https:\/\/pans.krosno.pl\/fundusze-zewnetrzne\/wp-content\/uploads\/sites\/14\/2022\/03\/Norway_grants@4x-768x861.png 768w, https:\/\/pans.krosno.pl\/fundusze-zewnetrzne\/wp-content\/uploads\/sites\/14\/2022\/03\/Norway_grants@4x-800x897.png 800w, https:\/\/pans.krosno.pl\/fundusze-zewnetrzne\/wp-content\/uploads\/sites\/14\/2022\/03\/Norway_grants@4x-580x650.png 580w, https:\/\/pans.krosno.pl\/fundusze-zewnetrzne\/wp-content\/uploads\/sites\/14\/2022\/03\/Norway_grants@4x.png 931w\" sizes=\"auto, (max-width: 96px) 100vw, 96px\" \/><\/figure>\n\n\n\n<hr class=\"wp-block-separator has-alpha-channel-opacity\" \/>\n\n\n\n<h2 class=\"wp-block-heading has-text-align-center\" id=\"h-krosnienski-turniej-e-sportowy-o-puchar-rektora-pans-w-krosnie-2024\">Kro\u015bnie\u0144ski turniej e-sportowy o puchar Rektora PANS w Kro\u015bnie 2024 <\/h2>\n\n\n\n<p>Studenci Pa\u0144stwowej Akademii Nauk Stosowanych w Kro\u015bnie (z kierunku Informatyka i Studenckich K\u00f3\u0142 Naukowych: Neo oraz Medialni) organizuj\u0105 kolejn\u0105 edycj\u0119 Turnieju e-sportowego pn. &#8222;Kro\u015bnie\u0144ski turniej e-sportowy o puchar Rektora PANS w Kro\u015bnie&#8221;<\/p>\n\n\n\n<p>Po raz kolejny organizujemy turniej dla dru\u017cyn pi\u0119cioosobowych w gr\u0119 League of Legends, z pul\u0105 nagr\u00f3d o warto\u015bci ponad 6000 z\u0142otych!<\/p>\n\n\n\n<p>Zapisy na wydarzenie rozpoczn\u0105 si\u0119 23 stycznia, a zako\u0144cz\u0105 8 lutego.<\/p>\n\n\n\n<p>Zg\u0142oszenia b\u0119d\u0105 poprzez poni\u017cszy formularz: <\/p>\n\n\n\n<p><a href=\"https:\/\/ankiety.pans.krosno.pl\/index.php?r=survey\/index&amp;sid=544122&amp;lang=pl\" target=\"_blank\" rel=\"noreferrer noopener\">https:\/\/ankiety.pans.krosno.pl\/index.php?r=survey\/index&amp;sid=544122&amp;lang=pl<\/a><\/p>\n\n\n\n<p><\/p>\n\n\n\n<p>Wszystkie informacje na temat termin\u00f3w i miejsca wydarzenia znajduj\u0105 si\u0119 na stronie oraz w Regulaminie turnieju:<\/p>\n\n\n\n<p><a href=\"https:\/\/e-sport.pans.krosno.pl\/\" target=\"_blank\" rel=\"noreferrer noopener\">https:\/\/e-sport.pans.krosno.pl\/<\/a><\/p>\n\n\n\n<p>Zapraszamy do udzia\u0142u!<\/p>\n\n\n\n<hr class=\"wp-block-separator has-alpha-channel-opacity\" \/>\n\n\n\n<hr class=\"wp-block-separator has-alpha-channel-opacity\" \/>\n\n\n\n<p>Studenci Pa\u0144stwowej Akademii Nauk Stosowanych w Kro\u015bnie (z kierunku Informatyka i Studenckich K\u00f3\u0142 Naukowych: Neo oraz Medialni) organizuj\u0105 IV edycj\u0119 Turnieju e-sportowego pn. &#8222;Kro\u015bnie\u0144ski turniej e-sportowy o puchar Rektora KPU\/PANS w Kro\u015bnie&#8221;<\/p>\n\n\n\n<p>Po raz kolejny organizujemy turniej dla dru\u017cyn pi\u0119cioosobowych w gr\u0119 League of Legends, z pul\u0105 nagr\u00f3d o warto\u015bci ponad 6000 z\u0142otych!<\/p>\n\n\n\n<p>Zapisy na wydarzenie rozpoczn\u0105 si\u0119 23 stycznia, a zako\u0144cz\u0105 10 Lutego.<\/p>\n\n\n\n<p>Zwa\u017cywszy na du\u017ce zainteresowanie poprzedni\u0105 edycj\u0105 turnieju, nak\u0142adamy limit dru\u017cyn wynosz\u0105cy 64.<\/p>\n\n\n\n<p>Zg\u0142oszenia b\u0119d\u0105 poprzez poni\u017cszy formularz:<\/p>\n\n\n\n<p><a href=\"https:\/\/ankiety.pans.krosno.pl\/index.php?r=survey\/index&amp;sid=544122&amp;lang=pl\">https:\/\/ankiety.pans.krosno.pl\/index.php?r=survey\/index&amp;sid=544122&amp;lang=pl<\/a><\/p>\n\n\n\n<p><img loading=\"lazy\" decoding=\"async\" alt=\"\u26a0\ufe0f\" src=\"https:\/\/static.xx.fbcdn.net\/images\/emoji.php\/v9\/tdc\/1\/16\/26a0.png\" width=\"16\" height=\"16\"> UWAGA! <img loading=\"lazy\" decoding=\"async\" alt=\"\u26a0\ufe0f\" src=\"https:\/\/static.xx.fbcdn.net\/images\/emoji.php\/v9\/tdc\/1\/16\/26a0.png\" width=\"16\" height=\"16\"> Liczy si\u0119 kolejno\u015b\u0107 zg\u0142osze\u0144!<\/p>\n\n\n\n<p>Wszystkie informacje na temat termin\u00f3w i miejsca wydarzenia znajdziemy na stronie oraz Regulaminie turnieju:<\/p>\n\n\n\n<p><a href=\"https:\/\/e-sport.pans.krosno.pl\/\">https:\/\/e-sport.pans.krosno.pl\/<\/a><\/p>\n\n\n\n<p>Zapraszamy do udzia\u0142u!<\/p>\n\n\n\n<hr class=\"wp-block-separator has-css-opacity\" \/>\n\n\n\n<p>W ramach przedsi\u0119wzi\u0119cia \u201eZdobywaj do\u015bwiadczenie i umiej\u0119tno\u015bci z KPU w Kro\u015bnie\u201d, studenci Karpackiej Pa\u0144stwowej Uczelni w Kro\u015bnie organizuj\u0105 trzeci\u0105 edycj\u0119 Turnieju e-sportowego pn. \u201eKro\u015bnie\u0144ski turniej e-sportowy o puchar Rektora KPU w Kro\u015bnie\u201d<\/p>\n\n\n\n<p>Jest to turniej, dla dru\u017cyn pi\u0119cioosobowych w gr\u0119 League of Legends z pul\u0105 nagr\u00f3d o warto\u015bci ponad 6 000 z\u0142otych!<\/p>\n\n\n\n<p>Zapisy na wydarzenie rozpoczn\u0105 si\u0119 14 kwietnia i zako\u0144cz\u0105 5 maja.<\/p>\n\n\n\n<p>Zwa\u017cywszy na du\u017ce zainteresowanie I oraz II edycj\u0105 turnieju, nak\u0142adamy limit dru\u017cyn wynosz\u0105cy 64 Zg\u0142oszenia b\u0119d\u0105 mo\u017cliwe poprzez poni\u017cszy formularz:<\/p>\n\n\n\n<p><a href=\"https:\/\/ankiety.pans.krosno.pl\/index.php?r=survey\/index&amp;sid=544122&amp;lang=pl\">https:\/\/ankiety.pans.krosno.pl\/index.php?r=survey\/index&amp;sid=544122&amp;lang=pl<\/a><\/p>\n\n\n\n<p>UWAGA! Liczy si\u0119 kolejno\u015b\u0107 zg\u0142osze\u0144!<\/p>\n\n\n\n<p>Wszystkie informacje na temat termin\u00f3w i miejsca wydarzenia znajdziemy na stronie oraz &nbsp;w Regulaminie turnieju: <a href=\"https:\/\/l.facebook.com\/l.php?u=https%3A%2F%2Fe-sport.pans.krosno.pl%2F%3Ffbclid%3DIwAR1eng3H3onNxzct9_ROQc-y5dxPf0WBqlSLgo9lUGT-oyGZv43YykPJHlg&amp;h=AT1eDIPRRc8YdBq-v2GEtMDzUlILy-_uWXnSdQ60RgqVkhCGXjIgjCL8SuM9yOIezd27vdYZmHGWU2cAKPu4VDQE6PqdvXNj-0636jFzXipLLU76KkhMHQL-J-xtMsRjuMYA&amp;__tn__=-UK-R&amp;c%5b0%5d=AT3XcvICUiTkjG8t_Smw0Vp4pOhnakRwpy2z42Pm43S6dCFD-HUruVP13lgdIYkrCqhUkl7x28GPTCp1OO1OXN7mXi3pDXDqx5r_WVhItuJdawXzqMxdVmdTHeYjq4Tffyk1i5HYNllOALL_Swj3aMcCEiysCUICVbA7kOtn6iqEi_k\" target=\"_blank\" rel=\"noreferrer noopener\">https:\/\/e-sport.pans.krosno.pl\/<\/a><\/p>\n\n\n\n<p>Zapraszamy do udzia\u0142u!<\/p>\n","protected":false},"excerpt":{"rendered":"<p>Kro\u015bnie\u0144ski turniej e-sportowy o puchar Rektora PANS w Kro\u015bnie 2024 Studenci Pa\u0144stwowej Akademii Nauk Stosowanych w Kro\u015bnie (z kierunku Informatyka i Studenckich K\u00f3\u0142 Naukowych: Neo oraz Medialni) organizuj\u0105 kolejn\u0105 edycj\u0119 Turnieju e-sportowego pn. &#8222;Kro\u015bnie\u0144ski turniej e-sportowy o puchar Rektora PANS w Kro\u015bnie&#8221; Po raz kolejny organizujemy turniej dla dru\u017cyn pi\u0119cioosobowych [\u2026] <\/p>\n<div class=\"clear\"><\/div>\n<p><a class=\"more_link clearfix\" href=\"https:\/\/pans.krosno.pl\/fundusze-zewnetrzne\/zawody-e-sportowe-2\/\" rel=\"nofollow\">Read More<\/a><\/p>\n","protected":false},"author":53,"featured_media":0,"parent":0,"menu_order":0,"comment_status":"closed","ping_status":"closed","template":"","meta":{"ngg_post_thumbnail":0,"footnotes":""},"class_list":["post-3071","page","type-page","status-publish","hentry"],"yoast_head":"<!-- This site is optimized with the Yoast SEO Premium plugin v27.3 (Yoast SEO v27.3) - https:\/\/yoast.com\/product\/yoast-seo-premium-wordpress\/ -->\n<title>Zawody e-sportowe - Fundusze zewn\u0119trzne PANS w Kro\u015bnie<\/title>\n<meta name=\"robots\" content=\"index, follow, max-snippet:-1, max-image-preview:large, max-video-preview:-1\" \/>\n<link rel=\"canonical\" href=\"https:\/\/pans.krosno.pl\/fundusze-zewnetrzne\/zawody-e-sportowe-2\/\" \/>\n<meta property=\"og:locale\" content=\"pl_PL\" \/>\n<meta property=\"og:type\" content=\"article\" \/>\n<meta property=\"og:title\" content=\"Zawody e-sportowe\" \/>\n<meta property=\"og:description\" content=\"Kro\u015bnie\u0144ski turniej e-sportowy o puchar Rektora PANS w Kro\u015bnie 2024 Studenci Pa\u0144stwowej Akademii Nauk Stosowanych w Kro\u015bnie (z kierunku Informatyka i Studenckich K\u00f3\u0142 Naukowych: Neo oraz Medialni) organizuj\u0105 kolejn\u0105 edycj\u0119 Turnieju e-sportowego pn. &#8222;Kro\u015bnie\u0144ski turniej e-sportowy o puchar Rektora PANS w Kro\u015bnie&#8221; Po raz kolejny organizujemy turniej dla dru\u017cyn pi\u0119cioosobowych [\u2026] Read More\" \/>\n<meta property=\"og:url\" content=\"https:\/\/pans.krosno.pl\/fundusze-zewnetrzne\/zawody-e-sportowe-2\/\" \/>\n<meta property=\"og:site_name\" content=\"Fundusze zewn\u0119trzne PANS w Kro\u015bnie\" \/>\n<meta property=\"article:modified_time\" content=\"2024-01-30T11:50:47+00:00\" \/>\n<meta property=\"og:image\" content=\"https:\/\/pans.krosno.pl\/fundusze-zewnetrzne\/wp-content\/uploads\/sites\/14\/2022\/03\/Norway_grants@4x-913x1024.png\" \/>\n<meta name=\"twitter:card\" content=\"summary_large_image\" \/>\n<meta name=\"twitter:label1\" content=\"Szacowany czas czytania\" \/>\n\t<meta name=\"twitter:data1\" content=\"3 minuty\" \/>\n<script type=\"application\/ld+json\" class=\"yoast-schema-graph\">{\"@context\":\"https:\\\/\\\/schema.org\",\"@graph\":[{\"@type\":\"WebPage\",\"@id\":\"https:\\\/\\\/pans.krosno.pl\\\/fundusze-zewnetrzne\\\/zawody-e-sportowe-2\\\/\",\"url\":\"https:\\\/\\\/pans.krosno.pl\\\/fundusze-zewnetrzne\\\/zawody-e-sportowe-2\\\/\",\"name\":\"Zawody e-sportowe - Fundusze zewn\u0119trzne PANS w Kro\u015bnie\",\"isPartOf\":{\"@id\":\"https:\\\/\\\/pans.krosno.pl\\\/fundusze-zewnetrzne\\\/#website\"},\"primaryImageOfPage\":{\"@id\":\"https:\\\/\\\/pans.krosno.pl\\\/fundusze-zewnetrzne\\\/zawody-e-sportowe-2\\\/#primaryimage\"},\"image\":{\"@id\":\"https:\\\/\\\/pans.krosno.pl\\\/fundusze-zewnetrzne\\\/zawody-e-sportowe-2\\\/#primaryimage\"},\"thumbnailUrl\":\"https:\\\/\\\/pans.krosno.pl\\\/fundusze-zewnetrzne\\\/wp-content\\\/uploads\\\/sites\\\/14\\\/2022\\\/03\\\/Norway_grants@4x-913x1024.png\",\"datePublished\":\"2022-04-21T09:39:51+00:00\",\"dateModified\":\"2024-01-30T11:50:47+00:00\",\"breadcrumb\":{\"@id\":\"https:\\\/\\\/pans.krosno.pl\\\/fundusze-zewnetrzne\\\/zawody-e-sportowe-2\\\/#breadcrumb\"},\"inLanguage\":\"pl-PL\",\"potentialAction\":[{\"@type\":\"ReadAction\",\"target\":[\"https:\\\/\\\/pans.krosno.pl\\\/fundusze-zewnetrzne\\\/zawody-e-sportowe-2\\\/\"]}]},{\"@type\":\"ImageObject\",\"inLanguage\":\"pl-PL\",\"@id\":\"https:\\\/\\\/pans.krosno.pl\\\/fundusze-zewnetrzne\\\/zawody-e-sportowe-2\\\/#primaryimage\",\"url\":\"https:\\\/\\\/pans.krosno.pl\\\/fundusze-zewnetrzne\\\/wp-content\\\/uploads\\\/sites\\\/14\\\/2022\\\/03\\\/Norway_grants@4x.png\",\"contentUrl\":\"https:\\\/\\\/pans.krosno.pl\\\/fundusze-zewnetrzne\\\/wp-content\\\/uploads\\\/sites\\\/14\\\/2022\\\/03\\\/Norway_grants@4x.png\",\"width\":931,\"height\":1044},{\"@type\":\"BreadcrumbList\",\"@id\":\"https:\\\/\\\/pans.krosno.pl\\\/fundusze-zewnetrzne\\\/zawody-e-sportowe-2\\\/#breadcrumb\",\"itemListElement\":[{\"@type\":\"ListItem\",\"position\":1,\"name\":\"Strona g\u0142\u00f3wna\",\"item\":\"https:\\\/\\\/pans.krosno.pl\\\/fundusze-zewnetrzne\\\/\"},{\"@type\":\"ListItem\",\"position\":2,\"name\":\"Zawody e-sportowe\"}]},{\"@type\":\"WebSite\",\"@id\":\"https:\\\/\\\/pans.krosno.pl\\\/fundusze-zewnetrzne\\\/#website\",\"url\":\"https:\\\/\\\/pans.krosno.pl\\\/fundusze-zewnetrzne\\\/\",\"name\":\"Fundusze zewn\u0119trzne PANS w Kro\u015bnie\",\"description\":\"Fundusze zewn\u0119trzne  - Pa\u0144stwowa Akademia Nauk Stosowanych\",\"publisher\":{\"@id\":\"https:\\\/\\\/pans.krosno.pl\\\/fundusze-zewnetrzne\\\/#organization\"},\"potentialAction\":[{\"@type\":\"SearchAction\",\"target\":{\"@type\":\"EntryPoint\",\"urlTemplate\":\"https:\\\/\\\/pans.krosno.pl\\\/fundusze-zewnetrzne\\\/?s={search_term_string}\"},\"query-input\":{\"@type\":\"PropertyValueSpecification\",\"valueRequired\":true,\"valueName\":\"search_term_string\"}}],\"inLanguage\":\"pl-PL\"},{\"@type\":\"Organization\",\"@id\":\"https:\\\/\\\/pans.krosno.pl\\\/fundusze-zewnetrzne\\\/#organization\",\"name\":\"Fundusze zewn\u0119trzne PANS w Kro\u015bnie\",\"url\":\"https:\\\/\\\/pans.krosno.pl\\\/fundusze-zewnetrzne\\\/\",\"logo\":{\"@type\":\"ImageObject\",\"inLanguage\":\"pl-PL\",\"@id\":\"https:\\\/\\\/pans.krosno.pl\\\/fundusze-zewnetrzne\\\/#\\\/schema\\\/logo\\\/image\\\/\",\"url\":\"https:\\\/\\\/pans.krosno.pl\\\/fundusze-zewnetrzne\\\/wp-content\\\/uploads\\\/sites\\\/14\\\/2023\\\/01\\\/Logo-PANS-2022-pelne.png\",\"contentUrl\":\"https:\\\/\\\/pans.krosno.pl\\\/fundusze-zewnetrzne\\\/wp-content\\\/uploads\\\/sites\\\/14\\\/2023\\\/01\\\/Logo-PANS-2022-pelne.png\",\"width\":3096,\"height\":696,\"caption\":\"Fundusze zewn\u0119trzne PANS w Kro\u015bnie\"},\"image\":{\"@id\":\"https:\\\/\\\/pans.krosno.pl\\\/fundusze-zewnetrzne\\\/#\\\/schema\\\/logo\\\/image\\\/\"}}]}<\/script>\n<!-- \/ Yoast SEO Premium plugin. -->","yoast_head_json":{"title":"Zawody e-sportowe - Fundusze zewn\u0119trzne PANS w Kro\u015bnie","robots":{"index":"index","follow":"follow","max-snippet":"max-snippet:-1","max-image-preview":"max-image-preview:large","max-video-preview":"max-video-preview:-1"},"canonical":"https:\/\/pans.krosno.pl\/fundusze-zewnetrzne\/zawody-e-sportowe-2\/","og_locale":"pl_PL","og_type":"article","og_title":"Zawody e-sportowe","og_description":"Kro\u015bnie\u0144ski turniej e-sportowy o puchar Rektora PANS w Kro\u015bnie 2024 Studenci Pa\u0144stwowej Akademii Nauk Stosowanych w Kro\u015bnie (z kierunku Informatyka i Studenckich K\u00f3\u0142 Naukowych: Neo oraz Medialni) organizuj\u0105 kolejn\u0105 edycj\u0119 Turnieju e-sportowego pn. &#8222;Kro\u015bnie\u0144ski turniej e-sportowy o puchar Rektora PANS w Kro\u015bnie&#8221; Po raz kolejny organizujemy turniej dla dru\u017cyn pi\u0119cioosobowych [\u2026] Read More","og_url":"https:\/\/pans.krosno.pl\/fundusze-zewnetrzne\/zawody-e-sportowe-2\/","og_site_name":"Fundusze zewn\u0119trzne PANS w Kro\u015bnie","article_modified_time":"2024-01-30T11:50:47+00:00","og_image":[{"url":"https:\/\/pans.krosno.pl\/fundusze-zewnetrzne\/wp-content\/uploads\/sites\/14\/2022\/03\/Norway_grants@4x-913x1024.png","type":"","width":"","height":""}],"twitter_card":"summary_large_image","twitter_misc":{"Szacowany czas czytania":"3 minuty"},"schema":{"@context":"https:\/\/schema.org","@graph":[{"@type":"WebPage","@id":"https:\/\/pans.krosno.pl\/fundusze-zewnetrzne\/zawody-e-sportowe-2\/","url":"https:\/\/pans.krosno.pl\/fundusze-zewnetrzne\/zawody-e-sportowe-2\/","name":"Zawody e-sportowe - Fundusze zewn\u0119trzne PANS w Kro\u015bnie","isPartOf":{"@id":"https:\/\/pans.krosno.pl\/fundusze-zewnetrzne\/#website"},"primaryImageOfPage":{"@id":"https:\/\/pans.krosno.pl\/fundusze-zewnetrzne\/zawody-e-sportowe-2\/#primaryimage"},"image":{"@id":"https:\/\/pans.krosno.pl\/fundusze-zewnetrzne\/zawody-e-sportowe-2\/#primaryimage"},"thumbnailUrl":"https:\/\/pans.krosno.pl\/fundusze-zewnetrzne\/wp-content\/uploads\/sites\/14\/2022\/03\/Norway_grants@4x-913x1024.png","datePublished":"2022-04-21T09:39:51+00:00","dateModified":"2024-01-30T11:50:47+00:00","breadcrumb":{"@id":"https:\/\/pans.krosno.pl\/fundusze-zewnetrzne\/zawody-e-sportowe-2\/#breadcrumb"},"inLanguage":"pl-PL","potentialAction":[{"@type":"ReadAction","target":["https:\/\/pans.krosno.pl\/fundusze-zewnetrzne\/zawody-e-sportowe-2\/"]}]},{"@type":"ImageObject","inLanguage":"pl-PL","@id":"https:\/\/pans.krosno.pl\/fundusze-zewnetrzne\/zawody-e-sportowe-2\/#primaryimage","url":"https:\/\/pans.krosno.pl\/fundusze-zewnetrzne\/wp-content\/uploads\/sites\/14\/2022\/03\/Norway_grants@4x.png","contentUrl":"https:\/\/pans.krosno.pl\/fundusze-zewnetrzne\/wp-content\/uploads\/sites\/14\/2022\/03\/Norway_grants@4x.png","width":931,"height":1044},{"@type":"BreadcrumbList","@id":"https:\/\/pans.krosno.pl\/fundusze-zewnetrzne\/zawody-e-sportowe-2\/#breadcrumb","itemListElement":[{"@type":"ListItem","position":1,"name":"Strona g\u0142\u00f3wna","item":"https:\/\/pans.krosno.pl\/fundusze-zewnetrzne\/"},{"@type":"ListItem","position":2,"name":"Zawody e-sportowe"}]},{"@type":"WebSite","@id":"https:\/\/pans.krosno.pl\/fundusze-zewnetrzne\/#website","url":"https:\/\/pans.krosno.pl\/fundusze-zewnetrzne\/","name":"Fundusze zewn\u0119trzne PANS w Kro\u015bnie","description":"Fundusze zewn\u0119trzne  - Pa\u0144stwowa Akademia Nauk Stosowanych","publisher":{"@id":"https:\/\/pans.krosno.pl\/fundusze-zewnetrzne\/#organization"},"potentialAction":[{"@type":"SearchAction","target":{"@type":"EntryPoint","urlTemplate":"https:\/\/pans.krosno.pl\/fundusze-zewnetrzne\/?s={search_term_string}"},"query-input":{"@type":"PropertyValueSpecification","valueRequired":true,"valueName":"search_term_string"}}],"inLanguage":"pl-PL"},{"@type":"Organization","@id":"https:\/\/pans.krosno.pl\/fundusze-zewnetrzne\/#organization","name":"Fundusze zewn\u0119trzne PANS w Kro\u015bnie","url":"https:\/\/pans.krosno.pl\/fundusze-zewnetrzne\/","logo":{"@type":"ImageObject","inLanguage":"pl-PL","@id":"https:\/\/pans.krosno.pl\/fundusze-zewnetrzne\/#\/schema\/logo\/image\/","url":"https:\/\/pans.krosno.pl\/fundusze-zewnetrzne\/wp-content\/uploads\/sites\/14\/2023\/01\/Logo-PANS-2022-pelne.png","contentUrl":"https:\/\/pans.krosno.pl\/fundusze-zewnetrzne\/wp-content\/uploads\/sites\/14\/2023\/01\/Logo-PANS-2022-pelne.png","width":3096,"height":696,"caption":"Fundusze zewn\u0119trzne PANS w Kro\u015bnie"},"image":{"@id":"https:\/\/pans.krosno.pl\/fundusze-zewnetrzne\/#\/schema\/logo\/image\/"}}]}},"_links":{"self":[{"href":"https:\/\/pans.krosno.pl\/fundusze-zewnetrzne\/wp-json\/wp\/v2\/pages\/3071","targetHints":{"allow":["GET"]}}],"collection":[{"href":"https:\/\/pans.krosno.pl\/fundusze-zewnetrzne\/wp-json\/wp\/v2\/pages"}],"about":[{"href":"https:\/\/pans.krosno.pl\/fundusze-zewnetrzne\/wp-json\/wp\/v2\/types\/page"}],"author":[{"embeddable":true,"href":"https:\/\/pans.krosno.pl\/fundusze-zewnetrzne\/wp-json\/wp\/v2\/users\/53"}],"replies":[{"embeddable":true,"href":"https:\/\/pans.krosno.pl\/fundusze-zewnetrzne\/wp-json\/wp\/v2\/comments?post=3071"}],"version-history":[{"count":7,"href":"https:\/\/pans.krosno.pl\/fundusze-zewnetrzne\/wp-json\/wp\/v2\/pages\/3071\/revisions"}],"predecessor-version":[{"id":3819,"href":"https:\/\/pans.krosno.pl\/fundusze-zewnetrzne\/wp-json\/wp\/v2\/pages\/3071\/revisions\/3819"}],"wp:attachment":[{"href":"https:\/\/pans.krosno.pl\/fundusze-zewnetrzne\/wp-json\/wp\/v2\/media?parent=3071"}],"curies":[{"name":"wp","href":"https:\/\/api.w.org\/{rel}","templated":true}]}}