{"id":2921,"date":"2022-04-04T13:01:52","date_gmt":"2022-04-04T11:01:52","guid":{"rendered":"https:\/\/pans.krosno.pl\/fundusze-zewnetrzne\/?page_id=2921"},"modified":"2022-04-29T16:07:32","modified_gmt":"2022-04-29T14:07:32","slug":"program","status":"publish","type":"page","link":"https:\/\/pans.krosno.pl\/fundusze-zewnetrzne\/projekty-realizowane\/iii-sympozjum-csm\/program\/","title":{"rendered":"Program"},"content":{"rendered":"\n<p><strong>19 maja 2022<\/strong><\/p>\n\n\n\n<p>8:30 \u2013 9:30 Rejestracja uczestnik\u00f3w<\/p>\n\n\n\n<p>9:45 \u2013 10:00 Otwarcie sympozjum \u2013 dr hab. Zbigniew Barabasz, prof. KPU &#8211; Rektor KPU w Kro\u015bnie<\/p>\n\n\n\n<p>Przywitanie uczestnik\u00f3w konferencji \u2013 dr Ma\u0142gorzata G\u00f3rka, p.o. Dyrektora Instytutu Zdrowia i Gospodarki<\/p>\n\n\n\n<p>10:00 \u2013 10:30 Wyk\u0142ad inauguruj\u0105cy <strong>Andrew Sykes, PhS<\/strong>, Simulation and educatin centre manager, Clinical Skills and Simulation Centre (CSSC) at Royal Brompton Hospital in London, <em>The future of simulation (wyk\u0142ad zdalny)<\/em><\/p>\n\n\n\n<p>10:30 \u2013 11:00 <strong>Amanda Wilford<\/strong>, Senior Lecturer, Patient Safety and Simulation School of Health, Science and Wellbeing Staffordshire Uniwersity UK, <em><em>Simulation: The art and science: A Nurse\u2019s Journey <\/em>(wyk\u0142ad zdalny)<\/em><\/p>\n\n\n\n<p>11:00 \u2013 11:15 <strong>dr hab. Mariola G\u0142owacka prof. MUP<\/strong> &#8211; Wydzia\u0142 Nauk o Zdrowiu, Mazowiecka Uczelnia Publiczna w P\u0142ocku, <em>Kierunki rozwoju symulacji medycznej w szkolnictwie wy\u017cszym (wyk\u0142ad zdalny)<\/em><\/p>\n\n\n\n<p>11:15 \u2013 11:30 Przerwa kawowa<\/p>\n\n\n\n<p>11:30 \u2013 13.00 SESJA PLENARNA<\/p>\n\n\n\n<p><strong>BADANIA NAUKOWE DOTYCZ\u0104CE SYMULACJI W NAUKACH O ZDROWIU I NAUKACH MEDYCZNYCH<\/strong><\/p>\n\n\n\n<p>11:30 \u201312:00 <strong>dr hab. Danuta Zarzycka prof. KPU<\/strong> &#8211; Wydzia\u0142 Nauk o Zdrowiu, Uniwersytet Medyczny w Lublinie<br><strong>mgr Katarzyna Studnicka<\/strong> &#8211; Zak\u0142ad Piel\u0119gniarstwa, Karpacka Pa\u0144stwowa Uczelnia w Kro\u015bnie<br><em>Badania symulacji w piel\u0119gniarstwie &#8211; systematyczny przegl\u0105d literatury<\/em><\/p>\n\n\n\n<p>12:00 \u2013 12:30 <strong>dr Tomasz Ilczak<\/strong> &#8211; Wydzia\u0142 Nauk o Zdrowiu, Akademia Techniczno- Humanistyczna w Bielsku Bia\u0142ej,<em><br>Cpr Quality oficer. Badanie jako\u015bci prowadzonej resuscytacji w warunkach symulowanych<\/em><\/p>\n\n\n\n<p>12:30 \u2013 13:00<strong> dr hab. Pawe\u0142 Wi\u0119ch, prof. UR<\/strong> &#8211; Instytut Nauk o Zdrowiu, Kolegium Nauk Medycznych, Uniwersytet Rzeszowski, <em>Zwi\u0105zek pomi\u0119dzy wybranymi komponentami sk\u0142adu cia\u0142a a parametrami resuscytacji kr\u0105\u017ceniowo-oddechowej w\u015br\u00f3d piel\u0119gniarek: badanie obserwacyjne w warunkach symulowanych<\/em><\/p>\n\n\n\n<p>13:00 \u201314:00 Przerwa obiadowa<\/p>\n\n\n\n<p>14:00 \u2013 16:00 SESJA PLENARNA <\/p>\n\n\n\n<p><strong>SYMULACJA W OPIECE ZDROWOTNEJ W POLSCE I NA \u015aWIECIE- WYMIANA POGL\u0104D\u00d3W I DO\u015aWIADCZE\u0143<\/strong><\/p>\n\n\n\n<p>14:00 \u2013 14:30 <strong>dr Anna Piskorz<\/strong> &#8211; Instytut Piel\u0119gniarstwa i Po\u0142o\u017cnictwa Collegium Medicum, Uniwersytet Jagiello\u0144ski<br><em>Znaczenie symulacji medycznej w kszta\u0142ceniu umiej\u0119tno\u015bci wsp\u00f3\u0142pracy w zespole student\u00f3w kierunku piel\u0119gniarstwo (I stopie\u0144)<\/em><\/p>\n\n\n\n<p>14:30 \u2013 15:00 <strong>dr Agnieszka Kruszecka-Kr\u00f3wka<\/strong> &#8211; Instytut Piel\u0119gniarstwa i Po\u0142o\u017cnictwa Collegium Medicum, Uniwersytet Jagiello\u0144ski, <em>Symulacja medyczna w piel\u0119gniarstwie pediatrycznym<\/em><\/p>\n\n\n\n<p>15:00 \u201315:30 <strong>dr Marek D\u0105browski<\/strong> &#8211; Katedra i Zak\u0142ad Edukacji Medycznej, Uniwersytet Medyczny im. K. Marcinkowskiego w Poznaniu<br><strong>mgr Aleksandra Steliga<\/strong> &#8211; Katedra Piel\u0119gniarstwa i Ratownictwa Medycznego, Akademia Pomorska w S\u0142upsku<br><em>Jakimi narz\u0119dziami symulacja medyczna rozpoczyna nowy etap edukacji klinicznej? (wyk\u0142ad zdalny)<\/em><\/p>\n\n\n\n<p>15:30 \u201316:00 <strong>Alvaro Clemente Vivancos<\/strong> &#8211; Lead for Advanced Nursing Practice at Parc de Salut Mar- Hospital del Mar, Barcelona, <em>Back to future: What I\u2019d like have known before (wyk\u0142ad zdalny)<\/em><\/p>\n\n\n\n<p>16:15 \u2013 16:30 Dyskusja i podsumowanie pierwszego dnia sympozjum<\/p>\n\n\n\n<p>Sesja plakatowa\/posterowa adresowana dla student\u00f3w.<\/p>\n\n\n\n<p><strong>20 maja 2022<\/strong><\/p>\n\n\n\n<p>9:30 \u2013 11:00 <strong>SESJA DOTYCZ\u0104CA ZARZ\u0104DZANIA W CSM<\/strong><\/p>\n\n\n\n<p>9:30- 10:00 <strong>mgr Jakub Zalewski<\/strong> &#8211; Innowacyjne Centrum Symulacji Medycznej, Wydzia\u0142 Nauk o Zdrowiu, Uniwersytet Opolski, <em>Akcja kooperacja &#8211; technik symulacja<\/em><\/p>\n\n\n\n<p>10:00- 10:30 <strong>Andrew Sykes, PhS<\/strong>, Simulation and educatin centre manager, Clinical Skills and Simulation Centre (CSSC) at Royal Brompton Hospital in London Staffing a simulation centre a UK experience (wyk\u0142ad zdalny)<\/p>\n\n\n\n<p>10:30 &#8211; 11:00 <strong>mgr Agnieszka \u017beromska-Michniewicz<\/strong> &#8211; Centrum Symulacji Medycznej, Uniwersytet Zielonog\u00f3rski<\/p>\n\n\n\n<p><em>Zarz\u0105dzanie Centrum Symulacji Medycznej &#8211; sukcesy i niepowodzenia. Na przyk\u0142adzie Centrum Symulacji Medycznej Collegium Medicum Uniwersytetu Zielonog\u00f3rskiego (wyk\u0142ad zdalny)<\/em><\/p>\n\n\n\n<p>11:00-11:15 Przerwa kawowa<\/p>\n\n\n\n<p>11.15 -12.30 SESJA PLENARNA <\/p>\n\n\n\n<p><strong>SYMULACJA W KSZTA\u0141CENIU NA KIERUNKACH MEDYCZNYCH<\/strong> &#8211; prace zg\u0142oszone przez uczestnik\u00f3w sympozjum<\/p>\n\n\n\n<p>12:30 :13:30 Przerwa obiadowa<\/p>\n\n\n\n<p>13:30 \u2013 16:30 Warsztaty<\/p>\n\n\n\n<p>Warsztaty dla uczestnik\u00f3w sympozjum (w warsztatach mog\u0105 bra\u0107 udzia\u0142 uczestnicy nieb\u0119d\u0105cy studentami)<\/p>\n\n\n\n<ol class=\"wp-block-list\"><li><strong>Praca technika zaczyna si\u0119 od \u015bmietnika<\/strong><br>mgr Piotr Kubacki, Krzysztof Buczkowski &#8211; Innowacyjne Centrum Symulacji Medycznej, Wydzia\u0142 Nauk o Zdrowiu, Uniwersytet Opolski<\/li><li><strong>Moulage- Kto to robi i czy warto?<\/strong><br>mgr Joanna Grzesik-G\u0105sior &#8211; Centrum Symulacji Medycznej, Zak\u0142ad Po\u0142o\u017cnictwa, Karpacka Pa\u0144stwowa Uczelnia w Kro\u015bnie,<br>mgr Mateusz Ptak &#8211; Innowacyjne Centrum Symulacji Medycznej, Wydzia\u0142 Nauk o Zdrowiu, Uniwersytet Opolski<\/li><li><strong>NPWT, larwy, scrapping &#8211; leczenie ran &#8211; symulowanie<\/strong><br>mgr Katarzyna Lisowicz &#8211; Zak\u0142ad Piel\u0119gniarstwa, Karpacka Pa\u0144stwowa Uczelnia w Kro\u015bnie<\/li><li><strong>Zastosowanie symulacji w kszta\u0142ceniu umiej\u0119tno\u015bci przyw\u00f3dczych w piel\u0119gniarstwie<\/strong><br>dr Jadwiga Klukow &#8211; Zak\u0142ad Opieki Holistycznej i Zarz\u0105dzania w Piel\u0119gniarstwie, Wydzia\u0142 Nauk o Zdrowiu, Uniwersytet Medyczny w Lublinie<\/li><\/ol>\n\n\n\n<p>Warsztaty dla student\u00f3w<\/p>\n\n\n\n<ol class=\"wp-block-list\"><li><strong>Obalanie mit\u00f3w w pracy piel\u0119gniarki\/piel\u0119gniarza<\/strong><br>Mateusz Sieradzan &#8211; piel\u0119gniarz systemu, ratownik medyczny, autor profil\u00f3w \u201ePan Piel\u0119gniarka\u201d w mediach spo\u0142eczno\u015bciowych<\/li><li><strong>Arteterapia w pracy piel\u0119gniarki z pacjentami odczuwaj\u0105cymi emocje<\/strong><br>mgr Katarzyna Borkowska &#8211; muzykoterapeutka, licencjonowana arteterapeutka<\/li><\/ol>\n\n\n\n<p>16:30 Zako\u0144czenie konferencji<\/p>\n\n\n\n<p><\/p>\n\n\n\n<p>Limit miejsc: 70, decyduje kolejno\u015b\u0107 zg\u0142osze\u0144.<\/p>\n\n\n\n<div class=\"wp-block-file\"><a href=\"https:\/\/pans.krosno.pl\/fundusze-zewnetrzne\/wp-content\/uploads\/sites\/14\/2022\/04\/Program-III-Sympozjum-Symulacji-Medycznej-05.2022.pdf\">Program-III-Sympozjum-Symulacji-Medycznej-05.2022<\/a><a href=\"https:\/\/pans.krosno.pl\/fundusze-zewnetrzne\/wp-content\/uploads\/sites\/14\/2022\/04\/Program-III-Sympozjum-Symulacji-Medycznej-05.2022.pdf\" class=\"wp-block-file__button\" download>Pobierz<\/a><\/div>\n","protected":false},"excerpt":{"rendered":"<p>19 maja 2022 8:30 \u2013 9:30 Rejestracja uczestnik\u00f3w 9:45 \u2013 10:00 Otwarcie sympozjum \u2013 dr hab. Zbigniew Barabasz, prof. KPU &#8211; Rektor KPU w Kro\u015bnie Przywitanie uczestnik\u00f3w konferencji \u2013 dr Ma\u0142gorzata G\u00f3rka, p.o. Dyrektora Instytutu Zdrowia i Gospodarki 10:00 \u2013 10:30 Wyk\u0142ad inauguruj\u0105cy Andrew Sykes, PhS, Simulation and educatin centre [\u2026] <\/p>\n<div class=\"clear\"><\/div>\n<p><a class=\"more_link clearfix\" href=\"https:\/\/pans.krosno.pl\/fundusze-zewnetrzne\/projekty-realizowane\/iii-sympozjum-csm\/program\/\" rel=\"nofollow\">Read More<\/a><\/p>\n","protected":false},"author":53,"featured_media":0,"parent":2809,"menu_order":0,"comment_status":"closed","ping_status":"closed","template":"","meta":{"ngg_post_thumbnail":0,"footnotes":""},"class_list":["post-2921","page","type-page","status-publish","hentry"],"yoast_head":"<!-- This site is optimized with the Yoast SEO Premium plugin v27.4 (Yoast SEO v27.4) - https:\/\/yoast.com\/product\/yoast-seo-premium-wordpress\/ -->\n<title>Program - Fundusze zewn\u0119trzne PANS w Kro\u015bnie<\/title>\n<meta name=\"robots\" content=\"index, follow, max-snippet:-1, max-image-preview:large, max-video-preview:-1\" \/>\n<link rel=\"canonical\" href=\"https:\/\/pans.krosno.pl\/fundusze-zewnetrzne\/projekty-realizowane\/iii-sympozjum-csm\/program\/\" \/>\n<meta property=\"og:locale\" content=\"pl_PL\" \/>\n<meta property=\"og:type\" content=\"article\" \/>\n<meta property=\"og:title\" content=\"Program\" \/>\n<meta property=\"og:description\" content=\"19 maja 2022 8:30 \u2013 9:30 Rejestracja uczestnik\u00f3w 9:45 \u2013 10:00 Otwarcie sympozjum \u2013 dr hab. Zbigniew Barabasz, prof. KPU &#8211; Rektor KPU w Kro\u015bnie Przywitanie uczestnik\u00f3w konferencji \u2013 dr Ma\u0142gorzata G\u00f3rka, p.o. Dyrektora Instytutu Zdrowia i Gospodarki 10:00 \u2013 10:30 Wyk\u0142ad inauguruj\u0105cy Andrew Sykes, PhS, Simulation and educatin centre [\u2026] Read More\" \/>\n<meta property=\"og:url\" content=\"https:\/\/pans.krosno.pl\/fundusze-zewnetrzne\/projekty-realizowane\/iii-sympozjum-csm\/program\/\" \/>\n<meta property=\"og:site_name\" content=\"Fundusze zewn\u0119trzne PANS w Kro\u015bnie\" \/>\n<meta property=\"article:modified_time\" content=\"2022-04-29T14:07:32+00:00\" \/>\n<meta name=\"twitter:card\" content=\"summary_large_image\" \/>\n<meta name=\"twitter:label1\" content=\"Szacowany czas czytania\" \/>\n\t<meta name=\"twitter:data1\" content=\"4 minuty\" \/>\n<script type=\"application\/ld+json\" class=\"yoast-schema-graph\">{\"@context\":\"https:\\\/\\\/schema.org\",\"@graph\":[{\"@type\":\"WebPage\",\"@id\":\"https:\\\/\\\/pans.krosno.pl\\\/fundusze-zewnetrzne\\\/projekty-realizowane\\\/iii-sympozjum-csm\\\/program\\\/\",\"url\":\"https:\\\/\\\/pans.krosno.pl\\\/fundusze-zewnetrzne\\\/projekty-realizowane\\\/iii-sympozjum-csm\\\/program\\\/\",\"name\":\"Program - Fundusze zewn\u0119trzne PANS w Kro\u015bnie\",\"isPartOf\":{\"@id\":\"https:\\\/\\\/pans.krosno.pl\\\/fundusze-zewnetrzne\\\/#website\"},\"datePublished\":\"2022-04-04T11:01:52+00:00\",\"dateModified\":\"2022-04-29T14:07:32+00:00\",\"breadcrumb\":{\"@id\":\"https:\\\/\\\/pans.krosno.pl\\\/fundusze-zewnetrzne\\\/projekty-realizowane\\\/iii-sympozjum-csm\\\/program\\\/#breadcrumb\"},\"inLanguage\":\"pl-PL\",\"potentialAction\":[{\"@type\":\"ReadAction\",\"target\":[\"https:\\\/\\\/pans.krosno.pl\\\/fundusze-zewnetrzne\\\/projekty-realizowane\\\/iii-sympozjum-csm\\\/program\\\/\"]}]},{\"@type\":\"BreadcrumbList\",\"@id\":\"https:\\\/\\\/pans.krosno.pl\\\/fundusze-zewnetrzne\\\/projekty-realizowane\\\/iii-sympozjum-csm\\\/program\\\/#breadcrumb\",\"itemListElement\":[{\"@type\":\"ListItem\",\"position\":1,\"name\":\"Strona g\u0142\u00f3wna\",\"item\":\"https:\\\/\\\/pans.krosno.pl\\\/fundusze-zewnetrzne\\\/\"},{\"@type\":\"ListItem\",\"position\":2,\"name\":\"Projekty realizowane\",\"item\":\"https:\\\/\\\/pans.krosno.pl\\\/fundusze-zewnetrzne\\\/projekty-realizowane\\\/\"},{\"@type\":\"ListItem\",\"position\":3,\"name\":\"III Sympozjum CSM\",\"item\":\"https:\\\/\\\/pans.krosno.pl\\\/fundusze-zewnetrzne\\\/projekty-realizowane\\\/iii-sympozjum-csm\\\/\"},{\"@type\":\"ListItem\",\"position\":4,\"name\":\"Program\"}]},{\"@type\":\"WebSite\",\"@id\":\"https:\\\/\\\/pans.krosno.pl\\\/fundusze-zewnetrzne\\\/#website\",\"url\":\"https:\\\/\\\/pans.krosno.pl\\\/fundusze-zewnetrzne\\\/\",\"name\":\"Fundusze zewn\u0119trzne PANS w Kro\u015bnie\",\"description\":\"Fundusze zewn\u0119trzne  - Pa\u0144stwowa Akademia Nauk Stosowanych\",\"publisher\":{\"@id\":\"https:\\\/\\\/pans.krosno.pl\\\/fundusze-zewnetrzne\\\/#organization\"},\"potentialAction\":[{\"@type\":\"SearchAction\",\"target\":{\"@type\":\"EntryPoint\",\"urlTemplate\":\"https:\\\/\\\/pans.krosno.pl\\\/fundusze-zewnetrzne\\\/?s={search_term_string}\"},\"query-input\":{\"@type\":\"PropertyValueSpecification\",\"valueRequired\":true,\"valueName\":\"search_term_string\"}}],\"inLanguage\":\"pl-PL\"},{\"@type\":\"Organization\",\"@id\":\"https:\\\/\\\/pans.krosno.pl\\\/fundusze-zewnetrzne\\\/#organization\",\"name\":\"Fundusze zewn\u0119trzne PANS w Kro\u015bnie\",\"url\":\"https:\\\/\\\/pans.krosno.pl\\\/fundusze-zewnetrzne\\\/\",\"logo\":{\"@type\":\"ImageObject\",\"inLanguage\":\"pl-PL\",\"@id\":\"https:\\\/\\\/pans.krosno.pl\\\/fundusze-zewnetrzne\\\/#\\\/schema\\\/logo\\\/image\\\/\",\"url\":\"https:\\\/\\\/pans.krosno.pl\\\/fundusze-zewnetrzne\\\/wp-content\\\/uploads\\\/sites\\\/14\\\/2023\\\/01\\\/Logo-PANS-2022-pelne.png\",\"contentUrl\":\"https:\\\/\\\/pans.krosno.pl\\\/fundusze-zewnetrzne\\\/wp-content\\\/uploads\\\/sites\\\/14\\\/2023\\\/01\\\/Logo-PANS-2022-pelne.png\",\"width\":3096,\"height\":696,\"caption\":\"Fundusze zewn\u0119trzne PANS w Kro\u015bnie\"},\"image\":{\"@id\":\"https:\\\/\\\/pans.krosno.pl\\\/fundusze-zewnetrzne\\\/#\\\/schema\\\/logo\\\/image\\\/\"}}]}<\/script>\n<!-- \/ Yoast SEO Premium plugin. -->","yoast_head_json":{"title":"Program - Fundusze zewn\u0119trzne PANS w Kro\u015bnie","robots":{"index":"index","follow":"follow","max-snippet":"max-snippet:-1","max-image-preview":"max-image-preview:large","max-video-preview":"max-video-preview:-1"},"canonical":"https:\/\/pans.krosno.pl\/fundusze-zewnetrzne\/projekty-realizowane\/iii-sympozjum-csm\/program\/","og_locale":"pl_PL","og_type":"article","og_title":"Program","og_description":"19 maja 2022 8:30 \u2013 9:30 Rejestracja uczestnik\u00f3w 9:45 \u2013 10:00 Otwarcie sympozjum \u2013 dr hab. Zbigniew Barabasz, prof. KPU &#8211; Rektor KPU w Kro\u015bnie Przywitanie uczestnik\u00f3w konferencji \u2013 dr Ma\u0142gorzata G\u00f3rka, p.o. Dyrektora Instytutu Zdrowia i Gospodarki 10:00 \u2013 10:30 Wyk\u0142ad inauguruj\u0105cy Andrew Sykes, PhS, Simulation and educatin centre [\u2026] Read More","og_url":"https:\/\/pans.krosno.pl\/fundusze-zewnetrzne\/projekty-realizowane\/iii-sympozjum-csm\/program\/","og_site_name":"Fundusze zewn\u0119trzne PANS w Kro\u015bnie","article_modified_time":"2022-04-29T14:07:32+00:00","twitter_card":"summary_large_image","twitter_misc":{"Szacowany czas czytania":"4 minuty"},"schema":{"@context":"https:\/\/schema.org","@graph":[{"@type":"WebPage","@id":"https:\/\/pans.krosno.pl\/fundusze-zewnetrzne\/projekty-realizowane\/iii-sympozjum-csm\/program\/","url":"https:\/\/pans.krosno.pl\/fundusze-zewnetrzne\/projekty-realizowane\/iii-sympozjum-csm\/program\/","name":"Program - Fundusze zewn\u0119trzne PANS w Kro\u015bnie","isPartOf":{"@id":"https:\/\/pans.krosno.pl\/fundusze-zewnetrzne\/#website"},"datePublished":"2022-04-04T11:01:52+00:00","dateModified":"2022-04-29T14:07:32+00:00","breadcrumb":{"@id":"https:\/\/pans.krosno.pl\/fundusze-zewnetrzne\/projekty-realizowane\/iii-sympozjum-csm\/program\/#breadcrumb"},"inLanguage":"pl-PL","potentialAction":[{"@type":"ReadAction","target":["https:\/\/pans.krosno.pl\/fundusze-zewnetrzne\/projekty-realizowane\/iii-sympozjum-csm\/program\/"]}]},{"@type":"BreadcrumbList","@id":"https:\/\/pans.krosno.pl\/fundusze-zewnetrzne\/projekty-realizowane\/iii-sympozjum-csm\/program\/#breadcrumb","itemListElement":[{"@type":"ListItem","position":1,"name":"Strona g\u0142\u00f3wna","item":"https:\/\/pans.krosno.pl\/fundusze-zewnetrzne\/"},{"@type":"ListItem","position":2,"name":"Projekty realizowane","item":"https:\/\/pans.krosno.pl\/fundusze-zewnetrzne\/projekty-realizowane\/"},{"@type":"ListItem","position":3,"name":"III Sympozjum CSM","item":"https:\/\/pans.krosno.pl\/fundusze-zewnetrzne\/projekty-realizowane\/iii-sympozjum-csm\/"},{"@type":"ListItem","position":4,"name":"Program"}]},{"@type":"WebSite","@id":"https:\/\/pans.krosno.pl\/fundusze-zewnetrzne\/#website","url":"https:\/\/pans.krosno.pl\/fundusze-zewnetrzne\/","name":"Fundusze zewn\u0119trzne PANS w Kro\u015bnie","description":"Fundusze zewn\u0119trzne  - Pa\u0144stwowa Akademia Nauk Stosowanych","publisher":{"@id":"https:\/\/pans.krosno.pl\/fundusze-zewnetrzne\/#organization"},"potentialAction":[{"@type":"SearchAction","target":{"@type":"EntryPoint","urlTemplate":"https:\/\/pans.krosno.pl\/fundusze-zewnetrzne\/?s={search_term_string}"},"query-input":{"@type":"PropertyValueSpecification","valueRequired":true,"valueName":"search_term_string"}}],"inLanguage":"pl-PL"},{"@type":"Organization","@id":"https:\/\/pans.krosno.pl\/fundusze-zewnetrzne\/#organization","name":"Fundusze zewn\u0119trzne PANS w Kro\u015bnie","url":"https:\/\/pans.krosno.pl\/fundusze-zewnetrzne\/","logo":{"@type":"ImageObject","inLanguage":"pl-PL","@id":"https:\/\/pans.krosno.pl\/fundusze-zewnetrzne\/#\/schema\/logo\/image\/","url":"https:\/\/pans.krosno.pl\/fundusze-zewnetrzne\/wp-content\/uploads\/sites\/14\/2023\/01\/Logo-PANS-2022-pelne.png","contentUrl":"https:\/\/pans.krosno.pl\/fundusze-zewnetrzne\/wp-content\/uploads\/sites\/14\/2023\/01\/Logo-PANS-2022-pelne.png","width":3096,"height":696,"caption":"Fundusze zewn\u0119trzne PANS w Kro\u015bnie"},"image":{"@id":"https:\/\/pans.krosno.pl\/fundusze-zewnetrzne\/#\/schema\/logo\/image\/"}}]}},"_links":{"self":[{"href":"https:\/\/pans.krosno.pl\/fundusze-zewnetrzne\/wp-json\/wp\/v2\/pages\/2921","targetHints":{"allow":["GET"]}}],"collection":[{"href":"https:\/\/pans.krosno.pl\/fundusze-zewnetrzne\/wp-json\/wp\/v2\/pages"}],"about":[{"href":"https:\/\/pans.krosno.pl\/fundusze-zewnetrzne\/wp-json\/wp\/v2\/types\/page"}],"author":[{"embeddable":true,"href":"https:\/\/pans.krosno.pl\/fundusze-zewnetrzne\/wp-json\/wp\/v2\/users\/53"}],"replies":[{"embeddable":true,"href":"https:\/\/pans.krosno.pl\/fundusze-zewnetrzne\/wp-json\/wp\/v2\/comments?post=2921"}],"version-history":[{"count":10,"href":"https:\/\/pans.krosno.pl\/fundusze-zewnetrzne\/wp-json\/wp\/v2\/pages\/2921\/revisions"}],"predecessor-version":[{"id":3160,"href":"https:\/\/pans.krosno.pl\/fundusze-zewnetrzne\/wp-json\/wp\/v2\/pages\/2921\/revisions\/3160"}],"up":[{"embeddable":true,"href":"https:\/\/pans.krosno.pl\/fundusze-zewnetrzne\/wp-json\/wp\/v2\/pages\/2809"}],"wp:attachment":[{"href":"https:\/\/pans.krosno.pl\/fundusze-zewnetrzne\/wp-json\/wp\/v2\/media?parent=2921"}],"curies":[{"name":"wp","href":"https:\/\/api.w.org\/{rel}","templated":true}]}}