{"id":2755,"date":"2022-01-24T15:30:49","date_gmt":"2022-01-24T14:30:49","guid":{"rendered":"https:\/\/pans.krosno.pl\/fundusze-zewnetrzne\/?page_id=2755"},"modified":"2024-01-31T12:45:16","modified_gmt":"2024-01-31T11:45:16","slug":"olimpiada-energetyczna","status":"publish","type":"page","link":"https:\/\/pans.krosno.pl\/fundusze-zewnetrzne\/projekty-realizowane\/krosno-fundusze-norweskie\/olimpiada-energetyczna\/","title":{"rendered":"Olimpiada energetyczna"},"content":{"rendered":"\n<figure class=\"wp-block-image size-large is-resized\"><img loading=\"lazy\" decoding=\"async\" src=\"https:\/\/pans.krosno.pl\/fundusze-zewnetrzne\/wp-content\/uploads\/sites\/14\/2022\/03\/Norway_grants@4x-913x1024.png\" alt=\"\" class=\"wp-image-2888\" width=\"102\" height=\"114\" srcset=\"https:\/\/pans.krosno.pl\/fundusze-zewnetrzne\/wp-content\/uploads\/sites\/14\/2022\/03\/Norway_grants@4x-913x1024.png 913w, https:\/\/pans.krosno.pl\/fundusze-zewnetrzne\/wp-content\/uploads\/sites\/14\/2022\/03\/Norway_grants@4x-268x300.png 268w, https:\/\/pans.krosno.pl\/fundusze-zewnetrzne\/wp-content\/uploads\/sites\/14\/2022\/03\/Norway_grants@4x-768x861.png 768w, https:\/\/pans.krosno.pl\/fundusze-zewnetrzne\/wp-content\/uploads\/sites\/14\/2022\/03\/Norway_grants@4x-800x897.png 800w, https:\/\/pans.krosno.pl\/fundusze-zewnetrzne\/wp-content\/uploads\/sites\/14\/2022\/03\/Norway_grants@4x-580x650.png 580w, https:\/\/pans.krosno.pl\/fundusze-zewnetrzne\/wp-content\/uploads\/sites\/14\/2022\/03\/Norway_grants@4x.png 931w\" sizes=\"auto, (max-width: 102px) 100vw, 102px\" \/><\/figure>\n\n\n\n<hr class=\"wp-block-separator has-alpha-channel-opacity\" \/>\n\n\n\n<h2 class=\"wp-block-heading has-text-align-center\" id=\"h-olimpiada-energetyczna-2024\">Olimpiada energetyczna 2024<\/h2>\n\n\n\n<p>W dniu 15 lutego 2024 r. o godzinie 9:00 w budynku Uczelni przy ul. Dmochowskiego 12 w auli 2 (Krosno, Suchod\u00f3\u0142) odb\u0119dzie si\u0119 OLIMPIADA ENERGETYCZNA dla uczni\u00f3w kro\u015bnie\u0144skich szk\u00f3\u0142 ponadpodstawowych. <\/p>\n\n\n\n<p>Olimpiada w formie testu b\u0119dzie obejmowa\u0107 zagadnienia na poziomie szko\u0142y \u015bredniej z zakresu energetyki, w tym odnawialnych \u017ar\u00f3de\u0142 energii, mechaniki oraz zagadnienia z szeroko rozumianej techniki.<\/p>\n\n\n\n<p>Za zaj\u0119cie pi\u0119ciu pierwszych miejsc przewidziane zosta\u0142y atrakcyjne nagrody w formie sprz\u0119tu elektronicznego.<\/p>\n\n\n\n<p>W ramach Olimpiady dla Uczestnik\u00f3w przewidziany jest r\u00f3wnie\u017c pocz\u0119stunek oraz wyk\u0142ad naukowy o tematyce zwi\u0105zanej z energetyk\u0105.<\/p>\n\n\n\n<p><\/p>\n\n\n\n<p>Zg\u0142oszenia do udzia\u0142u w Olimpiadzie nale\u017cy dokona\u0107 poprzez formularz elektroniczny: <\/p>\n\n\n\n<p>https:\/\/forms.office.com\/e\/UhxGbmzKMT<\/p>\n\n\n\n<p>Nast\u0119pnie dostarczy\u0107 dokumenty. <strong>Zg\u0142oszenia przyjmujemy do 13 lutego 2024 r.<\/strong> Szczeg\u00f3\u0142y i wykaz dokument\u00f3w, kt\u00f3re musi zawiera\u0107 zg\u0142oszenie udzia\u0142u znajduj\u0105 si\u0119 w Regulaminie za\u0142\u0105czonym poni\u017cej.<\/p>\n\n\n\n<p><\/p>\n\n\n\n<p>Zapraszamy do udzia\u0142u! Liczba miejsc ograniczona, decyduje kolejno\u015b\u0107 zg\u0142osze\u0144.<\/p>\n\n\n\n<p>Olimpiada jest organizowana w ramach przedsi\u0119wzi\u0119cia \u201eZdobywaj do\u015bwiadczenie i umiej\u0119tno\u015bci z KPU w Kro\u015bnie\u201d w ramach projektu \u201eKreujemy+ Rozwijamy+ O\u017cywiamy+ Stymulujemy+ Nakre\u015blamy+ Odmieniamy = KROSNO\u201d, realizowanego w ramach Programu Rozw\u00f3j Lokalny, wsp\u00f3\u0142finansowanego w 85% ze \u015brodk\u00f3w Norweskiego Mechanizmu Finansowego 2014-2021 oraz w 15% z bud\u017cetu pa\u0144stwa.<\/p>\n\n\n\n<p>\u201eWsp\u00f3lnie dzia\u0142amy na rzecz Europy zielonej, konkurencyjnej i sprzyjaj\u0105cej integracji spo\u0142ecznej\u201d<\/p>\n\n\n\n<div class=\"wp-block-file\"><a id=\"wp-block-file--media-66323522-0683-47a9-89fd-43a0357f114f\" href=\"https:\/\/pans.krosno.pl\/fundusze-zewnetrzne\/wp-content\/uploads\/sites\/14\/2024\/01\/2024_regulamin-Olimpiada-energetyczna-PANS-w-Krosnie.pdf\">2024_regulamin-Olimpiada-energetyczna-PANS-w-Krosnie<\/a><a href=\"https:\/\/pans.krosno.pl\/fundusze-zewnetrzne\/wp-content\/uploads\/sites\/14\/2024\/01\/2024_regulamin-Olimpiada-energetyczna-PANS-w-Krosnie.pdf\" class=\"wp-block-file__button wp-element-button\" download aria-describedby=\"wp-block-file--media-66323522-0683-47a9-89fd-43a0357f114f\">Pobierz<\/a><\/div>\n\n\n\n<hr class=\"wp-block-separator has-alpha-channel-opacity\" \/>\n\n\n\n<p>W dniu 21 kwietnia 2023 r. o godzinie 9:00 w budynku Uczelni przy ul. Dmochowskiego 12 w auli 2 (Krosno) odb\u0119dzie si\u0119 OLIMPIADA ENERGETYCZNA dla uczni\u00f3w kro\u015bnie\u0144skich szk\u00f3\u0142 ponadpodstawowych. <\/p>\n\n\n\n<p>Olimpiada w formie testu b\u0119dzie obejmowa\u0107 zagadnienia na poziomie szko\u0142y \u015bredniej z zakresu energetyki, w tym odnawialnych \u017ar\u00f3de\u0142 energii, mechaniki oraz zagadnienia z szeroko rozumianej techniki.<\/p>\n\n\n\n<p>Za zaj\u0119cie pi\u0119ciu pierwszych miejsc przewidziane zosta\u0142y atrakcyjne nagrody w formie sprz\u0119tu elektronicznego.<\/p>\n\n\n\n<p>W ramach Olimpiady dla Uczestnik\u00f3w przewidziany jest r\u00f3wnie\u017c pocz\u0119stunek oraz wyk\u0142ad naukowy o tematyce zwi\u0105zanej z energetyk\u0105.<\/p>\n\n\n\n<p>Zg\u0142oszenia przyjmujemy do 19 kwietnia 2023 r. Szczeg\u00f3\u0142y i wykaz dokument\u00f3w, kt\u00f3re musi zawiera\u0107 zg\u0142oszenie udzia\u0142u znajduj\u0105 si\u0119 w Regulaminie za\u0142\u0105czonym poni\u017cej.<\/p>\n\n\n\n<p>Zapraszamy do udzia\u0142u! Liczba miejsc ograniczona, decyduje kolejno\u015b\u0107 zg\u0142osze\u0144.<\/p>\n\n\n\n<p>Olimpiada jest organizowana w ramach przedsi\u0119wzi\u0119cia \u201eZdobywaj do\u015bwiadczenie i umiej\u0119tno\u015bci z KPU w Kro\u015bnie\u201d w ramach projektu \u201eKreujemy+ Rozwijamy+ O\u017cywiamy+ Stymulujemy+ Nakre\u015blamy+ Odmieniamy = KROSNO\u201d, realizowanego w ramach Programu Rozw\u00f3j Lokalny, wsp\u00f3\u0142finansowanego w 85% ze \u015brodk\u00f3w Norweskiego Mechanizmu Finansowego 2014-2021 oraz w 15% z bud\u017cetu pa\u0144stwa.<\/p>\n\n\n\n<p>\u201eWsp\u00f3lnie dzia\u0142amy na rzecz Europy zielonej, konkurencyjnej i sprzyjaj\u0105cej integracji spo\u0142ecznej\u201d<\/p>\n\n\n\n<div class=\"wp-block-file\"><a id=\"wp-block-file--media-2ca63e49-8a08-48c2-850a-e47a226d091b\" href=\"https:\/\/pans.krosno.pl\/fundusze-zewnetrzne\/wp-content\/uploads\/sites\/14\/2023\/04\/2023_regulamin-Olimpiada-energetyczna-KPU-w-Krosnie.pdf\">2023_regulamin-Olimpiada-energetyczna-KPU-w-Krosnie<\/a><a href=\"https:\/\/pans.krosno.pl\/fundusze-zewnetrzne\/wp-content\/uploads\/sites\/14\/2023\/04\/2023_regulamin-Olimpiada-energetyczna-KPU-w-Krosnie.pdf\" class=\"wp-block-file__button wp-element-button\" download aria-describedby=\"wp-block-file--media-2ca63e49-8a08-48c2-850a-e47a226d091b\">Pobierz<\/a><\/div>\n\n\n\n<hr class=\"wp-block-separator has-css-opacity\" \/>\n\n\n\n<hr class=\"wp-block-separator has-alpha-channel-opacity\" \/>\n\n\n\n<p>W dniu 13 maja 2022 r. o godzinie 9:00 w budynku Uczelni przy ul. Dmochowskiego 12 w auli 2 (Krosno) odb\u0119dzie si\u0119 OLIMPIADA ENERGETYCZNA dla uczni\u00f3w kro\u015bnie\u0144skich szk\u00f3\u0142 ponadpodstawowych. <\/p>\n\n\n\n<p>Olimpiada w formie testu b\u0119dzie obejmowa\u0107 zagadnienia na poziomie szko\u0142y \u015bredniej z zakresu energetyki, w tym odnawialnych \u017ar\u00f3de\u0142 energii, mechaniki oraz zagadnienia z szeroko rozumianej techniki.<\/p>\n\n\n\n<p>Za zaj\u0119cie pi\u0119ciu pierwszych miejsc przewidziane zosta\u0142y atrakcyjne nagrody w formie bon\u00f3w.<\/p>\n\n\n\n<p>W ramach Olimpiady dla Uczestnik\u00f3w przewidziany jest r\u00f3wnie\u017c pocz\u0119stunek oraz wyk\u0142ad naukowy o tematyce zwi\u0105zanej z energetyk\u0105.<\/p>\n\n\n\n<p>Zg\u0142oszenia przyjmujemy do 10 maja 2022 r. Szczeg\u00f3\u0142y i wykaz dokument\u00f3w, kt\u00f3re musi zawiera\u0107 zg\u0142oszenie udzia\u0142u znajduj\u0105 si\u0119 w Regulaminie za\u0142\u0105czonym poni\u017cej.<\/p>\n\n\n\n<p>Zapraszamy do udzia\u0142u! Liczba miejsc ograniczona, decyduje kolejno\u015b\u0107 zg\u0142osze\u0144.<\/p>\n\n\n\n<p>Olimpiada jest organizowana w ramach przedsi\u0119wzi\u0119cia \u201eZdobywaj do\u015bwiadczenie i umiej\u0119tno\u015bci z KPU w Kro\u015bnie\u201d w ramach projektu \u201eKreujemy+ Rozwijamy+ O\u017cywiamy+ Stymulujemy+ Nakre\u015blamy+ Odmieniamy = KROSNO\u201d, realizowanego w ramach Programu Rozw\u00f3j Lokalny, wsp\u00f3\u0142finansowanego w 85% ze \u015brodk\u00f3w Norweskiego Mechanizmu Finansowego 2014-2021 oraz w 15% z bud\u017cetu pa\u0144stwa.<\/p>\n\n\n\n<p>\u201eWsp\u00f3lnie dzia\u0142amy na rzecz Europy zielonej, konkurencyjnej i sprzyjaj\u0105cej integracji spo\u0142ecznej\u201d<\/p>\n\n\n\n<div class=\"wp-block-file\"><a href=\"https:\/\/pans.krosno.pl\/fundusze-zewnetrzne\/wp-content\/uploads\/sites\/14\/2022\/05\/Regulamin-Olimpiada-energetyczna-KPU-w-Krosnie.pdf\">Regulamin-Olimpiada-energetyczna-KPU-w-Krosnie<\/a><a href=\"https:\/\/pans.krosno.pl\/fundusze-zewnetrzne\/wp-content\/uploads\/sites\/14\/2022\/05\/Regulamin-Olimpiada-energetyczna-KPU-w-Krosnie.pdf\" class=\"wp-block-file__button\" download>Pobierz<\/a><\/div>\n","protected":false},"excerpt":{"rendered":"<p>Olimpiada energetyczna 2024 W dniu 15 lutego 2024 r. o godzinie 9:00 w budynku Uczelni przy ul. Dmochowskiego 12 w auli 2 (Krosno, Suchod\u00f3\u0142) odb\u0119dzie si\u0119 OLIMPIADA ENERGETYCZNA dla uczni\u00f3w kro\u015bnie\u0144skich szk\u00f3\u0142 ponadpodstawowych. Olimpiada w formie testu b\u0119dzie obejmowa\u0107 zagadnienia na poziomie szko\u0142y \u015bredniej z zakresu energetyki, w tym odnawialnych [\u2026] <\/p>\n<div class=\"clear\"><\/div>\n<p><a class=\"more_link clearfix\" href=\"https:\/\/pans.krosno.pl\/fundusze-zewnetrzne\/projekty-realizowane\/krosno-fundusze-norweskie\/olimpiada-energetyczna\/\" rel=\"nofollow\">Read More<\/a><\/p>\n","protected":false},"author":27,"featured_media":0,"parent":2733,"menu_order":0,"comment_status":"closed","ping_status":"closed","template":"page-templates\/template-full-width.php","meta":{"ngg_post_thumbnail":0,"footnotes":""},"class_list":["post-2755","page","type-page","status-publish","hentry"],"yoast_head":"<!-- This site is optimized with the Yoast SEO Premium plugin v27.3 (Yoast SEO v27.3) - https:\/\/yoast.com\/product\/yoast-seo-premium-wordpress\/ -->\n<title>Olimpiada energetyczna - Fundusze zewn\u0119trzne PANS w Kro\u015bnie<\/title>\n<meta name=\"robots\" content=\"index, follow, max-snippet:-1, max-image-preview:large, max-video-preview:-1\" \/>\n<link rel=\"canonical\" href=\"https:\/\/pans.krosno.pl\/fundusze-zewnetrzne\/projekty-realizowane\/krosno-fundusze-norweskie\/olimpiada-energetyczna\/\" \/>\n<meta property=\"og:locale\" content=\"pl_PL\" \/>\n<meta property=\"og:type\" content=\"article\" \/>\n<meta property=\"og:title\" content=\"Olimpiada energetyczna\" \/>\n<meta property=\"og:description\" content=\"Olimpiada energetyczna 2024 W dniu 15 lutego 2024 r. o godzinie 9:00 w budynku Uczelni przy ul. Dmochowskiego 12 w auli 2 (Krosno, Suchod\u00f3\u0142) odb\u0119dzie si\u0119 OLIMPIADA ENERGETYCZNA dla uczni\u00f3w kro\u015bnie\u0144skich szk\u00f3\u0142 ponadpodstawowych. Olimpiada w formie testu b\u0119dzie obejmowa\u0107 zagadnienia na poziomie szko\u0142y \u015bredniej z zakresu energetyki, w tym odnawialnych [\u2026] Read More\" \/>\n<meta property=\"og:url\" content=\"https:\/\/pans.krosno.pl\/fundusze-zewnetrzne\/projekty-realizowane\/krosno-fundusze-norweskie\/olimpiada-energetyczna\/\" \/>\n<meta property=\"og:site_name\" content=\"Fundusze zewn\u0119trzne PANS w Kro\u015bnie\" \/>\n<meta property=\"article:modified_time\" content=\"2024-01-31T11:45:16+00:00\" \/>\n<meta property=\"og:image\" content=\"https:\/\/pans.krosno.pl\/fundusze-zewnetrzne\/wp-content\/uploads\/sites\/14\/2022\/03\/Norway_grants@4x-913x1024.png\" \/>\n<meta name=\"twitter:card\" content=\"summary_large_image\" \/>\n<meta name=\"twitter:label1\" content=\"Szacowany czas czytania\" \/>\n\t<meta name=\"twitter:data1\" content=\"4 minuty\" \/>\n<script type=\"application\/ld+json\" class=\"yoast-schema-graph\">{\"@context\":\"https:\\\/\\\/schema.org\",\"@graph\":[{\"@type\":\"WebPage\",\"@id\":\"https:\\\/\\\/pans.krosno.pl\\\/fundusze-zewnetrzne\\\/projekty-realizowane\\\/krosno-fundusze-norweskie\\\/olimpiada-energetyczna\\\/\",\"url\":\"https:\\\/\\\/pans.krosno.pl\\\/fundusze-zewnetrzne\\\/projekty-realizowane\\\/krosno-fundusze-norweskie\\\/olimpiada-energetyczna\\\/\",\"name\":\"Olimpiada energetyczna - Fundusze zewn\u0119trzne PANS w Kro\u015bnie\",\"isPartOf\":{\"@id\":\"https:\\\/\\\/pans.krosno.pl\\\/fundusze-zewnetrzne\\\/#website\"},\"primaryImageOfPage\":{\"@id\":\"https:\\\/\\\/pans.krosno.pl\\\/fundusze-zewnetrzne\\\/projekty-realizowane\\\/krosno-fundusze-norweskie\\\/olimpiada-energetyczna\\\/#primaryimage\"},\"image\":{\"@id\":\"https:\\\/\\\/pans.krosno.pl\\\/fundusze-zewnetrzne\\\/projekty-realizowane\\\/krosno-fundusze-norweskie\\\/olimpiada-energetyczna\\\/#primaryimage\"},\"thumbnailUrl\":\"https:\\\/\\\/pans.krosno.pl\\\/fundusze-zewnetrzne\\\/wp-content\\\/uploads\\\/sites\\\/14\\\/2022\\\/03\\\/Norway_grants@4x-913x1024.png\",\"datePublished\":\"2022-01-24T14:30:49+00:00\",\"dateModified\":\"2024-01-31T11:45:16+00:00\",\"breadcrumb\":{\"@id\":\"https:\\\/\\\/pans.krosno.pl\\\/fundusze-zewnetrzne\\\/projekty-realizowane\\\/krosno-fundusze-norweskie\\\/olimpiada-energetyczna\\\/#breadcrumb\"},\"inLanguage\":\"pl-PL\",\"potentialAction\":[{\"@type\":\"ReadAction\",\"target\":[\"https:\\\/\\\/pans.krosno.pl\\\/fundusze-zewnetrzne\\\/projekty-realizowane\\\/krosno-fundusze-norweskie\\\/olimpiada-energetyczna\\\/\"]}]},{\"@type\":\"ImageObject\",\"inLanguage\":\"pl-PL\",\"@id\":\"https:\\\/\\\/pans.krosno.pl\\\/fundusze-zewnetrzne\\\/projekty-realizowane\\\/krosno-fundusze-norweskie\\\/olimpiada-energetyczna\\\/#primaryimage\",\"url\":\"https:\\\/\\\/pans.krosno.pl\\\/fundusze-zewnetrzne\\\/wp-content\\\/uploads\\\/sites\\\/14\\\/2022\\\/03\\\/Norway_grants@4x.png\",\"contentUrl\":\"https:\\\/\\\/pans.krosno.pl\\\/fundusze-zewnetrzne\\\/wp-content\\\/uploads\\\/sites\\\/14\\\/2022\\\/03\\\/Norway_grants@4x.png\",\"width\":931,\"height\":1044},{\"@type\":\"BreadcrumbList\",\"@id\":\"https:\\\/\\\/pans.krosno.pl\\\/fundusze-zewnetrzne\\\/projekty-realizowane\\\/krosno-fundusze-norweskie\\\/olimpiada-energetyczna\\\/#breadcrumb\",\"itemListElement\":[{\"@type\":\"ListItem\",\"position\":1,\"name\":\"Strona g\u0142\u00f3wna\",\"item\":\"https:\\\/\\\/pans.krosno.pl\\\/fundusze-zewnetrzne\\\/\"},{\"@type\":\"ListItem\",\"position\":2,\"name\":\"Projekty realizowane\",\"item\":\"https:\\\/\\\/pans.krosno.pl\\\/fundusze-zewnetrzne\\\/projekty-realizowane\\\/\"},{\"@type\":\"ListItem\",\"position\":3,\"name\":\"KROSNO &#8211; Norweski Mechanizm Finansowy\",\"item\":\"https:\\\/\\\/pans.krosno.pl\\\/fundusze-zewnetrzne\\\/projekty-realizowane\\\/krosno-fundusze-norweskie\\\/\"},{\"@type\":\"ListItem\",\"position\":4,\"name\":\"Olimpiada energetyczna\"}]},{\"@type\":\"WebSite\",\"@id\":\"https:\\\/\\\/pans.krosno.pl\\\/fundusze-zewnetrzne\\\/#website\",\"url\":\"https:\\\/\\\/pans.krosno.pl\\\/fundusze-zewnetrzne\\\/\",\"name\":\"Fundusze zewn\u0119trzne PANS w Kro\u015bnie\",\"description\":\"Fundusze zewn\u0119trzne  - Pa\u0144stwowa Akademia Nauk Stosowanych\",\"publisher\":{\"@id\":\"https:\\\/\\\/pans.krosno.pl\\\/fundusze-zewnetrzne\\\/#organization\"},\"potentialAction\":[{\"@type\":\"SearchAction\",\"target\":{\"@type\":\"EntryPoint\",\"urlTemplate\":\"https:\\\/\\\/pans.krosno.pl\\\/fundusze-zewnetrzne\\\/?s={search_term_string}\"},\"query-input\":{\"@type\":\"PropertyValueSpecification\",\"valueRequired\":true,\"valueName\":\"search_term_string\"}}],\"inLanguage\":\"pl-PL\"},{\"@type\":\"Organization\",\"@id\":\"https:\\\/\\\/pans.krosno.pl\\\/fundusze-zewnetrzne\\\/#organization\",\"name\":\"Fundusze zewn\u0119trzne PANS w Kro\u015bnie\",\"url\":\"https:\\\/\\\/pans.krosno.pl\\\/fundusze-zewnetrzne\\\/\",\"logo\":{\"@type\":\"ImageObject\",\"inLanguage\":\"pl-PL\",\"@id\":\"https:\\\/\\\/pans.krosno.pl\\\/fundusze-zewnetrzne\\\/#\\\/schema\\\/logo\\\/image\\\/\",\"url\":\"https:\\\/\\\/pans.krosno.pl\\\/fundusze-zewnetrzne\\\/wp-content\\\/uploads\\\/sites\\\/14\\\/2023\\\/01\\\/Logo-PANS-2022-pelne.png\",\"contentUrl\":\"https:\\\/\\\/pans.krosno.pl\\\/fundusze-zewnetrzne\\\/wp-content\\\/uploads\\\/sites\\\/14\\\/2023\\\/01\\\/Logo-PANS-2022-pelne.png\",\"width\":3096,\"height\":696,\"caption\":\"Fundusze zewn\u0119trzne PANS w Kro\u015bnie\"},\"image\":{\"@id\":\"https:\\\/\\\/pans.krosno.pl\\\/fundusze-zewnetrzne\\\/#\\\/schema\\\/logo\\\/image\\\/\"}}]}<\/script>\n<!-- \/ Yoast SEO Premium plugin. -->","yoast_head_json":{"title":"Olimpiada energetyczna - Fundusze zewn\u0119trzne PANS w Kro\u015bnie","robots":{"index":"index","follow":"follow","max-snippet":"max-snippet:-1","max-image-preview":"max-image-preview:large","max-video-preview":"max-video-preview:-1"},"canonical":"https:\/\/pans.krosno.pl\/fundusze-zewnetrzne\/projekty-realizowane\/krosno-fundusze-norweskie\/olimpiada-energetyczna\/","og_locale":"pl_PL","og_type":"article","og_title":"Olimpiada energetyczna","og_description":"Olimpiada energetyczna 2024 W dniu 15 lutego 2024 r. o godzinie 9:00 w budynku Uczelni przy ul. Dmochowskiego 12 w auli 2 (Krosno, Suchod\u00f3\u0142) odb\u0119dzie si\u0119 OLIMPIADA ENERGETYCZNA dla uczni\u00f3w kro\u015bnie\u0144skich szk\u00f3\u0142 ponadpodstawowych. Olimpiada w formie testu b\u0119dzie obejmowa\u0107 zagadnienia na poziomie szko\u0142y \u015bredniej z zakresu energetyki, w tym odnawialnych [\u2026] Read More","og_url":"https:\/\/pans.krosno.pl\/fundusze-zewnetrzne\/projekty-realizowane\/krosno-fundusze-norweskie\/olimpiada-energetyczna\/","og_site_name":"Fundusze zewn\u0119trzne PANS w Kro\u015bnie","article_modified_time":"2024-01-31T11:45:16+00:00","og_image":[{"url":"https:\/\/pans.krosno.pl\/fundusze-zewnetrzne\/wp-content\/uploads\/sites\/14\/2022\/03\/Norway_grants@4x-913x1024.png","type":"","width":"","height":""}],"twitter_card":"summary_large_image","twitter_misc":{"Szacowany czas czytania":"4 minuty"},"schema":{"@context":"https:\/\/schema.org","@graph":[{"@type":"WebPage","@id":"https:\/\/pans.krosno.pl\/fundusze-zewnetrzne\/projekty-realizowane\/krosno-fundusze-norweskie\/olimpiada-energetyczna\/","url":"https:\/\/pans.krosno.pl\/fundusze-zewnetrzne\/projekty-realizowane\/krosno-fundusze-norweskie\/olimpiada-energetyczna\/","name":"Olimpiada energetyczna - Fundusze zewn\u0119trzne PANS w Kro\u015bnie","isPartOf":{"@id":"https:\/\/pans.krosno.pl\/fundusze-zewnetrzne\/#website"},"primaryImageOfPage":{"@id":"https:\/\/pans.krosno.pl\/fundusze-zewnetrzne\/projekty-realizowane\/krosno-fundusze-norweskie\/olimpiada-energetyczna\/#primaryimage"},"image":{"@id":"https:\/\/pans.krosno.pl\/fundusze-zewnetrzne\/projekty-realizowane\/krosno-fundusze-norweskie\/olimpiada-energetyczna\/#primaryimage"},"thumbnailUrl":"https:\/\/pans.krosno.pl\/fundusze-zewnetrzne\/wp-content\/uploads\/sites\/14\/2022\/03\/Norway_grants@4x-913x1024.png","datePublished":"2022-01-24T14:30:49+00:00","dateModified":"2024-01-31T11:45:16+00:00","breadcrumb":{"@id":"https:\/\/pans.krosno.pl\/fundusze-zewnetrzne\/projekty-realizowane\/krosno-fundusze-norweskie\/olimpiada-energetyczna\/#breadcrumb"},"inLanguage":"pl-PL","potentialAction":[{"@type":"ReadAction","target":["https:\/\/pans.krosno.pl\/fundusze-zewnetrzne\/projekty-realizowane\/krosno-fundusze-norweskie\/olimpiada-energetyczna\/"]}]},{"@type":"ImageObject","inLanguage":"pl-PL","@id":"https:\/\/pans.krosno.pl\/fundusze-zewnetrzne\/projekty-realizowane\/krosno-fundusze-norweskie\/olimpiada-energetyczna\/#primaryimage","url":"https:\/\/pans.krosno.pl\/fundusze-zewnetrzne\/wp-content\/uploads\/sites\/14\/2022\/03\/Norway_grants@4x.png","contentUrl":"https:\/\/pans.krosno.pl\/fundusze-zewnetrzne\/wp-content\/uploads\/sites\/14\/2022\/03\/Norway_grants@4x.png","width":931,"height":1044},{"@type":"BreadcrumbList","@id":"https:\/\/pans.krosno.pl\/fundusze-zewnetrzne\/projekty-realizowane\/krosno-fundusze-norweskie\/olimpiada-energetyczna\/#breadcrumb","itemListElement":[{"@type":"ListItem","position":1,"name":"Strona g\u0142\u00f3wna","item":"https:\/\/pans.krosno.pl\/fundusze-zewnetrzne\/"},{"@type":"ListItem","position":2,"name":"Projekty realizowane","item":"https:\/\/pans.krosno.pl\/fundusze-zewnetrzne\/projekty-realizowane\/"},{"@type":"ListItem","position":3,"name":"KROSNO &#8211; Norweski Mechanizm Finansowy","item":"https:\/\/pans.krosno.pl\/fundusze-zewnetrzne\/projekty-realizowane\/krosno-fundusze-norweskie\/"},{"@type":"ListItem","position":4,"name":"Olimpiada energetyczna"}]},{"@type":"WebSite","@id":"https:\/\/pans.krosno.pl\/fundusze-zewnetrzne\/#website","url":"https:\/\/pans.krosno.pl\/fundusze-zewnetrzne\/","name":"Fundusze zewn\u0119trzne PANS w Kro\u015bnie","description":"Fundusze zewn\u0119trzne  - Pa\u0144stwowa Akademia Nauk Stosowanych","publisher":{"@id":"https:\/\/pans.krosno.pl\/fundusze-zewnetrzne\/#organization"},"potentialAction":[{"@type":"SearchAction","target":{"@type":"EntryPoint","urlTemplate":"https:\/\/pans.krosno.pl\/fundusze-zewnetrzne\/?s={search_term_string}"},"query-input":{"@type":"PropertyValueSpecification","valueRequired":true,"valueName":"search_term_string"}}],"inLanguage":"pl-PL"},{"@type":"Organization","@id":"https:\/\/pans.krosno.pl\/fundusze-zewnetrzne\/#organization","name":"Fundusze zewn\u0119trzne PANS w Kro\u015bnie","url":"https:\/\/pans.krosno.pl\/fundusze-zewnetrzne\/","logo":{"@type":"ImageObject","inLanguage":"pl-PL","@id":"https:\/\/pans.krosno.pl\/fundusze-zewnetrzne\/#\/schema\/logo\/image\/","url":"https:\/\/pans.krosno.pl\/fundusze-zewnetrzne\/wp-content\/uploads\/sites\/14\/2023\/01\/Logo-PANS-2022-pelne.png","contentUrl":"https:\/\/pans.krosno.pl\/fundusze-zewnetrzne\/wp-content\/uploads\/sites\/14\/2023\/01\/Logo-PANS-2022-pelne.png","width":3096,"height":696,"caption":"Fundusze zewn\u0119trzne PANS w Kro\u015bnie"},"image":{"@id":"https:\/\/pans.krosno.pl\/fundusze-zewnetrzne\/#\/schema\/logo\/image\/"}}]}},"_links":{"self":[{"href":"https:\/\/pans.krosno.pl\/fundusze-zewnetrzne\/wp-json\/wp\/v2\/pages\/2755","targetHints":{"allow":["GET"]}}],"collection":[{"href":"https:\/\/pans.krosno.pl\/fundusze-zewnetrzne\/wp-json\/wp\/v2\/pages"}],"about":[{"href":"https:\/\/pans.krosno.pl\/fundusze-zewnetrzne\/wp-json\/wp\/v2\/types\/page"}],"author":[{"embeddable":true,"href":"https:\/\/pans.krosno.pl\/fundusze-zewnetrzne\/wp-json\/wp\/v2\/users\/27"}],"replies":[{"embeddable":true,"href":"https:\/\/pans.krosno.pl\/fundusze-zewnetrzne\/wp-json\/wp\/v2\/comments?post=2755"}],"version-history":[{"count":13,"href":"https:\/\/pans.krosno.pl\/fundusze-zewnetrzne\/wp-json\/wp\/v2\/pages\/2755\/revisions"}],"predecessor-version":[{"id":3831,"href":"https:\/\/pans.krosno.pl\/fundusze-zewnetrzne\/wp-json\/wp\/v2\/pages\/2755\/revisions\/3831"}],"up":[{"embeddable":true,"href":"https:\/\/pans.krosno.pl\/fundusze-zewnetrzne\/wp-json\/wp\/v2\/pages\/2733"}],"wp:attachment":[{"href":"https:\/\/pans.krosno.pl\/fundusze-zewnetrzne\/wp-json\/wp\/v2\/media?parent=2755"}],"curies":[{"name":"wp","href":"https:\/\/api.w.org\/{rel}","templated":true}]}}