{"id":183,"date":"2020-05-13T14:06:31","date_gmt":"2020-05-13T12:06:31","guid":{"rendered":"https:\/\/pans.krosno.pl\/fundusze-europejskie-kursy\/?page_id=183"},"modified":"2022-05-25T09:21:36","modified_gmt":"2022-05-25T07:21:36","slug":"innowacyjne-ksztalcenie-na-kierunku-pielegniarstwo-o-projekcie","status":"publish","type":"page","link":"https:\/\/pans.krosno.pl\/fundusze-zewnetrzne\/projekty-zrealizowane\/innowacyjne-ksztalcenie-na-kierunku-pielegniarstwo-2\/innowacyjne-ksztalcenie-na-kierunku-pielegniarstwo-o-projekcie\/","title":{"rendered":"Innowacyjne kszta\u0142cenie na kierunku Piel\u0119gniarstwo \u2013 utworzenie Centrum Symulacji Medycznej w PWSZ w Kro\u015bnie &#8211; O projekcie"},"content":{"rendered":"<hr>\n<p><img loading=\"lazy\" decoding=\"async\" class=\"size-full wp-image-1093 aligncenter\" src=\"https:\/\/pans.krosno.pl\/fundusze-europejskie-kursy\/wp-content\/uploads\/sites\/14\/2020\/05\/LOGO-KOLOR-17.jpg\" alt=\"\" width=\"1988\" height=\"255\" srcset=\"https:\/\/pans.krosno.pl\/fundusze-zewnetrzne\/wp-content\/uploads\/sites\/14\/2020\/05\/LOGO-KOLOR-17.jpg 1988w, https:\/\/pans.krosno.pl\/fundusze-zewnetrzne\/wp-content\/uploads\/sites\/14\/2020\/05\/LOGO-KOLOR-17-300x38.jpg 300w, https:\/\/pans.krosno.pl\/fundusze-zewnetrzne\/wp-content\/uploads\/sites\/14\/2020\/05\/LOGO-KOLOR-17-1024x131.jpg 1024w, https:\/\/pans.krosno.pl\/fundusze-zewnetrzne\/wp-content\/uploads\/sites\/14\/2020\/05\/LOGO-KOLOR-17-768x99.jpg 768w, https:\/\/pans.krosno.pl\/fundusze-zewnetrzne\/wp-content\/uploads\/sites\/14\/2020\/05\/LOGO-KOLOR-17-1536x197.jpg 1536w, https:\/\/pans.krosno.pl\/fundusze-zewnetrzne\/wp-content\/uploads\/sites\/14\/2020\/05\/LOGO-KOLOR-17-800x103.jpg 800w, https:\/\/pans.krosno.pl\/fundusze-zewnetrzne\/wp-content\/uploads\/sites\/14\/2020\/05\/LOGO-KOLOR-17-580x74.jpg 580w\" sizes=\"auto, (max-width: 1988px) 100vw, 1988px\" \/><\/p>\n\n\n<p>Pa\u0144stwowa Wy\u017csza Szko\u0142a Zawodowa im. Stanis\u0142awa Pigonia w Kro\u015bnie od 1 lutego 2018 r. realizuje projekt pn. &#8222;<strong>Innowacyjne kszta\u0142cenie na kierunku Piel\u0119gniarstwo &#8211; utworzenie Centrum Symulacji Medycznej w PWSZ w Kro\u015bnie&#8221;,&nbsp;<\/strong>nrPOWR.05.03.00-00-0076\/17. Projekt jest wsp\u00f3\u0142finansowany ze \u015brodk\u00f3w Unii Europejskiej w ramach Europejskiego Funduszu Spo\u0142ecznego.<\/p>\n\n\n\n<p>Projekt jest realizowany w partnerstwie z Wojew\u00f3dzkim Szpitalem Podkarpackim im. Jana Paw\u0142a II w Kro\u015bnie.<\/p>\n\n\n\n<p>Celem projektu jest opracowanie i wdro\u017cenie programu rozwojowego Pa\u0144stwowej Wy\u017cszej Szko\u0142y Zawodowej im. Stanis\u0142awa Pigonia w Kro\u015bnie w procesie praktycznego kszta\u0142cenia student\u00f3w kierunku Piel\u0119gniarstwo, w tym utworzenie Monoprofilowego Centrum Symulacji Medycznej oraz wyszkolenie kadry naukowo-dydaktycznej i pracownik\u00f3w technicznych na potrzeby jego funkcjonowania.<\/p>\n\n\n\n<p>Projekt pozwoli dostosowa\u0107 program kszta\u0142cenia na kierunku Piel\u0119gniarstwo do oczekiwa\u0144 rynku pracy oraz polepszy\u0107 praktyczne przygotowanie student\u00f3w, co prze\u0142o\u017cy si\u0119 na wzmocnienie potencja\u0142u Uczelni. Planowane dzia\u0142ania pomog\u0105 wesprze\u0107 kompetencje, kt\u00f3re stanowi\u0105 o konkurencyjno\u015bci absolwent\u00f3w PWSZ w Kro\u015bnie w zakresie bezpiecze\u0144stwa i profesjonalizmu wykonywanych us\u0142ug medycznych.<\/p>\n\n\n\n<p><strong>Wsparciem w ramach projektu zostan\u0105 obj\u0119ci:<\/strong><\/p>\n\n\n\n<p>&#8211; studentki\/ci kierunku Piel\u0119gniarstwo,<\/p>\n\n\n\n<p>&#8211; kadra naukowo-dydaktyczna kierunku Piel\u0119gniarstwo,<\/p>\n\n\n\n<p>&#8211; kadra zarz\u0105dzaj\u0105ca,<\/p>\n\n\n\n<p>&#8211; pracownicy administracyjno-techniczni.<\/p>\n\n\n\n<p>G\u0142\u00f3wne zadania, kt\u00f3re zostan\u0105 zrealizowane w ramach projektu:<\/p>\n\n\n\n<p>1.&nbsp;&nbsp;&nbsp;Opracowanie programu rozwojowego w PWSZ w Kro\u015bnie w zakresie kszta\u0142cenia metod\u0105 symulacji medycznej.<\/p>\n\n\n\n<p>2.&nbsp;&nbsp;&nbsp;Zakup wyposa\u017cenia niezb\u0119dnego do funkcjonowania Monoprofilowego Centrum Symulacji Medycznej.<\/p>\n\n\n\n<p>3.&nbsp;&nbsp;Program podnoszenia kompetencji dla kadry naukowo-dydaktycznej, technicznej i zarz\u0105dzaj\u0105cej &#8211; udzia\u0142 kadry tworzonego MCSM w szkoleniach metodycznych symulacji medycznej, medycznych szkoleniach specjalistycznych, szkoleniach dla serwisant\u00f3w, sta\u017cach w centrach symulacji medycznej, konferencjach naukowych.<\/p>\n\n\n\n<p>4.&nbsp;&nbsp;&nbsp;Zaj\u0119cia dodatkowe dla student\u00f3w.<\/p>\n\n\n\n<p>5.&nbsp;&nbsp;&nbsp;Opracowanie podr\u0119cznika z zakresu symulacji medycznej.<\/p>\n\n\n\n<p>6.&nbsp;&nbsp;&nbsp;Organizacja sympozjum w zakresie symulacji medycznej.<\/p>\n\n\n\n<p>7.&nbsp;&nbsp;&nbsp;Udzia\u0142 w konferencjach z zakresu symulacji medycznej.<\/p>\n\n\n\n<p>8.&nbsp;&nbsp;&nbsp;Wdro\u017cenie programu standaryzowanych pacjent\u00f3w.<\/p>\n\n\n\n<p>Okres realizacji projektu: od 1 lutego 2018 do 31 grudnia 2020 r.<\/p>\n\n\n\n<p><strong>Warto\u015b\u0107 projektu:<\/strong> 2&nbsp;437&nbsp;232,14 z\u0142<\/p>\n\n\n\n<p><strong>&nbsp;Dofinansowanie z UE:<\/strong> 2&nbsp;054&nbsp;099,24 z\u0142<\/p>\n","protected":false},"excerpt":{"rendered":"<p>Pa\u0144stwowa Wy\u017csza Szko\u0142a Zawodowa im. Stanis\u0142awa Pigonia w Kro\u015bnie od 1 lutego 2018 r. realizuje projekt pn. &#8222;Innowacyjne kszta\u0142cenie na kierunku Piel\u0119gniarstwo &#8211; utworzenie Centrum Symulacji Medycznej w PWSZ w Kro\u015bnie&#8221;,&nbsp;nrPOWR.05.03.00-00-0076\/17. Projekt jest wsp\u00f3\u0142finansowany ze \u015brodk\u00f3w Unii Europejskiej w ramach Europejskiego Funduszu Spo\u0142ecznego. Projekt jest realizowany w partnerstwie z Wojew\u00f3dzkim [\u2026] <\/p>\n<div class=\"clear\"><\/div>\n<p><a class=\"more_link clearfix\" href=\"https:\/\/pans.krosno.pl\/fundusze-zewnetrzne\/projekty-zrealizowane\/innowacyjne-ksztalcenie-na-kierunku-pielegniarstwo-2\/innowacyjne-ksztalcenie-na-kierunku-pielegniarstwo-o-projekcie\/\" rel=\"nofollow\">Read More<\/a><\/p>\n","protected":false},"author":27,"featured_media":0,"parent":181,"menu_order":0,"comment_status":"closed","ping_status":"closed","template":"page-templates\/template-full-width.php","meta":{"ngg_post_thumbnail":0,"footnotes":""},"class_list":["post-183","page","type-page","status-publish","hentry"],"yoast_head":"<!-- This site is optimized with the Yoast SEO Premium plugin v27.3 (Yoast SEO v27.3) - https:\/\/yoast.com\/product\/yoast-seo-premium-wordpress\/ -->\n<title>Innowacyjne kszta\u0142cenie na kierunku Piel\u0119gniarstwo \u2013 utworzenie Centrum Symulacji Medycznej w PWSZ w Kro\u015bnie - O projekcie - Fundusze zewn\u0119trzne PANS w Kro\u015bnie<\/title>\n<meta name=\"robots\" content=\"index, follow, max-snippet:-1, max-image-preview:large, max-video-preview:-1\" \/>\n<link rel=\"canonical\" href=\"https:\/\/pans.krosno.pl\/fundusze-zewnetrzne\/projekty-zrealizowane\/innowacyjne-ksztalcenie-na-kierunku-pielegniarstwo-2\/innowacyjne-ksztalcenie-na-kierunku-pielegniarstwo-o-projekcie\/\" \/>\n<meta property=\"og:locale\" content=\"pl_PL\" \/>\n<meta property=\"og:type\" content=\"article\" \/>\n<meta property=\"og:title\" content=\"Innowacyjne kszta\u0142cenie na kierunku Piel\u0119gniarstwo \u2013 utworzenie Centrum Symulacji Medycznej w PWSZ w Kro\u015bnie - O projekcie\" \/>\n<meta property=\"og:description\" content=\"Pa\u0144stwowa Wy\u017csza Szko\u0142a Zawodowa im. Stanis\u0142awa Pigonia w Kro\u015bnie od 1 lutego 2018 r. realizuje projekt pn. &#8222;Innowacyjne kszta\u0142cenie na kierunku Piel\u0119gniarstwo &#8211; utworzenie Centrum Symulacji Medycznej w PWSZ w Kro\u015bnie&#8221;,&nbsp;nrPOWR.05.03.00-00-0076\/17. Projekt jest wsp\u00f3\u0142finansowany ze \u015brodk\u00f3w Unii Europejskiej w ramach Europejskiego Funduszu Spo\u0142ecznego. Projekt jest realizowany w partnerstwie z Wojew\u00f3dzkim [\u2026] Read More\" \/>\n<meta property=\"og:url\" content=\"https:\/\/pans.krosno.pl\/fundusze-zewnetrzne\/projekty-zrealizowane\/innowacyjne-ksztalcenie-na-kierunku-pielegniarstwo-2\/innowacyjne-ksztalcenie-na-kierunku-pielegniarstwo-o-projekcie\/\" \/>\n<meta property=\"og:site_name\" content=\"Fundusze zewn\u0119trzne PANS w Kro\u015bnie\" \/>\n<meta property=\"article:modified_time\" content=\"2022-05-25T07:21:36+00:00\" \/>\n<meta property=\"og:image\" content=\"https:\/\/pans.krosno.pl\/fundusze-europejskie-kursy\/wp-content\/uploads\/sites\/14\/2020\/05\/LOGO-KOLOR-17.jpg\" \/>\n<meta name=\"twitter:card\" content=\"summary_large_image\" \/>\n<meta name=\"twitter:label1\" content=\"Szacowany czas czytania\" \/>\n\t<meta name=\"twitter:data1\" content=\"2 minuty\" \/>\n<script type=\"application\/ld+json\" class=\"yoast-schema-graph\">{\"@context\":\"https:\\\/\\\/schema.org\",\"@graph\":[{\"@type\":\"WebPage\",\"@id\":\"https:\\\/\\\/pans.krosno.pl\\\/fundusze-zewnetrzne\\\/projekty-zrealizowane\\\/innowacyjne-ksztalcenie-na-kierunku-pielegniarstwo-2\\\/innowacyjne-ksztalcenie-na-kierunku-pielegniarstwo-o-projekcie\\\/\",\"url\":\"https:\\\/\\\/pans.krosno.pl\\\/fundusze-zewnetrzne\\\/projekty-zrealizowane\\\/innowacyjne-ksztalcenie-na-kierunku-pielegniarstwo-2\\\/innowacyjne-ksztalcenie-na-kierunku-pielegniarstwo-o-projekcie\\\/\",\"name\":\"Innowacyjne kszta\u0142cenie na kierunku Piel\u0119gniarstwo \u2013 utworzenie Centrum Symulacji Medycznej w PWSZ w Kro\u015bnie - O projekcie - Fundusze zewn\u0119trzne PANS w Kro\u015bnie\",\"isPartOf\":{\"@id\":\"https:\\\/\\\/pans.krosno.pl\\\/fundusze-zewnetrzne\\\/#website\"},\"primaryImageOfPage\":{\"@id\":\"https:\\\/\\\/pans.krosno.pl\\\/fundusze-zewnetrzne\\\/projekty-zrealizowane\\\/innowacyjne-ksztalcenie-na-kierunku-pielegniarstwo-2\\\/innowacyjne-ksztalcenie-na-kierunku-pielegniarstwo-o-projekcie\\\/#primaryimage\"},\"image\":{\"@id\":\"https:\\\/\\\/pans.krosno.pl\\\/fundusze-zewnetrzne\\\/projekty-zrealizowane\\\/innowacyjne-ksztalcenie-na-kierunku-pielegniarstwo-2\\\/innowacyjne-ksztalcenie-na-kierunku-pielegniarstwo-o-projekcie\\\/#primaryimage\"},\"thumbnailUrl\":\"https:\\\/\\\/pans.krosno.pl\\\/fundusze-europejskie-kursy\\\/wp-content\\\/uploads\\\/sites\\\/14\\\/2020\\\/05\\\/LOGO-KOLOR-17.jpg\",\"datePublished\":\"2020-05-13T12:06:31+00:00\",\"dateModified\":\"2022-05-25T07:21:36+00:00\",\"breadcrumb\":{\"@id\":\"https:\\\/\\\/pans.krosno.pl\\\/fundusze-zewnetrzne\\\/projekty-zrealizowane\\\/innowacyjne-ksztalcenie-na-kierunku-pielegniarstwo-2\\\/innowacyjne-ksztalcenie-na-kierunku-pielegniarstwo-o-projekcie\\\/#breadcrumb\"},\"inLanguage\":\"pl-PL\",\"potentialAction\":[{\"@type\":\"ReadAction\",\"target\":[\"https:\\\/\\\/pans.krosno.pl\\\/fundusze-zewnetrzne\\\/projekty-zrealizowane\\\/innowacyjne-ksztalcenie-na-kierunku-pielegniarstwo-2\\\/innowacyjne-ksztalcenie-na-kierunku-pielegniarstwo-o-projekcie\\\/\"]}]},{\"@type\":\"ImageObject\",\"inLanguage\":\"pl-PL\",\"@id\":\"https:\\\/\\\/pans.krosno.pl\\\/fundusze-zewnetrzne\\\/projekty-zrealizowane\\\/innowacyjne-ksztalcenie-na-kierunku-pielegniarstwo-2\\\/innowacyjne-ksztalcenie-na-kierunku-pielegniarstwo-o-projekcie\\\/#primaryimage\",\"url\":\"https:\\\/\\\/pans.krosno.pl\\\/fundusze-europejskie-kursy\\\/wp-content\\\/uploads\\\/sites\\\/14\\\/2020\\\/05\\\/LOGO-KOLOR-17.jpg\",\"contentUrl\":\"https:\\\/\\\/pans.krosno.pl\\\/fundusze-europejskie-kursy\\\/wp-content\\\/uploads\\\/sites\\\/14\\\/2020\\\/05\\\/LOGO-KOLOR-17.jpg\"},{\"@type\":\"BreadcrumbList\",\"@id\":\"https:\\\/\\\/pans.krosno.pl\\\/fundusze-zewnetrzne\\\/projekty-zrealizowane\\\/innowacyjne-ksztalcenie-na-kierunku-pielegniarstwo-2\\\/innowacyjne-ksztalcenie-na-kierunku-pielegniarstwo-o-projekcie\\\/#breadcrumb\",\"itemListElement\":[{\"@type\":\"ListItem\",\"position\":1,\"name\":\"Strona g\u0142\u00f3wna\",\"item\":\"https:\\\/\\\/pans.krosno.pl\\\/fundusze-zewnetrzne\\\/\"},{\"@type\":\"ListItem\",\"position\":2,\"name\":\"Projekty zrealizowane\",\"item\":\"https:\\\/\\\/pans.krosno.pl\\\/fundusze-zewnetrzne\\\/projekty-zrealizowane\\\/\"},{\"@type\":\"ListItem\",\"position\":3,\"name\":\"Innowacyjne kszta\u0142cenie na kierunku Piel\u0119gniarstwo \u2013 utworzenie Centrum Symulacji Medycznej w PWSZ w Kro\u015bnie\",\"item\":\"https:\\\/\\\/pans.krosno.pl\\\/fundusze-zewnetrzne\\\/projekty-zrealizowane\\\/innowacyjne-ksztalcenie-na-kierunku-pielegniarstwo-2\\\/\"},{\"@type\":\"ListItem\",\"position\":4,\"name\":\"Innowacyjne kszta\u0142cenie na kierunku Piel\u0119gniarstwo \u2013 utworzenie Centrum Symulacji Medycznej w PWSZ w Kro\u015bnie &#8211; O projekcie\"}]},{\"@type\":\"WebSite\",\"@id\":\"https:\\\/\\\/pans.krosno.pl\\\/fundusze-zewnetrzne\\\/#website\",\"url\":\"https:\\\/\\\/pans.krosno.pl\\\/fundusze-zewnetrzne\\\/\",\"name\":\"Fundusze zewn\u0119trzne PANS w Kro\u015bnie\",\"description\":\"Fundusze zewn\u0119trzne  - Pa\u0144stwowa Akademia Nauk Stosowanych\",\"publisher\":{\"@id\":\"https:\\\/\\\/pans.krosno.pl\\\/fundusze-zewnetrzne\\\/#organization\"},\"potentialAction\":[{\"@type\":\"SearchAction\",\"target\":{\"@type\":\"EntryPoint\",\"urlTemplate\":\"https:\\\/\\\/pans.krosno.pl\\\/fundusze-zewnetrzne\\\/?s={search_term_string}\"},\"query-input\":{\"@type\":\"PropertyValueSpecification\",\"valueRequired\":true,\"valueName\":\"search_term_string\"}}],\"inLanguage\":\"pl-PL\"},{\"@type\":\"Organization\",\"@id\":\"https:\\\/\\\/pans.krosno.pl\\\/fundusze-zewnetrzne\\\/#organization\",\"name\":\"Fundusze zewn\u0119trzne PANS w Kro\u015bnie\",\"url\":\"https:\\\/\\\/pans.krosno.pl\\\/fundusze-zewnetrzne\\\/\",\"logo\":{\"@type\":\"ImageObject\",\"inLanguage\":\"pl-PL\",\"@id\":\"https:\\\/\\\/pans.krosno.pl\\\/fundusze-zewnetrzne\\\/#\\\/schema\\\/logo\\\/image\\\/\",\"url\":\"https:\\\/\\\/pans.krosno.pl\\\/fundusze-zewnetrzne\\\/wp-content\\\/uploads\\\/sites\\\/14\\\/2023\\\/01\\\/Logo-PANS-2022-pelne.png\",\"contentUrl\":\"https:\\\/\\\/pans.krosno.pl\\\/fundusze-zewnetrzne\\\/wp-content\\\/uploads\\\/sites\\\/14\\\/2023\\\/01\\\/Logo-PANS-2022-pelne.png\",\"width\":3096,\"height\":696,\"caption\":\"Fundusze zewn\u0119trzne PANS w Kro\u015bnie\"},\"image\":{\"@id\":\"https:\\\/\\\/pans.krosno.pl\\\/fundusze-zewnetrzne\\\/#\\\/schema\\\/logo\\\/image\\\/\"}}]}<\/script>\n<!-- \/ Yoast SEO Premium plugin. -->","yoast_head_json":{"title":"Innowacyjne kszta\u0142cenie na kierunku Piel\u0119gniarstwo \u2013 utworzenie Centrum Symulacji Medycznej w PWSZ w Kro\u015bnie - O projekcie - Fundusze zewn\u0119trzne PANS w Kro\u015bnie","robots":{"index":"index","follow":"follow","max-snippet":"max-snippet:-1","max-image-preview":"max-image-preview:large","max-video-preview":"max-video-preview:-1"},"canonical":"https:\/\/pans.krosno.pl\/fundusze-zewnetrzne\/projekty-zrealizowane\/innowacyjne-ksztalcenie-na-kierunku-pielegniarstwo-2\/innowacyjne-ksztalcenie-na-kierunku-pielegniarstwo-o-projekcie\/","og_locale":"pl_PL","og_type":"article","og_title":"Innowacyjne kszta\u0142cenie na kierunku Piel\u0119gniarstwo \u2013 utworzenie Centrum Symulacji Medycznej w PWSZ w Kro\u015bnie - O projekcie","og_description":"Pa\u0144stwowa Wy\u017csza Szko\u0142a Zawodowa im. Stanis\u0142awa Pigonia w Kro\u015bnie od 1 lutego 2018 r. realizuje projekt pn. &#8222;Innowacyjne kszta\u0142cenie na kierunku Piel\u0119gniarstwo &#8211; utworzenie Centrum Symulacji Medycznej w PWSZ w Kro\u015bnie&#8221;,&nbsp;nrPOWR.05.03.00-00-0076\/17. Projekt jest wsp\u00f3\u0142finansowany ze \u015brodk\u00f3w Unii Europejskiej w ramach Europejskiego Funduszu Spo\u0142ecznego. Projekt jest realizowany w partnerstwie z Wojew\u00f3dzkim [\u2026] Read More","og_url":"https:\/\/pans.krosno.pl\/fundusze-zewnetrzne\/projekty-zrealizowane\/innowacyjne-ksztalcenie-na-kierunku-pielegniarstwo-2\/innowacyjne-ksztalcenie-na-kierunku-pielegniarstwo-o-projekcie\/","og_site_name":"Fundusze zewn\u0119trzne PANS w Kro\u015bnie","article_modified_time":"2022-05-25T07:21:36+00:00","og_image":[{"url":"https:\/\/pans.krosno.pl\/fundusze-europejskie-kursy\/wp-content\/uploads\/sites\/14\/2020\/05\/LOGO-KOLOR-17.jpg","type":"","width":"","height":""}],"twitter_card":"summary_large_image","twitter_misc":{"Szacowany czas czytania":"2 minuty"},"schema":{"@context":"https:\/\/schema.org","@graph":[{"@type":"WebPage","@id":"https:\/\/pans.krosno.pl\/fundusze-zewnetrzne\/projekty-zrealizowane\/innowacyjne-ksztalcenie-na-kierunku-pielegniarstwo-2\/innowacyjne-ksztalcenie-na-kierunku-pielegniarstwo-o-projekcie\/","url":"https:\/\/pans.krosno.pl\/fundusze-zewnetrzne\/projekty-zrealizowane\/innowacyjne-ksztalcenie-na-kierunku-pielegniarstwo-2\/innowacyjne-ksztalcenie-na-kierunku-pielegniarstwo-o-projekcie\/","name":"Innowacyjne kszta\u0142cenie na kierunku Piel\u0119gniarstwo \u2013 utworzenie Centrum Symulacji Medycznej w PWSZ w Kro\u015bnie - O projekcie - Fundusze zewn\u0119trzne PANS w Kro\u015bnie","isPartOf":{"@id":"https:\/\/pans.krosno.pl\/fundusze-zewnetrzne\/#website"},"primaryImageOfPage":{"@id":"https:\/\/pans.krosno.pl\/fundusze-zewnetrzne\/projekty-zrealizowane\/innowacyjne-ksztalcenie-na-kierunku-pielegniarstwo-2\/innowacyjne-ksztalcenie-na-kierunku-pielegniarstwo-o-projekcie\/#primaryimage"},"image":{"@id":"https:\/\/pans.krosno.pl\/fundusze-zewnetrzne\/projekty-zrealizowane\/innowacyjne-ksztalcenie-na-kierunku-pielegniarstwo-2\/innowacyjne-ksztalcenie-na-kierunku-pielegniarstwo-o-projekcie\/#primaryimage"},"thumbnailUrl":"https:\/\/pans.krosno.pl\/fundusze-europejskie-kursy\/wp-content\/uploads\/sites\/14\/2020\/05\/LOGO-KOLOR-17.jpg","datePublished":"2020-05-13T12:06:31+00:00","dateModified":"2022-05-25T07:21:36+00:00","breadcrumb":{"@id":"https:\/\/pans.krosno.pl\/fundusze-zewnetrzne\/projekty-zrealizowane\/innowacyjne-ksztalcenie-na-kierunku-pielegniarstwo-2\/innowacyjne-ksztalcenie-na-kierunku-pielegniarstwo-o-projekcie\/#breadcrumb"},"inLanguage":"pl-PL","potentialAction":[{"@type":"ReadAction","target":["https:\/\/pans.krosno.pl\/fundusze-zewnetrzne\/projekty-zrealizowane\/innowacyjne-ksztalcenie-na-kierunku-pielegniarstwo-2\/innowacyjne-ksztalcenie-na-kierunku-pielegniarstwo-o-projekcie\/"]}]},{"@type":"ImageObject","inLanguage":"pl-PL","@id":"https:\/\/pans.krosno.pl\/fundusze-zewnetrzne\/projekty-zrealizowane\/innowacyjne-ksztalcenie-na-kierunku-pielegniarstwo-2\/innowacyjne-ksztalcenie-na-kierunku-pielegniarstwo-o-projekcie\/#primaryimage","url":"https:\/\/pans.krosno.pl\/fundusze-europejskie-kursy\/wp-content\/uploads\/sites\/14\/2020\/05\/LOGO-KOLOR-17.jpg","contentUrl":"https:\/\/pans.krosno.pl\/fundusze-europejskie-kursy\/wp-content\/uploads\/sites\/14\/2020\/05\/LOGO-KOLOR-17.jpg"},{"@type":"BreadcrumbList","@id":"https:\/\/pans.krosno.pl\/fundusze-zewnetrzne\/projekty-zrealizowane\/innowacyjne-ksztalcenie-na-kierunku-pielegniarstwo-2\/innowacyjne-ksztalcenie-na-kierunku-pielegniarstwo-o-projekcie\/#breadcrumb","itemListElement":[{"@type":"ListItem","position":1,"name":"Strona g\u0142\u00f3wna","item":"https:\/\/pans.krosno.pl\/fundusze-zewnetrzne\/"},{"@type":"ListItem","position":2,"name":"Projekty zrealizowane","item":"https:\/\/pans.krosno.pl\/fundusze-zewnetrzne\/projekty-zrealizowane\/"},{"@type":"ListItem","position":3,"name":"Innowacyjne kszta\u0142cenie na kierunku Piel\u0119gniarstwo \u2013 utworzenie Centrum Symulacji Medycznej w PWSZ w Kro\u015bnie","item":"https:\/\/pans.krosno.pl\/fundusze-zewnetrzne\/projekty-zrealizowane\/innowacyjne-ksztalcenie-na-kierunku-pielegniarstwo-2\/"},{"@type":"ListItem","position":4,"name":"Innowacyjne kszta\u0142cenie na kierunku Piel\u0119gniarstwo \u2013 utworzenie Centrum Symulacji Medycznej w PWSZ w Kro\u015bnie &#8211; O projekcie"}]},{"@type":"WebSite","@id":"https:\/\/pans.krosno.pl\/fundusze-zewnetrzne\/#website","url":"https:\/\/pans.krosno.pl\/fundusze-zewnetrzne\/","name":"Fundusze zewn\u0119trzne PANS w Kro\u015bnie","description":"Fundusze zewn\u0119trzne  - Pa\u0144stwowa Akademia Nauk Stosowanych","publisher":{"@id":"https:\/\/pans.krosno.pl\/fundusze-zewnetrzne\/#organization"},"potentialAction":[{"@type":"SearchAction","target":{"@type":"EntryPoint","urlTemplate":"https:\/\/pans.krosno.pl\/fundusze-zewnetrzne\/?s={search_term_string}"},"query-input":{"@type":"PropertyValueSpecification","valueRequired":true,"valueName":"search_term_string"}}],"inLanguage":"pl-PL"},{"@type":"Organization","@id":"https:\/\/pans.krosno.pl\/fundusze-zewnetrzne\/#organization","name":"Fundusze zewn\u0119trzne PANS w Kro\u015bnie","url":"https:\/\/pans.krosno.pl\/fundusze-zewnetrzne\/","logo":{"@type":"ImageObject","inLanguage":"pl-PL","@id":"https:\/\/pans.krosno.pl\/fundusze-zewnetrzne\/#\/schema\/logo\/image\/","url":"https:\/\/pans.krosno.pl\/fundusze-zewnetrzne\/wp-content\/uploads\/sites\/14\/2023\/01\/Logo-PANS-2022-pelne.png","contentUrl":"https:\/\/pans.krosno.pl\/fundusze-zewnetrzne\/wp-content\/uploads\/sites\/14\/2023\/01\/Logo-PANS-2022-pelne.png","width":3096,"height":696,"caption":"Fundusze zewn\u0119trzne PANS w Kro\u015bnie"},"image":{"@id":"https:\/\/pans.krosno.pl\/fundusze-zewnetrzne\/#\/schema\/logo\/image\/"}}]}},"_links":{"self":[{"href":"https:\/\/pans.krosno.pl\/fundusze-zewnetrzne\/wp-json\/wp\/v2\/pages\/183","targetHints":{"allow":["GET"]}}],"collection":[{"href":"https:\/\/pans.krosno.pl\/fundusze-zewnetrzne\/wp-json\/wp\/v2\/pages"}],"about":[{"href":"https:\/\/pans.krosno.pl\/fundusze-zewnetrzne\/wp-json\/wp\/v2\/types\/page"}],"author":[{"embeddable":true,"href":"https:\/\/pans.krosno.pl\/fundusze-zewnetrzne\/wp-json\/wp\/v2\/users\/27"}],"replies":[{"embeddable":true,"href":"https:\/\/pans.krosno.pl\/fundusze-zewnetrzne\/wp-json\/wp\/v2\/comments?post=183"}],"version-history":[{"count":10,"href":"https:\/\/pans.krosno.pl\/fundusze-zewnetrzne\/wp-json\/wp\/v2\/pages\/183\/revisions"}],"predecessor-version":[{"id":3232,"href":"https:\/\/pans.krosno.pl\/fundusze-zewnetrzne\/wp-json\/wp\/v2\/pages\/183\/revisions\/3232"}],"up":[{"embeddable":true,"href":"https:\/\/pans.krosno.pl\/fundusze-zewnetrzne\/wp-json\/wp\/v2\/pages\/181"}],"wp:attachment":[{"href":"https:\/\/pans.krosno.pl\/fundusze-zewnetrzne\/wp-json\/wp\/v2\/media?parent=183"}],"curies":[{"name":"wp","href":"https:\/\/api.w.org\/{rel}","templated":true}]}}