{"id":179,"date":"2020-05-13T14:02:10","date_gmt":"2020-05-13T12:02:10","guid":{"rendered":"https:\/\/pans.krosno.pl\/fundusze-europejskie-kursy\/?page_id=179"},"modified":"2022-05-25T09:30:12","modified_gmt":"2022-05-25T07:30:12","slug":"rozbudowa-i-wyposazenie-infrastruktury-laboratoryjnej","status":"publish","type":"page","link":"https:\/\/pans.krosno.pl\/fundusze-zewnetrzne\/projekty-zrealizowane\/rozbudowa-i-wyposazenie-infrastruktury-laboratoryjnej\/","title":{"rendered":"Rozbudowa i wyposa\u017cenie infrastruktury laboratoryjnej PWSZ w Kro\u015bnie"},"content":{"rendered":"<hr>\n<p><img loading=\"lazy\" decoding=\"async\" class=\"alignnone size-full wp-image-1596\" src=\"https:\/\/pans.krosno.pl\/fundusze-europejskie-kursy\/wp-content\/uploads\/sites\/14\/2020\/09\/fe_pr_poziom-kolor-01.jpg\" alt=\"\" width=\"1737\" height=\"127\" srcset=\"https:\/\/pans.krosno.pl\/fundusze-zewnetrzne\/wp-content\/uploads\/sites\/14\/2020\/09\/fe_pr_poziom-kolor-01.jpg 1737w, https:\/\/pans.krosno.pl\/fundusze-zewnetrzne\/wp-content\/uploads\/sites\/14\/2020\/09\/fe_pr_poziom-kolor-01-300x22.jpg 300w, https:\/\/pans.krosno.pl\/fundusze-zewnetrzne\/wp-content\/uploads\/sites\/14\/2020\/09\/fe_pr_poziom-kolor-01-1024x75.jpg 1024w, https:\/\/pans.krosno.pl\/fundusze-zewnetrzne\/wp-content\/uploads\/sites\/14\/2020\/09\/fe_pr_poziom-kolor-01-768x56.jpg 768w, https:\/\/pans.krosno.pl\/fundusze-zewnetrzne\/wp-content\/uploads\/sites\/14\/2020\/09\/fe_pr_poziom-kolor-01-1536x112.jpg 1536w, https:\/\/pans.krosno.pl\/fundusze-zewnetrzne\/wp-content\/uploads\/sites\/14\/2020\/09\/fe_pr_poziom-kolor-01-800x58.jpg 800w, https:\/\/pans.krosno.pl\/fundusze-zewnetrzne\/wp-content\/uploads\/sites\/14\/2020\/09\/fe_pr_poziom-kolor-01-580x42.jpg 580w\" sizes=\"auto, (max-width: 1737px) 100vw, 1737px\" \/><\/p>\n\n\n<p><strong>G\u0142\u00f3wne cele projektu to:<\/strong><\/p>\n\n\n\n<p>&#8211; poprawa warunk\u00f3w kszta\u0142cenia zawodowego w wojew\u00f3dztwie podkarpackim poprzez rozw\u00f3j systemu szkolnictwa na poziomie wy\u017cszym,<\/p>\n\n\n\n<p>&#8211; podniesienie jako\u015bci praktycznej formy kszta\u0142cenia w ramach studi\u00f3w zawodowych w PWSZ w Kro\u015bnie.<\/p>\n\n\n\n<p><strong>Spodziewane efekty projektu<\/strong><\/p>\n\n\n\n<p>&#8211; poprawa jako\u015bci i zwi\u0119kszenie popularno\u015bci kszta\u0142cenia zawodowego, szczeg\u00f3lnie w zakresie kierunk\u00f3w in\u017cynierskich,<\/p>\n\n\n\n<p>&#8211; zacie\u015bnienie wsp\u00f3\u0142pracy z sektorem przedsi\u0119biorstw i dostosowanie oferty kszta\u0142cenia do jego potrzeb,<\/p>\n\n\n\n<p>&#8211; zwi\u0119kszanie dost\u0119pu do kszta\u0142cenia na poziomie wy\u017cszym dla mieszka\u0144c\u00f3w ma\u0142ych miast i obszar\u00f3w wiejskich.<\/p>\n\n\n\n<p><strong>W ramach projektu wsparta zostanie oferta edukacyjna nast\u0119puj\u0105cych kierunk\u00f3w:<\/strong><\/p>\n\n\n\n<p>&#8211; Mechanika i budowa maszyn,<\/p>\n\n\n\n<p>&#8211; Budownictwo,<\/p>\n\n\n\n<p>&#8211; Informatyka,<\/p>\n\n\n\n<p>&#8211; G\u00f3rnictwo i geologia,<\/p>\n\n\n\n<p>&#8211; Energetyka,<\/p>\n\n\n\n<p>&#8211; Produkcja i bezpiecze\u0144stwo \u017cywno\u015bci,<\/p>\n\n\n\n<p>&#8211; Zielarstwo,<\/p>\n\n\n\n<p>&#8211; Towaroznawstwo.<\/p>\n\n\n\n<p><strong>Zakres projektu<\/strong><\/p>\n\n\n\n<p>&nbsp;Projekt obejmuje wykonanie rob\u00f3t budowlanych oraz dostaw\u0119 wyposa\u017cenia do nowoczesnych laboratori\u00f3w dydaktycznych PWSZ w Kro\u015bnie. Prace b\u0119d\u0105 realizowane w okresie od 01.02.2018 r. do 30.09.2020 r. w obr\u0119bie kampus\u00f3w PWSZ przy ul. \u017bwirki i Wigury 9A oraz Dmochowskiego 12. Dodatkowo nowoczesne wyposa\u017cenie trafi do laboratori\u00f3w informatycznych zlokalizowanych przy ul. Wyspia\u0144skiego 20.<\/p>\n\n\n\n<p><strong>Finansowanie projektu<\/strong><\/p>\n\n\n\n<p>Maksymalne dofinansowanie projektu ze \u015brodk\u00f3w Europejskiego Funduszu Rozwoju Regionalnego w ramach Regionalnego Programu Operacyjnego Wojew\u00f3dztwa Podkarpackiego na lata 2014-2020 wyniesie 19 235 496,56 z\u0142.<\/p>\n\n\n\n<p><strong>Przydatne informacje:<\/strong><\/p>\n\n\n\n<p><a href=\"http:\/\/www.funduszeeuropejskie.gov.pl\">www.funduszeeuropejskie.gov.pl<\/a><\/p>\n\n\n\n<p><a href=\"http:\/\/www.rpo.podkarpackie.pl\">http:\/\/www.rpo.podkarpackie.pl<\/a><\/p>\n","protected":false},"excerpt":{"rendered":"<p>G\u0142\u00f3wne cele projektu to: &#8211; poprawa warunk\u00f3w kszta\u0142cenia zawodowego w wojew\u00f3dztwie podkarpackim poprzez rozw\u00f3j systemu szkolnictwa na poziomie wy\u017cszym, &#8211; podniesienie jako\u015bci praktycznej formy kszta\u0142cenia w ramach studi\u00f3w zawodowych w PWSZ w Kro\u015bnie. Spodziewane efekty projektu &#8211; poprawa jako\u015bci i zwi\u0119kszenie popularno\u015bci kszta\u0142cenia zawodowego, szczeg\u00f3lnie w zakresie kierunk\u00f3w in\u017cynierskich, &#8211; [\u2026] <\/p>\n<div class=\"clear\"><\/div>\n<p><a class=\"more_link clearfix\" href=\"https:\/\/pans.krosno.pl\/fundusze-zewnetrzne\/projekty-zrealizowane\/rozbudowa-i-wyposazenie-infrastruktury-laboratoryjnej\/\" rel=\"nofollow\">Read More<\/a><\/p>\n","protected":false},"author":27,"featured_media":0,"parent":13,"menu_order":0,"comment_status":"closed","ping_status":"closed","template":"page-templates\/template-full-width.php","meta":{"ngg_post_thumbnail":0,"footnotes":""},"class_list":["post-179","page","type-page","status-publish","hentry"],"yoast_head":"<!-- This site is optimized with the Yoast SEO Premium plugin v27.3 (Yoast SEO v27.3) - https:\/\/yoast.com\/product\/yoast-seo-premium-wordpress\/ -->\n<title>Rozbudowa i wyposa\u017cenie infrastruktury laboratoryjnej PWSZ w Kro\u015bnie - Fundusze zewn\u0119trzne PANS w Kro\u015bnie<\/title>\n<meta name=\"robots\" content=\"index, follow, max-snippet:-1, max-image-preview:large, max-video-preview:-1\" \/>\n<link rel=\"canonical\" href=\"https:\/\/pans.krosno.pl\/fundusze-zewnetrzne\/projekty-zrealizowane\/rozbudowa-i-wyposazenie-infrastruktury-laboratoryjnej\/\" \/>\n<meta property=\"og:locale\" content=\"pl_PL\" \/>\n<meta property=\"og:type\" content=\"article\" \/>\n<meta property=\"og:title\" content=\"Rozbudowa i wyposa\u017cenie infrastruktury laboratoryjnej PWSZ w Kro\u015bnie\" \/>\n<meta property=\"og:description\" content=\"G\u0142\u00f3wne cele projektu to: &#8211; poprawa warunk\u00f3w kszta\u0142cenia zawodowego w wojew\u00f3dztwie podkarpackim poprzez rozw\u00f3j systemu szkolnictwa na poziomie wy\u017cszym, &#8211; podniesienie jako\u015bci praktycznej formy kszta\u0142cenia w ramach studi\u00f3w zawodowych w PWSZ w Kro\u015bnie. Spodziewane efekty projektu &#8211; poprawa jako\u015bci i zwi\u0119kszenie popularno\u015bci kszta\u0142cenia zawodowego, szczeg\u00f3lnie w zakresie kierunk\u00f3w in\u017cynierskich, &#8211; [\u2026] Read More\" \/>\n<meta property=\"og:url\" content=\"https:\/\/pans.krosno.pl\/fundusze-zewnetrzne\/projekty-zrealizowane\/rozbudowa-i-wyposazenie-infrastruktury-laboratoryjnej\/\" \/>\n<meta property=\"og:site_name\" content=\"Fundusze zewn\u0119trzne PANS w Kro\u015bnie\" \/>\n<meta property=\"article:modified_time\" content=\"2022-05-25T07:30:12+00:00\" \/>\n<meta property=\"og:image\" content=\"https:\/\/pans.krosno.pl\/fundusze-europejskie-kursy\/wp-content\/uploads\/sites\/14\/2020\/09\/fe_pr_poziom-kolor-01.jpg\" \/>\n<meta name=\"twitter:card\" content=\"summary_large_image\" \/>\n<meta name=\"twitter:label1\" content=\"Szacowany czas czytania\" \/>\n\t<meta name=\"twitter:data1\" content=\"2 minuty\" \/>\n<script type=\"application\/ld+json\" class=\"yoast-schema-graph\">{\"@context\":\"https:\\\/\\\/schema.org\",\"@graph\":[{\"@type\":\"WebPage\",\"@id\":\"https:\\\/\\\/pans.krosno.pl\\\/fundusze-zewnetrzne\\\/projekty-zrealizowane\\\/rozbudowa-i-wyposazenie-infrastruktury-laboratoryjnej\\\/\",\"url\":\"https:\\\/\\\/pans.krosno.pl\\\/fundusze-zewnetrzne\\\/projekty-zrealizowane\\\/rozbudowa-i-wyposazenie-infrastruktury-laboratoryjnej\\\/\",\"name\":\"Rozbudowa i wyposa\u017cenie infrastruktury laboratoryjnej PWSZ w Kro\u015bnie - Fundusze zewn\u0119trzne PANS w Kro\u015bnie\",\"isPartOf\":{\"@id\":\"https:\\\/\\\/pans.krosno.pl\\\/fundusze-zewnetrzne\\\/#website\"},\"primaryImageOfPage\":{\"@id\":\"https:\\\/\\\/pans.krosno.pl\\\/fundusze-zewnetrzne\\\/projekty-zrealizowane\\\/rozbudowa-i-wyposazenie-infrastruktury-laboratoryjnej\\\/#primaryimage\"},\"image\":{\"@id\":\"https:\\\/\\\/pans.krosno.pl\\\/fundusze-zewnetrzne\\\/projekty-zrealizowane\\\/rozbudowa-i-wyposazenie-infrastruktury-laboratoryjnej\\\/#primaryimage\"},\"thumbnailUrl\":\"https:\\\/\\\/pans.krosno.pl\\\/fundusze-europejskie-kursy\\\/wp-content\\\/uploads\\\/sites\\\/14\\\/2020\\\/09\\\/fe_pr_poziom-kolor-01.jpg\",\"datePublished\":\"2020-05-13T12:02:10+00:00\",\"dateModified\":\"2022-05-25T07:30:12+00:00\",\"breadcrumb\":{\"@id\":\"https:\\\/\\\/pans.krosno.pl\\\/fundusze-zewnetrzne\\\/projekty-zrealizowane\\\/rozbudowa-i-wyposazenie-infrastruktury-laboratoryjnej\\\/#breadcrumb\"},\"inLanguage\":\"pl-PL\",\"potentialAction\":[{\"@type\":\"ReadAction\",\"target\":[\"https:\\\/\\\/pans.krosno.pl\\\/fundusze-zewnetrzne\\\/projekty-zrealizowane\\\/rozbudowa-i-wyposazenie-infrastruktury-laboratoryjnej\\\/\"]}]},{\"@type\":\"ImageObject\",\"inLanguage\":\"pl-PL\",\"@id\":\"https:\\\/\\\/pans.krosno.pl\\\/fundusze-zewnetrzne\\\/projekty-zrealizowane\\\/rozbudowa-i-wyposazenie-infrastruktury-laboratoryjnej\\\/#primaryimage\",\"url\":\"https:\\\/\\\/pans.krosno.pl\\\/fundusze-europejskie-kursy\\\/wp-content\\\/uploads\\\/sites\\\/14\\\/2020\\\/09\\\/fe_pr_poziom-kolor-01.jpg\",\"contentUrl\":\"https:\\\/\\\/pans.krosno.pl\\\/fundusze-europejskie-kursy\\\/wp-content\\\/uploads\\\/sites\\\/14\\\/2020\\\/09\\\/fe_pr_poziom-kolor-01.jpg\"},{\"@type\":\"BreadcrumbList\",\"@id\":\"https:\\\/\\\/pans.krosno.pl\\\/fundusze-zewnetrzne\\\/projekty-zrealizowane\\\/rozbudowa-i-wyposazenie-infrastruktury-laboratoryjnej\\\/#breadcrumb\",\"itemListElement\":[{\"@type\":\"ListItem\",\"position\":1,\"name\":\"Strona g\u0142\u00f3wna\",\"item\":\"https:\\\/\\\/pans.krosno.pl\\\/fundusze-zewnetrzne\\\/\"},{\"@type\":\"ListItem\",\"position\":2,\"name\":\"Projekty zrealizowane\",\"item\":\"https:\\\/\\\/pans.krosno.pl\\\/fundusze-zewnetrzne\\\/projekty-zrealizowane\\\/\"},{\"@type\":\"ListItem\",\"position\":3,\"name\":\"Rozbudowa i wyposa\u017cenie infrastruktury laboratoryjnej PWSZ w Kro\u015bnie\"}]},{\"@type\":\"WebSite\",\"@id\":\"https:\\\/\\\/pans.krosno.pl\\\/fundusze-zewnetrzne\\\/#website\",\"url\":\"https:\\\/\\\/pans.krosno.pl\\\/fundusze-zewnetrzne\\\/\",\"name\":\"Fundusze zewn\u0119trzne PANS w Kro\u015bnie\",\"description\":\"Fundusze zewn\u0119trzne  - Pa\u0144stwowa Akademia Nauk Stosowanych\",\"publisher\":{\"@id\":\"https:\\\/\\\/pans.krosno.pl\\\/fundusze-zewnetrzne\\\/#organization\"},\"potentialAction\":[{\"@type\":\"SearchAction\",\"target\":{\"@type\":\"EntryPoint\",\"urlTemplate\":\"https:\\\/\\\/pans.krosno.pl\\\/fundusze-zewnetrzne\\\/?s={search_term_string}\"},\"query-input\":{\"@type\":\"PropertyValueSpecification\",\"valueRequired\":true,\"valueName\":\"search_term_string\"}}],\"inLanguage\":\"pl-PL\"},{\"@type\":\"Organization\",\"@id\":\"https:\\\/\\\/pans.krosno.pl\\\/fundusze-zewnetrzne\\\/#organization\",\"name\":\"Fundusze zewn\u0119trzne PANS w Kro\u015bnie\",\"url\":\"https:\\\/\\\/pans.krosno.pl\\\/fundusze-zewnetrzne\\\/\",\"logo\":{\"@type\":\"ImageObject\",\"inLanguage\":\"pl-PL\",\"@id\":\"https:\\\/\\\/pans.krosno.pl\\\/fundusze-zewnetrzne\\\/#\\\/schema\\\/logo\\\/image\\\/\",\"url\":\"https:\\\/\\\/pans.krosno.pl\\\/fundusze-zewnetrzne\\\/wp-content\\\/uploads\\\/sites\\\/14\\\/2023\\\/01\\\/Logo-PANS-2022-pelne.png\",\"contentUrl\":\"https:\\\/\\\/pans.krosno.pl\\\/fundusze-zewnetrzne\\\/wp-content\\\/uploads\\\/sites\\\/14\\\/2023\\\/01\\\/Logo-PANS-2022-pelne.png\",\"width\":3096,\"height\":696,\"caption\":\"Fundusze zewn\u0119trzne PANS w Kro\u015bnie\"},\"image\":{\"@id\":\"https:\\\/\\\/pans.krosno.pl\\\/fundusze-zewnetrzne\\\/#\\\/schema\\\/logo\\\/image\\\/\"}}]}<\/script>\n<!-- \/ Yoast SEO Premium plugin. -->","yoast_head_json":{"title":"Rozbudowa i wyposa\u017cenie infrastruktury laboratoryjnej PWSZ w Kro\u015bnie - Fundusze zewn\u0119trzne PANS w Kro\u015bnie","robots":{"index":"index","follow":"follow","max-snippet":"max-snippet:-1","max-image-preview":"max-image-preview:large","max-video-preview":"max-video-preview:-1"},"canonical":"https:\/\/pans.krosno.pl\/fundusze-zewnetrzne\/projekty-zrealizowane\/rozbudowa-i-wyposazenie-infrastruktury-laboratoryjnej\/","og_locale":"pl_PL","og_type":"article","og_title":"Rozbudowa i wyposa\u017cenie infrastruktury laboratoryjnej PWSZ w Kro\u015bnie","og_description":"G\u0142\u00f3wne cele projektu to: &#8211; poprawa warunk\u00f3w kszta\u0142cenia zawodowego w wojew\u00f3dztwie podkarpackim poprzez rozw\u00f3j systemu szkolnictwa na poziomie wy\u017cszym, &#8211; podniesienie jako\u015bci praktycznej formy kszta\u0142cenia w ramach studi\u00f3w zawodowych w PWSZ w Kro\u015bnie. Spodziewane efekty projektu &#8211; poprawa jako\u015bci i zwi\u0119kszenie popularno\u015bci kszta\u0142cenia zawodowego, szczeg\u00f3lnie w zakresie kierunk\u00f3w in\u017cynierskich, &#8211; [\u2026] Read More","og_url":"https:\/\/pans.krosno.pl\/fundusze-zewnetrzne\/projekty-zrealizowane\/rozbudowa-i-wyposazenie-infrastruktury-laboratoryjnej\/","og_site_name":"Fundusze zewn\u0119trzne PANS w Kro\u015bnie","article_modified_time":"2022-05-25T07:30:12+00:00","og_image":[{"url":"https:\/\/pans.krosno.pl\/fundusze-europejskie-kursy\/wp-content\/uploads\/sites\/14\/2020\/09\/fe_pr_poziom-kolor-01.jpg","type":"","width":"","height":""}],"twitter_card":"summary_large_image","twitter_misc":{"Szacowany czas czytania":"2 minuty"},"schema":{"@context":"https:\/\/schema.org","@graph":[{"@type":"WebPage","@id":"https:\/\/pans.krosno.pl\/fundusze-zewnetrzne\/projekty-zrealizowane\/rozbudowa-i-wyposazenie-infrastruktury-laboratoryjnej\/","url":"https:\/\/pans.krosno.pl\/fundusze-zewnetrzne\/projekty-zrealizowane\/rozbudowa-i-wyposazenie-infrastruktury-laboratoryjnej\/","name":"Rozbudowa i wyposa\u017cenie infrastruktury laboratoryjnej PWSZ w Kro\u015bnie - Fundusze zewn\u0119trzne PANS w Kro\u015bnie","isPartOf":{"@id":"https:\/\/pans.krosno.pl\/fundusze-zewnetrzne\/#website"},"primaryImageOfPage":{"@id":"https:\/\/pans.krosno.pl\/fundusze-zewnetrzne\/projekty-zrealizowane\/rozbudowa-i-wyposazenie-infrastruktury-laboratoryjnej\/#primaryimage"},"image":{"@id":"https:\/\/pans.krosno.pl\/fundusze-zewnetrzne\/projekty-zrealizowane\/rozbudowa-i-wyposazenie-infrastruktury-laboratoryjnej\/#primaryimage"},"thumbnailUrl":"https:\/\/pans.krosno.pl\/fundusze-europejskie-kursy\/wp-content\/uploads\/sites\/14\/2020\/09\/fe_pr_poziom-kolor-01.jpg","datePublished":"2020-05-13T12:02:10+00:00","dateModified":"2022-05-25T07:30:12+00:00","breadcrumb":{"@id":"https:\/\/pans.krosno.pl\/fundusze-zewnetrzne\/projekty-zrealizowane\/rozbudowa-i-wyposazenie-infrastruktury-laboratoryjnej\/#breadcrumb"},"inLanguage":"pl-PL","potentialAction":[{"@type":"ReadAction","target":["https:\/\/pans.krosno.pl\/fundusze-zewnetrzne\/projekty-zrealizowane\/rozbudowa-i-wyposazenie-infrastruktury-laboratoryjnej\/"]}]},{"@type":"ImageObject","inLanguage":"pl-PL","@id":"https:\/\/pans.krosno.pl\/fundusze-zewnetrzne\/projekty-zrealizowane\/rozbudowa-i-wyposazenie-infrastruktury-laboratoryjnej\/#primaryimage","url":"https:\/\/pans.krosno.pl\/fundusze-europejskie-kursy\/wp-content\/uploads\/sites\/14\/2020\/09\/fe_pr_poziom-kolor-01.jpg","contentUrl":"https:\/\/pans.krosno.pl\/fundusze-europejskie-kursy\/wp-content\/uploads\/sites\/14\/2020\/09\/fe_pr_poziom-kolor-01.jpg"},{"@type":"BreadcrumbList","@id":"https:\/\/pans.krosno.pl\/fundusze-zewnetrzne\/projekty-zrealizowane\/rozbudowa-i-wyposazenie-infrastruktury-laboratoryjnej\/#breadcrumb","itemListElement":[{"@type":"ListItem","position":1,"name":"Strona g\u0142\u00f3wna","item":"https:\/\/pans.krosno.pl\/fundusze-zewnetrzne\/"},{"@type":"ListItem","position":2,"name":"Projekty zrealizowane","item":"https:\/\/pans.krosno.pl\/fundusze-zewnetrzne\/projekty-zrealizowane\/"},{"@type":"ListItem","position":3,"name":"Rozbudowa i wyposa\u017cenie infrastruktury laboratoryjnej PWSZ w Kro\u015bnie"}]},{"@type":"WebSite","@id":"https:\/\/pans.krosno.pl\/fundusze-zewnetrzne\/#website","url":"https:\/\/pans.krosno.pl\/fundusze-zewnetrzne\/","name":"Fundusze zewn\u0119trzne PANS w Kro\u015bnie","description":"Fundusze zewn\u0119trzne  - Pa\u0144stwowa Akademia Nauk Stosowanych","publisher":{"@id":"https:\/\/pans.krosno.pl\/fundusze-zewnetrzne\/#organization"},"potentialAction":[{"@type":"SearchAction","target":{"@type":"EntryPoint","urlTemplate":"https:\/\/pans.krosno.pl\/fundusze-zewnetrzne\/?s={search_term_string}"},"query-input":{"@type":"PropertyValueSpecification","valueRequired":true,"valueName":"search_term_string"}}],"inLanguage":"pl-PL"},{"@type":"Organization","@id":"https:\/\/pans.krosno.pl\/fundusze-zewnetrzne\/#organization","name":"Fundusze zewn\u0119trzne PANS w Kro\u015bnie","url":"https:\/\/pans.krosno.pl\/fundusze-zewnetrzne\/","logo":{"@type":"ImageObject","inLanguage":"pl-PL","@id":"https:\/\/pans.krosno.pl\/fundusze-zewnetrzne\/#\/schema\/logo\/image\/","url":"https:\/\/pans.krosno.pl\/fundusze-zewnetrzne\/wp-content\/uploads\/sites\/14\/2023\/01\/Logo-PANS-2022-pelne.png","contentUrl":"https:\/\/pans.krosno.pl\/fundusze-zewnetrzne\/wp-content\/uploads\/sites\/14\/2023\/01\/Logo-PANS-2022-pelne.png","width":3096,"height":696,"caption":"Fundusze zewn\u0119trzne PANS w Kro\u015bnie"},"image":{"@id":"https:\/\/pans.krosno.pl\/fundusze-zewnetrzne\/#\/schema\/logo\/image\/"}}]}},"_links":{"self":[{"href":"https:\/\/pans.krosno.pl\/fundusze-zewnetrzne\/wp-json\/wp\/v2\/pages\/179","targetHints":{"allow":["GET"]}}],"collection":[{"href":"https:\/\/pans.krosno.pl\/fundusze-zewnetrzne\/wp-json\/wp\/v2\/pages"}],"about":[{"href":"https:\/\/pans.krosno.pl\/fundusze-zewnetrzne\/wp-json\/wp\/v2\/types\/page"}],"author":[{"embeddable":true,"href":"https:\/\/pans.krosno.pl\/fundusze-zewnetrzne\/wp-json\/wp\/v2\/users\/27"}],"replies":[{"embeddable":true,"href":"https:\/\/pans.krosno.pl\/fundusze-zewnetrzne\/wp-json\/wp\/v2\/comments?post=179"}],"version-history":[{"count":10,"href":"https:\/\/pans.krosno.pl\/fundusze-zewnetrzne\/wp-json\/wp\/v2\/pages\/179\/revisions"}],"predecessor-version":[{"id":1597,"href":"https:\/\/pans.krosno.pl\/fundusze-zewnetrzne\/wp-json\/wp\/v2\/pages\/179\/revisions\/1597"}],"up":[{"embeddable":true,"href":"https:\/\/pans.krosno.pl\/fundusze-zewnetrzne\/wp-json\/wp\/v2\/pages\/13"}],"wp:attachment":[{"href":"https:\/\/pans.krosno.pl\/fundusze-zewnetrzne\/wp-json\/wp\/v2\/media?parent=179"}],"curies":[{"name":"wp","href":"https:\/\/api.w.org\/{rel}","templated":true}]}}