{"id":51,"date":"2020-03-28T00:01:49","date_gmt":"2020-03-27T23:01:49","guid":{"rendered":"https:\/\/pans.krosno.pl\/dsdt\/?page_id=51"},"modified":"2026-02-17T20:41:16","modified_gmt":"2026-02-17T19:41:16","slug":"pracownicy","status":"publish","type":"page","link":"https:\/\/pans.krosno.pl\/dsdt\/pracownicy\/","title":{"rendered":"Pracownicy prowadz\u0105cy zaj\u0119cia w roku akademickim 2025\/2026"},"content":{"rendered":"<div class=\"aktualnosci\">\n<div>\n<h2>Kierownik Zak\u0142adu Studi\u00f3w Dwuj\u0119zykowych<\/h2>\n<ul>\n<li><a href=\"https:\/\/pans.krosno.pl\/pracownicy\/anna-hycnar\/\">mgr Anna Hycnar<\/a><\/li>\n<\/ul>\n<p><strong>Angli\u015bci<\/strong><\/p>\n<ul>\n<li><a href=\"https:\/\/pans.krosno.pl\/pracownicy\/wladyslaw-chlopicki\/\" target=\"_blank\" rel=\"noopener noreferrer\">dr hab. W\u0142adys\u0142aw Ch\u0142opicki<\/a><\/li>\n<li>dr hab. Mariusz Marczak<\/li>\n<li><a href=\"https:\/\/pans.krosno.pl\/pracownicy\/anna-lobodzinska\/\">mgr Anna \u0141obodzi\u0144ska<\/a><\/li>\n<li><a href=\"https:\/\/pans.krosno.pl\/pracownicy\/joanna-ziobro\/\" target=\"_blank\" rel=\"noopener noreferrer\">dr Joanna Ziobro-Strz\u0119pek &#8211; dyrektor Instytutu Humanistycznego<\/a><\/li>\n<li><a href=\"https:\/\/pans.krosno.pl\/pracownicy\/katarzyna-dziemian\/\" target=\"_blank\" rel=\"noopener noreferrer\">mgr Katarzyna Dziemian<\/a><\/li>\n<li><a href=\"https:\/\/pans.krosno.pl\/pracownicy\/dorota-mihulka\/\" target=\"_blank\" rel=\"noopener noreferrer\">dr Dorota Mihu\u0142ka<\/a><\/li>\n<li><a href=\"https:\/\/pans.krosno.pl\/pracownicy\/teresa-przyprawa\/\" target=\"_blank\" rel=\"noopener noreferrer\">mgr Teresa Przyprawa&nbsp;<\/a><\/li>\n<li>mgr Pawe\u0142 W\u0119grzyn<\/li>\n<li>mgr Aleksandra Brzana<\/li>\n<li>mgr Anna Mojak<\/li>\n<\/ul>\n<p><strong>Rusycy\u015bci<\/strong><\/p>\n<ul>\n<li><a href=\"https:\/\/pans.krosno.pl\/pracownicy\/grzegorz-przebinda\/\" target=\"_blank\" rel=\"noopener noreferrer\">prof. dr hab. Grzegorz Przebinda<\/a><\/li>\n<\/ul>\n<p><strong>Germani\u015bci<\/strong><\/p>\n<ul>\n<li><a href=\"https:\/\/pans.krosno.pl\/pracownicy\/leszek-habrat\/\" target=\"_blank\" rel=\"noopener noreferrer\">dr Leszek Habrat<\/a><\/li>\n<li><a href=\"https:\/\/pans.krosno.pl\/pracownicy\/anna-hycnar\/\" target=\"_blank\" rel=\"noopener noreferrer\">mgr Anna Hycnar (koordynator praktyk studenckich)<\/a><\/li>\n<\/ul>\n<\/div>\n<p><strong>Ibery\u015bci<\/strong><\/p>\n<ul>\n<li>mgr Roberto Martinez<\/li>\n<li>mgr Katarzyna Piwowar<\/li>\n<\/ul>\n<p><strong>Poloni\u015bci<\/strong><\/p>\n<ul>\n<li><a href=\"https:\/\/pans.krosno.pl\/pracownicy\/kazimierz-sikora\/\">prof. dr hab. Kazimierz Sikora<\/a><\/li>\n<\/ul>\n<\/div>\n<div class=\"aktualnosci\">\n<ul>\n<li>dr Joanna Ku\u0142akowska-Lis<\/li>\n<\/ul>\n<\/div>\n","protected":false},"excerpt":{"rendered":"<p>Kierownik Zak\u0142adu Studi\u00f3w Dwuj\u0119zykowych mgr Anna Hycnar Angli\u015bci dr hab. W\u0142adys\u0142aw Ch\u0142opicki dr hab. Mariusz Marczak mgr Anna \u0141obodzi\u0144ska dr Joanna Ziobro-Strz\u0119pek &#8211; dyrektor Instytutu Humanistycznego mgr Katarzyna Dziemian dr Dorota Mihu\u0142ka mgr Teresa Przyprawa&nbsp; mgr Pawe\u0142 W\u0119grzyn mgr Aleksandra Brzana mgr Anna Mojak Rusycy\u015bci prof. dr hab. Grzegorz Przebinda [\u2026] <\/p>\n<div class=\"clear\"><\/div>\n<p><a class=\"more_link clearfix\" href=\"https:\/\/pans.krosno.pl\/dsdt\/pracownicy\/\" rel=\"nofollow\">Read More<\/a><\/p>\n","protected":false},"author":27,"featured_media":0,"parent":0,"menu_order":0,"comment_status":"closed","ping_status":"closed","template":"page-templates\/template-full-width.php","meta":{"ngg_post_thumbnail":0,"footnotes":""},"class_list":["post-51","page","type-page","status-publish","hentry"],"yoast_head":"<!-- This site is optimized with the Yoast SEO Premium plugin v27.3 (Yoast SEO v27.3) - https:\/\/yoast.com\/product\/yoast-seo-premium-wordpress\/ -->\n<title>Pracownicy prowadz\u0105cy zaj\u0119cia w roku akademickim 2025\/2026 - Dwuj\u0119zykowe Studia dla T\u0142umaczy PANS w Kro\u015bnie<\/title>\n<meta name=\"description\" content=\"Kierownik Zak\u0142adu Komunikacji Mi\u0119dzykulturowej - dr Wojciech Grucha\u0142a\" \/>\n<meta name=\"robots\" content=\"index, follow, max-snippet:-1, max-image-preview:large, max-video-preview:-1\" \/>\n<link rel=\"canonical\" href=\"https:\/\/pans.krosno.pl\/dsdt\/pracownicy\/\" \/>\n<meta property=\"og:locale\" content=\"pl_PL\" \/>\n<meta property=\"og:type\" content=\"article\" \/>\n<meta property=\"og:title\" content=\"Pracownicy prowadz\u0105cy zaj\u0119cia w roku akademickim 2025\/2026\" \/>\n<meta property=\"og:description\" content=\"Kierownik Zak\u0142adu Komunikacji Mi\u0119dzykulturowej - dr Wojciech Grucha\u0142a\" \/>\n<meta property=\"og:url\" content=\"https:\/\/pans.krosno.pl\/dsdt\/pracownicy\/\" \/>\n<meta property=\"og:site_name\" content=\"Dwuj\u0119zykowe Studia dla T\u0142umaczy PANS w Kro\u015bnie\" \/>\n<meta property=\"article:modified_time\" content=\"2026-02-17T19:41:16+00:00\" \/>\n<meta name=\"twitter:card\" content=\"summary_large_image\" \/>\n<meta name=\"twitter:label1\" content=\"Szacowany czas czytania\" \/>\n\t<meta name=\"twitter:data1\" content=\"1 minuta\" \/>\n<script type=\"application\/ld+json\" class=\"yoast-schema-graph\">{\"@context\":\"https:\\\/\\\/schema.org\",\"@graph\":[{\"@type\":\"WebPage\",\"@id\":\"https:\\\/\\\/pans.krosno.pl\\\/dsdt\\\/pracownicy\\\/\",\"url\":\"https:\\\/\\\/pans.krosno.pl\\\/dsdt\\\/pracownicy\\\/\",\"name\":\"Pracownicy prowadz\u0105cy zaj\u0119cia w roku akademickim 2025\\\/2026 - Dwuj\u0119zykowe Studia dla T\u0142umaczy PANS w Kro\u015bnie\",\"isPartOf\":{\"@id\":\"https:\\\/\\\/pans.krosno.pl\\\/dsdt\\\/#website\"},\"datePublished\":\"2020-03-27T23:01:49+00:00\",\"dateModified\":\"2026-02-17T19:41:16+00:00\",\"description\":\"Kierownik Zak\u0142adu Komunikacji Mi\u0119dzykulturowej - dr Wojciech Grucha\u0142a\",\"breadcrumb\":{\"@id\":\"https:\\\/\\\/pans.krosno.pl\\\/dsdt\\\/pracownicy\\\/#breadcrumb\"},\"inLanguage\":\"pl-PL\",\"potentialAction\":[{\"@type\":\"ReadAction\",\"target\":[\"https:\\\/\\\/pans.krosno.pl\\\/dsdt\\\/pracownicy\\\/\"]}]},{\"@type\":\"BreadcrumbList\",\"@id\":\"https:\\\/\\\/pans.krosno.pl\\\/dsdt\\\/pracownicy\\\/#breadcrumb\",\"itemListElement\":[{\"@type\":\"ListItem\",\"position\":1,\"name\":\"Strona g\u0142\u00f3wna\",\"item\":\"https:\\\/\\\/pans.krosno.pl\\\/dsdt\\\/\"},{\"@type\":\"ListItem\",\"position\":2,\"name\":\"Pracownicy prowadz\u0105cy zaj\u0119cia w roku akademickim 2025\\\/2026\"}]},{\"@type\":\"WebSite\",\"@id\":\"https:\\\/\\\/pans.krosno.pl\\\/dsdt\\\/#website\",\"url\":\"https:\\\/\\\/pans.krosno.pl\\\/dsdt\\\/\",\"name\":\"Dwuj\u0119zykowe Studia dla T\u0142umaczy PANS w Kro\u015bnie\",\"description\":\"Dwuj\u0119zykowe Studia dla T\u0142umaczy - Pa\u0144stwowa Akademia Nauk Stosowanych\",\"publisher\":{\"@id\":\"https:\\\/\\\/pans.krosno.pl\\\/dsdt\\\/#organization\"},\"potentialAction\":[{\"@type\":\"SearchAction\",\"target\":{\"@type\":\"EntryPoint\",\"urlTemplate\":\"https:\\\/\\\/pans.krosno.pl\\\/dsdt\\\/?s={search_term_string}\"},\"query-input\":{\"@type\":\"PropertyValueSpecification\",\"valueRequired\":true,\"valueName\":\"search_term_string\"}}],\"inLanguage\":\"pl-PL\"},{\"@type\":\"Organization\",\"@id\":\"https:\\\/\\\/pans.krosno.pl\\\/dsdt\\\/#organization\",\"name\":\"Dwuj\u0119zykowe Studia dla T\u0142umaczy PANS w Kro\u015bnie\",\"url\":\"https:\\\/\\\/pans.krosno.pl\\\/dsdt\\\/\",\"logo\":{\"@type\":\"ImageObject\",\"inLanguage\":\"pl-PL\",\"@id\":\"https:\\\/\\\/pans.krosno.pl\\\/dsdt\\\/#\\\/schema\\\/logo\\\/image\\\/\",\"url\":\"https:\\\/\\\/pans.krosno.pl\\\/dsdt\\\/wp-content\\\/uploads\\\/sites\\\/27\\\/2023\\\/01\\\/Logo-PANS-2022-pelne.png\",\"contentUrl\":\"https:\\\/\\\/pans.krosno.pl\\\/dsdt\\\/wp-content\\\/uploads\\\/sites\\\/27\\\/2023\\\/01\\\/Logo-PANS-2022-pelne.png\",\"width\":3096,\"height\":696,\"caption\":\"Dwuj\u0119zykowe Studia dla T\u0142umaczy PANS w Kro\u015bnie\"},\"image\":{\"@id\":\"https:\\\/\\\/pans.krosno.pl\\\/dsdt\\\/#\\\/schema\\\/logo\\\/image\\\/\"}}]}<\/script>\n<!-- \/ Yoast SEO Premium plugin. -->","yoast_head_json":{"title":"Pracownicy prowadz\u0105cy zaj\u0119cia w roku akademickim 2025\/2026 - Dwuj\u0119zykowe Studia dla T\u0142umaczy PANS w Kro\u015bnie","description":"Kierownik Zak\u0142adu Komunikacji Mi\u0119dzykulturowej - dr Wojciech Grucha\u0142a","robots":{"index":"index","follow":"follow","max-snippet":"max-snippet:-1","max-image-preview":"max-image-preview:large","max-video-preview":"max-video-preview:-1"},"canonical":"https:\/\/pans.krosno.pl\/dsdt\/pracownicy\/","og_locale":"pl_PL","og_type":"article","og_title":"Pracownicy prowadz\u0105cy zaj\u0119cia w roku akademickim 2025\/2026","og_description":"Kierownik Zak\u0142adu Komunikacji Mi\u0119dzykulturowej - dr Wojciech Grucha\u0142a","og_url":"https:\/\/pans.krosno.pl\/dsdt\/pracownicy\/","og_site_name":"Dwuj\u0119zykowe Studia dla T\u0142umaczy PANS w Kro\u015bnie","article_modified_time":"2026-02-17T19:41:16+00:00","twitter_card":"summary_large_image","twitter_misc":{"Szacowany czas czytania":"1 minuta"},"schema":{"@context":"https:\/\/schema.org","@graph":[{"@type":"WebPage","@id":"https:\/\/pans.krosno.pl\/dsdt\/pracownicy\/","url":"https:\/\/pans.krosno.pl\/dsdt\/pracownicy\/","name":"Pracownicy prowadz\u0105cy zaj\u0119cia w roku akademickim 2025\/2026 - Dwuj\u0119zykowe Studia dla T\u0142umaczy PANS w Kro\u015bnie","isPartOf":{"@id":"https:\/\/pans.krosno.pl\/dsdt\/#website"},"datePublished":"2020-03-27T23:01:49+00:00","dateModified":"2026-02-17T19:41:16+00:00","description":"Kierownik Zak\u0142adu Komunikacji Mi\u0119dzykulturowej - dr Wojciech Grucha\u0142a","breadcrumb":{"@id":"https:\/\/pans.krosno.pl\/dsdt\/pracownicy\/#breadcrumb"},"inLanguage":"pl-PL","potentialAction":[{"@type":"ReadAction","target":["https:\/\/pans.krosno.pl\/dsdt\/pracownicy\/"]}]},{"@type":"BreadcrumbList","@id":"https:\/\/pans.krosno.pl\/dsdt\/pracownicy\/#breadcrumb","itemListElement":[{"@type":"ListItem","position":1,"name":"Strona g\u0142\u00f3wna","item":"https:\/\/pans.krosno.pl\/dsdt\/"},{"@type":"ListItem","position":2,"name":"Pracownicy prowadz\u0105cy zaj\u0119cia w roku akademickim 2025\/2026"}]},{"@type":"WebSite","@id":"https:\/\/pans.krosno.pl\/dsdt\/#website","url":"https:\/\/pans.krosno.pl\/dsdt\/","name":"Dwuj\u0119zykowe Studia dla T\u0142umaczy PANS w Kro\u015bnie","description":"Dwuj\u0119zykowe Studia dla T\u0142umaczy - Pa\u0144stwowa Akademia Nauk Stosowanych","publisher":{"@id":"https:\/\/pans.krosno.pl\/dsdt\/#organization"},"potentialAction":[{"@type":"SearchAction","target":{"@type":"EntryPoint","urlTemplate":"https:\/\/pans.krosno.pl\/dsdt\/?s={search_term_string}"},"query-input":{"@type":"PropertyValueSpecification","valueRequired":true,"valueName":"search_term_string"}}],"inLanguage":"pl-PL"},{"@type":"Organization","@id":"https:\/\/pans.krosno.pl\/dsdt\/#organization","name":"Dwuj\u0119zykowe Studia dla T\u0142umaczy PANS w Kro\u015bnie","url":"https:\/\/pans.krosno.pl\/dsdt\/","logo":{"@type":"ImageObject","inLanguage":"pl-PL","@id":"https:\/\/pans.krosno.pl\/dsdt\/#\/schema\/logo\/image\/","url":"https:\/\/pans.krosno.pl\/dsdt\/wp-content\/uploads\/sites\/27\/2023\/01\/Logo-PANS-2022-pelne.png","contentUrl":"https:\/\/pans.krosno.pl\/dsdt\/wp-content\/uploads\/sites\/27\/2023\/01\/Logo-PANS-2022-pelne.png","width":3096,"height":696,"caption":"Dwuj\u0119zykowe Studia dla T\u0142umaczy PANS w Kro\u015bnie"},"image":{"@id":"https:\/\/pans.krosno.pl\/dsdt\/#\/schema\/logo\/image\/"}}]}},"_links":{"self":[{"href":"https:\/\/pans.krosno.pl\/dsdt\/wp-json\/wp\/v2\/pages\/51","targetHints":{"allow":["GET"]}}],"collection":[{"href":"https:\/\/pans.krosno.pl\/dsdt\/wp-json\/wp\/v2\/pages"}],"about":[{"href":"https:\/\/pans.krosno.pl\/dsdt\/wp-json\/wp\/v2\/types\/page"}],"author":[{"embeddable":true,"href":"https:\/\/pans.krosno.pl\/dsdt\/wp-json\/wp\/v2\/users\/27"}],"replies":[{"embeddable":true,"href":"https:\/\/pans.krosno.pl\/dsdt\/wp-json\/wp\/v2\/comments?post=51"}],"version-history":[{"count":42,"href":"https:\/\/pans.krosno.pl\/dsdt\/wp-json\/wp\/v2\/pages\/51\/revisions"}],"predecessor-version":[{"id":4176,"href":"https:\/\/pans.krosno.pl\/dsdt\/wp-json\/wp\/v2\/pages\/51\/revisions\/4176"}],"wp:attachment":[{"href":"https:\/\/pans.krosno.pl\/dsdt\/wp-json\/wp\/v2\/media?parent=51"}],"curies":[{"name":"wp","href":"https:\/\/api.w.org\/{rel}","templated":true}]}}