{"id":764,"date":"2020-10-01T11:28:52","date_gmt":"2020-10-01T09:28:52","guid":{"rendered":"https:\/\/pans.krosno.pl\/bk\/?page_id=764"},"modified":"2025-10-08T14:13:58","modified_gmt":"2025-10-08T12:13:58","slug":"przewodnik","status":"publish","type":"page","link":"https:\/\/pans.krosno.pl\/cti\/praktyki\/przewodnik\/","title":{"rendered":"Przewodnik"},"content":{"rendered":"\n<div class=\"wp-block-cover\" style=\"min-height:297px;aspect-ratio:unset;\"><span aria-hidden=\"true\" class=\"wp-block-cover__background has-background-dim\"><\/span><img loading=\"lazy\" decoding=\"async\" width=\"1280\" height=\"853\" class=\"wp-block-cover__image-background wp-image-1187\" alt=\"\" src=\"https:\/\/pans.krosno.pl\/cti\/wp-content\/uploads\/sites\/38\/2021\/03\/KROK-PO-KROKU.jpg\" data-object-fit=\"cover\" srcset=\"https:\/\/pans.krosno.pl\/cti\/wp-content\/uploads\/sites\/38\/2021\/03\/KROK-PO-KROKU.jpg 1280w, https:\/\/pans.krosno.pl\/cti\/wp-content\/uploads\/sites\/38\/2021\/03\/KROK-PO-KROKU-300x200.jpg 300w, https:\/\/pans.krosno.pl\/cti\/wp-content\/uploads\/sites\/38\/2021\/03\/KROK-PO-KROKU-1024x682.jpg 1024w, https:\/\/pans.krosno.pl\/cti\/wp-content\/uploads\/sites\/38\/2021\/03\/KROK-PO-KROKU-768x512.jpg 768w, https:\/\/pans.krosno.pl\/cti\/wp-content\/uploads\/sites\/38\/2021\/03\/KROK-PO-KROKU-800x533.jpg 800w, https:\/\/pans.krosno.pl\/cti\/wp-content\/uploads\/sites\/38\/2021\/03\/KROK-PO-KROKU-580x387.jpg 580w\" sizes=\"auto, (max-width: 1280px) 100vw, 1280px\" \/><div class=\"wp-block-cover__inner-container is-layout-flow wp-block-cover-is-layout-flow\">\n<p class=\"has-text-align-center has-large-font-size\">Praktyki krok po kroku<\/p>\n<\/div><\/div>\n\n\n<p>&nbsp;<\/p>\n<p><strong>Student samodzielnie dokonuje wyboru miejsca odbywania praktyki w porozumieniu z dan\u0105 instytucj\u0105 i opiekunem praktyk.<\/strong><\/p>\n<p><img loading=\"lazy\" decoding=\"async\" class=\"alignnone  wp-image-1191\" src=\"https:\/\/pans.krosno.pl\/cti\/wp-content\/uploads\/sites\/38\/2021\/03\/kontakt-pracodawca-300x200.jpg\" alt=\"\" width=\"200\" height=\"133\" srcset=\"https:\/\/pans.krosno.pl\/cti\/wp-content\/uploads\/sites\/38\/2021\/03\/kontakt-pracodawca-300x200.jpg 300w, https:\/\/pans.krosno.pl\/cti\/wp-content\/uploads\/sites\/38\/2021\/03\/kontakt-pracodawca-1024x682.jpg 1024w, https:\/\/pans.krosno.pl\/cti\/wp-content\/uploads\/sites\/38\/2021\/03\/kontakt-pracodawca-768x512.jpg 768w, https:\/\/pans.krosno.pl\/cti\/wp-content\/uploads\/sites\/38\/2021\/03\/kontakt-pracodawca-800x533.jpg 800w, https:\/\/pans.krosno.pl\/cti\/wp-content\/uploads\/sites\/38\/2021\/03\/kontakt-pracodawca-580x387.jpg 580w, https:\/\/pans.krosno.pl\/cti\/wp-content\/uploads\/sites\/38\/2021\/03\/kontakt-pracodawca.jpg 1280w\" sizes=\"auto, (max-width: 200px) 100vw, 200px\" \/> &nbsp;&nbsp;&nbsp; <strong>KROK 1 Skontaktuj si\u0119 z pracodawc\u0105<\/strong><\/p>\n<p style=\"text-align: justify;\">1.&nbsp;&nbsp; Wybierz firm\u0119\/instytucj\u0119, w kt\u00f3rej chcesz odby\u0107 praktyk\u0119.<br>2. Nie wiesz, gdzie odby\u0107 praktyk\u0119 studenck\u0105? Sprawd\u017a na stronie internetowej Biura Karier i Praktyk KPU w Kro\u015bnie <a href=\"https:\/\/pans.krosno.pl\/cti\/praktyki\/przewodnik\/firmy-i-instytucje-partnerskie\/\"><strong>firmy partnerskie<\/strong><\/a> lub popro\u015b o pomoc opiekuna praktyk lub pracownika Biura Karier. Mo\u017cesz r\u00f3wnie\u017c skorzysta\u0107 z <strong><a href=\"https:\/\/pans.krosno.pl\/cti\/wp-content\/uploads\/sites\/38\/2023\/04\/wykazu-firm.pdf\">wykazu firm<\/a><\/strong>, z kt\u00f3rymi Uczelnia ma podpisan\u0105 umow\u0119 o wsp\u00f3\u0142pracy.<br>3. Uzyskaj w firmie wst\u0119pn\u0105 zgod\u0119 na odbycie praktyki.<br>4. Opiekun praktyk wystawi Ci <strong><a href=\"https:\/\/pans.krosno.pl\/cti\/wp-content\/uploads\/sites\/38\/2023\/04\/Skierowanie-na-praktyke.doc\">skierowanie na praktyk\u0119<\/a><\/strong> do firmy, w kt\u00f3rej ubiegasz si\u0119 o przyj\u0119cie. <br>5. Ubezpiecz si\u0119 w zakresie NNW i wype\u0142nij <a href=\"https:\/\/pans.krosno.pl\/cti\/wp-content\/uploads\/sites\/38\/2023\/04\/oswiadczenie.doc\"><strong>o\u015bwiadczenie<\/strong><\/a>, w kt\u00f3rym potwierdzisz, \u017ce Twoje ubezpieczenie NNW obowi\u0105zuje w okresie realizacji praktyki. Pami\u0119taj, ubezpieczenie si\u0119 w zakresie NNW na czas trwania praktyki jest obowi\u0105zkiem Studenta. <br>6. O\u015bwiadczenie o ubezpieczeniu NNW wraz z wype\u0142nionym skierowaniem na praktyk\u0119 przeka\u017c opiekunowi praktyk. <br>7. Na podstawie skierowania opiekun praktyk wystawi Ci porozumienie w sprawie realizacji praktyk. <br>8. Porozumienie w sprawie realizacji praktyk zostanie podpisane przed rozpocz\u0119ciem praktyki zawodowej. Ze strony Uczelni porozumienie podpisze Prorektor ds. rozwoju, a nast\u0119pnie zostanie ono przekazane do podpisu pracodawcy.<\/p>\n<p style=\"text-align: justify;\"><img loading=\"lazy\" decoding=\"async\" class=\"alignnone  wp-image-1190\" src=\"https:\/\/pans.krosno.pl\/cti\/wp-content\/uploads\/sites\/38\/2021\/03\/odbadz-praktyki-300x200.jpg\" alt=\"\" width=\"230\" height=\"153\" srcset=\"https:\/\/pans.krosno.pl\/cti\/wp-content\/uploads\/sites\/38\/2021\/03\/odbadz-praktyki-300x200.jpg 300w, https:\/\/pans.krosno.pl\/cti\/wp-content\/uploads\/sites\/38\/2021\/03\/odbadz-praktyki-1024x682.jpg 1024w, https:\/\/pans.krosno.pl\/cti\/wp-content\/uploads\/sites\/38\/2021\/03\/odbadz-praktyki-768x512.jpg 768w, https:\/\/pans.krosno.pl\/cti\/wp-content\/uploads\/sites\/38\/2021\/03\/odbadz-praktyki-800x533.jpg 800w, https:\/\/pans.krosno.pl\/cti\/wp-content\/uploads\/sites\/38\/2021\/03\/odbadz-praktyki-580x387.jpg 580w, https:\/\/pans.krosno.pl\/cti\/wp-content\/uploads\/sites\/38\/2021\/03\/odbadz-praktyki.jpg 1280w\" sizes=\"auto, (max-width: 230px) 100vw, 230px\" \/> &nbsp;&nbsp;&nbsp;&nbsp;&nbsp;&nbsp;<strong> KROK 2 Odb\u0105d\u017a praktyki<\/strong><\/p>\n<p style=\"text-align: justify;\">1. Wyznaczony przez pracodawc\u0119 opiekun praktyk ustali z Tob\u0105 godziny pracy i zakres obowi\u0105zk\u00f3w na podstawie Ramowego programu praktyk. Ramowy program praktyk otrzymasz od opiekuna praktyk na Twoim kierunku.<br>2. Pami\u0119taj o prowadzeniu <strong><a href=\"https:\/\/pans.krosno.pl\/cti\/wp-content\/uploads\/sites\/38\/2023\/04\/Dziennik-praktyk-studenckich_PANS-Krosno.pdf\">Dziennik praktyk studenckich<\/a><\/strong><br>W Dzienniku ewidencjonuj ka\u017cdy dzie\u0144 odbywanej praktyki, podaj\u0105c: dat\u0119, liczb\u0119 godzin oraz zakres wykonywanych czynno\u015bci.<br>3. Pami\u0119taj, \u017ce korzy\u015bci z odbycia praktyk w dobrej firmie s\u0105 bezcenne i w znacznym stopniu zwi\u0119kszaj\u0105 Twoje szanse na zatrudnienie!<\/p>\n<p style=\"text-align: justify;\"><img loading=\"lazy\" decoding=\"async\" class=\"alignnone  wp-image-1192\" src=\"https:\/\/pans.krosno.pl\/cti\/wp-content\/uploads\/sites\/38\/2021\/03\/zloz-dokumenty-300x274.png\" alt=\"\" width=\"204\" height=\"186\" srcset=\"https:\/\/pans.krosno.pl\/cti\/wp-content\/uploads\/sites\/38\/2021\/03\/zloz-dokumenty-300x274.png 300w, https:\/\/pans.krosno.pl\/cti\/wp-content\/uploads\/sites\/38\/2021\/03\/zloz-dokumenty-1024x937.png 1024w, https:\/\/pans.krosno.pl\/cti\/wp-content\/uploads\/sites\/38\/2021\/03\/zloz-dokumenty-768x703.png 768w, https:\/\/pans.krosno.pl\/cti\/wp-content\/uploads\/sites\/38\/2021\/03\/zloz-dokumenty-800x732.png 800w, https:\/\/pans.krosno.pl\/cti\/wp-content\/uploads\/sites\/38\/2021\/03\/zloz-dokumenty-580x531.png 580w, https:\/\/pans.krosno.pl\/cti\/wp-content\/uploads\/sites\/38\/2021\/03\/zloz-dokumenty.png 1280w\" sizes=\"auto, (max-width: 204px) 100vw, 204px\" \/><strong> &nbsp; KROK 3 Po zako\u0144czeniu praktyki<\/strong><\/p>\n<p>1. Popro\u015b pracodawc\u0119 o wype\u0142nienie i podpisanie dokument\u00f3w niezb\u0119dnych do zaliczenia praktyki.<br>2. Z\u0142\u00f3\u017c u opiekuna praktyk (w terminie do dw\u00f3ch tygodni po zako\u0144czeniu praktyki) komplet podpisanych przez pracodawc\u0119 dokument\u00f3w, potwierdzaj\u0105cych odbycie praktyki tj. dzienniczek praktyk i kart\u0119 weryfikacji efekt\u00f3w uczenia si\u0119.<\/p>\n<p><strong><a href=\"https:\/\/pans.krosno.pl\/cti\/wp-content\/uploads\/sites\/38\/2024\/09\/OPIEKUNOWIE-PRAKTYK_2024_25.docx\">OPIEKUNOWIE-PRAKTYK_2024_25<\/a><\/strong><\/p>","protected":false},"excerpt":{"rendered":"<p>&nbsp; Student samodzielnie dokonuje wyboru miejsca odbywania praktyki w porozumieniu z dan\u0105 instytucj\u0105 i opiekunem praktyk. &nbsp;&nbsp;&nbsp; KROK 1 Skontaktuj si\u0119 z pracodawc\u0105 1.&nbsp;&nbsp; Wybierz firm\u0119\/instytucj\u0119, w kt\u00f3rej chcesz odby\u0107 praktyk\u0119.2. Nie wiesz, gdzie odby\u0107 praktyk\u0119 studenck\u0105? Sprawd\u017a na stronie internetowej Biura Karier i Praktyk KPU w Kro\u015bnie firmy partnerskie [\u2026] <\/p>\n<div class=\"clear\"><\/div>\n<p><a class=\"more_link clearfix\" href=\"https:\/\/pans.krosno.pl\/cti\/praktyki\/przewodnik\/\" rel=\"nofollow\">Read More<\/a><\/p>\n","protected":false},"author":27,"featured_media":0,"parent":222,"menu_order":0,"comment_status":"closed","ping_status":"closed","template":"page-templates\/template-full-width.php","meta":{"ngg_post_thumbnail":0,"footnotes":""},"class_list":["post-764","page","type-page","status-publish","hentry"],"yoast_head":"<!-- This site is optimized with the Yoast SEO Premium plugin v27.4 (Yoast SEO v27.4) - https:\/\/yoast.com\/product\/yoast-seo-premium-wordpress\/ -->\n<title>Przewodnik - Centrum Technologiczne Inkubator PANS w Kro\u015bnie<\/title>\n<meta name=\"robots\" content=\"index, follow, max-snippet:-1, max-image-preview:large, max-video-preview:-1\" \/>\n<link rel=\"canonical\" href=\"https:\/\/pans.krosno.pl\/cti\/praktyki\/przewodnik\/\" \/>\n<meta property=\"og:locale\" content=\"pl_PL\" \/>\n<meta property=\"og:type\" content=\"article\" \/>\n<meta property=\"og:title\" content=\"Przewodnik\" \/>\n<meta property=\"og:description\" content=\"&nbsp; Student samodzielnie dokonuje wyboru miejsca odbywania praktyki w porozumieniu z dan\u0105 instytucj\u0105 i opiekunem praktyk. &nbsp;&nbsp;&nbsp; KROK 1 Skontaktuj si\u0119 z pracodawc\u0105 1.&nbsp;&nbsp; Wybierz firm\u0119\/instytucj\u0119, w kt\u00f3rej chcesz odby\u0107 praktyk\u0119.2. Nie wiesz, gdzie odby\u0107 praktyk\u0119 studenck\u0105? Sprawd\u017a na stronie internetowej Biura Karier i Praktyk KPU w Kro\u015bnie firmy partnerskie [\u2026] Read More\" \/>\n<meta property=\"og:url\" content=\"https:\/\/pans.krosno.pl\/cti\/praktyki\/przewodnik\/\" \/>\n<meta property=\"og:site_name\" content=\"Centrum Technologiczne Inkubator PANS w Kro\u015bnie\" \/>\n<meta property=\"article:publisher\" content=\"https:\/\/www.facebook.com\/BKKPUKROSNO\/\" \/>\n<meta property=\"article:modified_time\" content=\"2025-10-08T12:13:58+00:00\" \/>\n<meta property=\"og:image\" content=\"https:\/\/pans.krosno.pl\/cti\/wp-content\/uploads\/sites\/38\/2021\/03\/KROK-PO-KROKU.jpg\" \/>\n\t<meta property=\"og:image:width\" content=\"1280\" \/>\n\t<meta property=\"og:image:height\" content=\"853\" \/>\n\t<meta property=\"og:image:type\" content=\"image\/jpeg\" \/>\n<meta name=\"twitter:card\" content=\"summary_large_image\" \/>\n<meta name=\"twitter:label1\" content=\"Szacowany czas czytania\" \/>\n\t<meta name=\"twitter:data1\" content=\"3 minuty\" \/>\n<script type=\"application\/ld+json\" class=\"yoast-schema-graph\">{\"@context\":\"https:\\\/\\\/schema.org\",\"@graph\":[{\"@type\":\"WebPage\",\"@id\":\"https:\\\/\\\/pans.krosno.pl\\\/cti\\\/praktyki\\\/przewodnik\\\/\",\"url\":\"https:\\\/\\\/pans.krosno.pl\\\/cti\\\/praktyki\\\/przewodnik\\\/\",\"name\":\"Przewodnik - Centrum Technologiczne Inkubator PANS w Kro\u015bnie\",\"isPartOf\":{\"@id\":\"https:\\\/\\\/pans.krosno.pl\\\/cti\\\/#website\"},\"primaryImageOfPage\":{\"@id\":\"https:\\\/\\\/pans.krosno.pl\\\/cti\\\/praktyki\\\/przewodnik\\\/#primaryimage\"},\"image\":{\"@id\":\"https:\\\/\\\/pans.krosno.pl\\\/cti\\\/praktyki\\\/przewodnik\\\/#primaryimage\"},\"thumbnailUrl\":\"https:\\\/\\\/pans.krosno.pl\\\/cti\\\/wp-content\\\/uploads\\\/sites\\\/38\\\/2021\\\/03\\\/KROK-PO-KROKU.jpg\",\"datePublished\":\"2020-10-01T09:28:52+00:00\",\"dateModified\":\"2025-10-08T12:13:58+00:00\",\"breadcrumb\":{\"@id\":\"https:\\\/\\\/pans.krosno.pl\\\/cti\\\/praktyki\\\/przewodnik\\\/#breadcrumb\"},\"inLanguage\":\"pl-PL\",\"potentialAction\":[{\"@type\":\"ReadAction\",\"target\":[\"https:\\\/\\\/pans.krosno.pl\\\/cti\\\/praktyki\\\/przewodnik\\\/\"]}]},{\"@type\":\"ImageObject\",\"inLanguage\":\"pl-PL\",\"@id\":\"https:\\\/\\\/pans.krosno.pl\\\/cti\\\/praktyki\\\/przewodnik\\\/#primaryimage\",\"url\":\"https:\\\/\\\/pans.krosno.pl\\\/cti\\\/wp-content\\\/uploads\\\/sites\\\/38\\\/2021\\\/03\\\/KROK-PO-KROKU.jpg\",\"contentUrl\":\"https:\\\/\\\/pans.krosno.pl\\\/cti\\\/wp-content\\\/uploads\\\/sites\\\/38\\\/2021\\\/03\\\/KROK-PO-KROKU.jpg\",\"width\":1280,\"height\":853},{\"@type\":\"BreadcrumbList\",\"@id\":\"https:\\\/\\\/pans.krosno.pl\\\/cti\\\/praktyki\\\/przewodnik\\\/#breadcrumb\",\"itemListElement\":[{\"@type\":\"ListItem\",\"position\":1,\"name\":\"Strona g\u0142\u00f3wna\",\"item\":\"https:\\\/\\\/pans.krosno.pl\\\/cti\\\/\"},{\"@type\":\"ListItem\",\"position\":2,\"name\":\"Praktyki\",\"item\":\"https:\\\/\\\/pans.krosno.pl\\\/cti\\\/praktyki\\\/\"},{\"@type\":\"ListItem\",\"position\":3,\"name\":\"Przewodnik\"}]},{\"@type\":\"WebSite\",\"@id\":\"https:\\\/\\\/pans.krosno.pl\\\/cti\\\/#website\",\"url\":\"https:\\\/\\\/pans.krosno.pl\\\/cti\\\/\",\"name\":\"Biuro Karier\",\"description\":\"Centrum Technologiczne Inkubator - Pa\u0144stwowa Akademia Nauk Stosowanych\",\"publisher\":{\"@id\":\"https:\\\/\\\/pans.krosno.pl\\\/cti\\\/#organization\"},\"potentialAction\":[{\"@type\":\"SearchAction\",\"target\":{\"@type\":\"EntryPoint\",\"urlTemplate\":\"https:\\\/\\\/pans.krosno.pl\\\/cti\\\/?s={search_term_string}\"},\"query-input\":{\"@type\":\"PropertyValueSpecification\",\"valueRequired\":true,\"valueName\":\"search_term_string\"}}],\"inLanguage\":\"pl-PL\"},{\"@type\":\"Organization\",\"@id\":\"https:\\\/\\\/pans.krosno.pl\\\/cti\\\/#organization\",\"name\":\"Biuro Karier - Karpacka Pa\u0144stwowa Uczelnia w Kro\u015bnie\",\"url\":\"https:\\\/\\\/pans.krosno.pl\\\/cti\\\/\",\"logo\":{\"@type\":\"ImageObject\",\"inLanguage\":\"pl-PL\",\"@id\":\"https:\\\/\\\/pans.krosno.pl\\\/cti\\\/#\\\/schema\\\/logo\\\/image\\\/\",\"url\":\"https:\\\/\\\/pans.krosno.pl\\\/bk\\\/wp-content\\\/uploads\\\/sites\\\/38\\\/2020\\\/05\\\/96735643_906333539807912_5732186373989859328_n-1.gif\",\"contentUrl\":\"https:\\\/\\\/pans.krosno.pl\\\/bk\\\/wp-content\\\/uploads\\\/sites\\\/38\\\/2020\\\/05\\\/96735643_906333539807912_5732186373989859328_n-1.gif\",\"width\":762,\"height\":137,\"caption\":\"Biuro Karier - Karpacka Pa\u0144stwowa Uczelnia w Kro\u015bnie\"},\"image\":{\"@id\":\"https:\\\/\\\/pans.krosno.pl\\\/cti\\\/#\\\/schema\\\/logo\\\/image\\\/\"},\"sameAs\":[\"https:\\\/\\\/www.facebook.com\\\/BKKPUKROSNO\\\/\"]}]}<\/script>\n<!-- \/ Yoast SEO Premium plugin. -->","yoast_head_json":{"title":"Przewodnik - Centrum Technologiczne Inkubator PANS w Kro\u015bnie","robots":{"index":"index","follow":"follow","max-snippet":"max-snippet:-1","max-image-preview":"max-image-preview:large","max-video-preview":"max-video-preview:-1"},"canonical":"https:\/\/pans.krosno.pl\/cti\/praktyki\/przewodnik\/","og_locale":"pl_PL","og_type":"article","og_title":"Przewodnik","og_description":"&nbsp; Student samodzielnie dokonuje wyboru miejsca odbywania praktyki w porozumieniu z dan\u0105 instytucj\u0105 i opiekunem praktyk. &nbsp;&nbsp;&nbsp; KROK 1 Skontaktuj si\u0119 z pracodawc\u0105 1.&nbsp;&nbsp; Wybierz firm\u0119\/instytucj\u0119, w kt\u00f3rej chcesz odby\u0107 praktyk\u0119.2. Nie wiesz, gdzie odby\u0107 praktyk\u0119 studenck\u0105? Sprawd\u017a na stronie internetowej Biura Karier i Praktyk KPU w Kro\u015bnie firmy partnerskie [\u2026] Read More","og_url":"https:\/\/pans.krosno.pl\/cti\/praktyki\/przewodnik\/","og_site_name":"Centrum Technologiczne Inkubator PANS w Kro\u015bnie","article_publisher":"https:\/\/www.facebook.com\/BKKPUKROSNO\/","article_modified_time":"2025-10-08T12:13:58+00:00","og_image":[{"width":1280,"height":853,"url":"https:\/\/pans.krosno.pl\/cti\/wp-content\/uploads\/sites\/38\/2021\/03\/KROK-PO-KROKU.jpg","type":"image\/jpeg"}],"twitter_card":"summary_large_image","twitter_misc":{"Szacowany czas czytania":"3 minuty"},"schema":{"@context":"https:\/\/schema.org","@graph":[{"@type":"WebPage","@id":"https:\/\/pans.krosno.pl\/cti\/praktyki\/przewodnik\/","url":"https:\/\/pans.krosno.pl\/cti\/praktyki\/przewodnik\/","name":"Przewodnik - Centrum Technologiczne Inkubator PANS w Kro\u015bnie","isPartOf":{"@id":"https:\/\/pans.krosno.pl\/cti\/#website"},"primaryImageOfPage":{"@id":"https:\/\/pans.krosno.pl\/cti\/praktyki\/przewodnik\/#primaryimage"},"image":{"@id":"https:\/\/pans.krosno.pl\/cti\/praktyki\/przewodnik\/#primaryimage"},"thumbnailUrl":"https:\/\/pans.krosno.pl\/cti\/wp-content\/uploads\/sites\/38\/2021\/03\/KROK-PO-KROKU.jpg","datePublished":"2020-10-01T09:28:52+00:00","dateModified":"2025-10-08T12:13:58+00:00","breadcrumb":{"@id":"https:\/\/pans.krosno.pl\/cti\/praktyki\/przewodnik\/#breadcrumb"},"inLanguage":"pl-PL","potentialAction":[{"@type":"ReadAction","target":["https:\/\/pans.krosno.pl\/cti\/praktyki\/przewodnik\/"]}]},{"@type":"ImageObject","inLanguage":"pl-PL","@id":"https:\/\/pans.krosno.pl\/cti\/praktyki\/przewodnik\/#primaryimage","url":"https:\/\/pans.krosno.pl\/cti\/wp-content\/uploads\/sites\/38\/2021\/03\/KROK-PO-KROKU.jpg","contentUrl":"https:\/\/pans.krosno.pl\/cti\/wp-content\/uploads\/sites\/38\/2021\/03\/KROK-PO-KROKU.jpg","width":1280,"height":853},{"@type":"BreadcrumbList","@id":"https:\/\/pans.krosno.pl\/cti\/praktyki\/przewodnik\/#breadcrumb","itemListElement":[{"@type":"ListItem","position":1,"name":"Strona g\u0142\u00f3wna","item":"https:\/\/pans.krosno.pl\/cti\/"},{"@type":"ListItem","position":2,"name":"Praktyki","item":"https:\/\/pans.krosno.pl\/cti\/praktyki\/"},{"@type":"ListItem","position":3,"name":"Przewodnik"}]},{"@type":"WebSite","@id":"https:\/\/pans.krosno.pl\/cti\/#website","url":"https:\/\/pans.krosno.pl\/cti\/","name":"Biuro Karier","description":"Centrum Technologiczne Inkubator - Pa\u0144stwowa Akademia Nauk Stosowanych","publisher":{"@id":"https:\/\/pans.krosno.pl\/cti\/#organization"},"potentialAction":[{"@type":"SearchAction","target":{"@type":"EntryPoint","urlTemplate":"https:\/\/pans.krosno.pl\/cti\/?s={search_term_string}"},"query-input":{"@type":"PropertyValueSpecification","valueRequired":true,"valueName":"search_term_string"}}],"inLanguage":"pl-PL"},{"@type":"Organization","@id":"https:\/\/pans.krosno.pl\/cti\/#organization","name":"Biuro Karier - Karpacka Pa\u0144stwowa Uczelnia w Kro\u015bnie","url":"https:\/\/pans.krosno.pl\/cti\/","logo":{"@type":"ImageObject","inLanguage":"pl-PL","@id":"https:\/\/pans.krosno.pl\/cti\/#\/schema\/logo\/image\/","url":"https:\/\/pans.krosno.pl\/bk\/wp-content\/uploads\/sites\/38\/2020\/05\/96735643_906333539807912_5732186373989859328_n-1.gif","contentUrl":"https:\/\/pans.krosno.pl\/bk\/wp-content\/uploads\/sites\/38\/2020\/05\/96735643_906333539807912_5732186373989859328_n-1.gif","width":762,"height":137,"caption":"Biuro Karier - Karpacka Pa\u0144stwowa Uczelnia w Kro\u015bnie"},"image":{"@id":"https:\/\/pans.krosno.pl\/cti\/#\/schema\/logo\/image\/"},"sameAs":["https:\/\/www.facebook.com\/BKKPUKROSNO\/"]}]}},"_links":{"self":[{"href":"https:\/\/pans.krosno.pl\/cti\/wp-json\/wp\/v2\/pages\/764","targetHints":{"allow":["GET"]}}],"collection":[{"href":"https:\/\/pans.krosno.pl\/cti\/wp-json\/wp\/v2\/pages"}],"about":[{"href":"https:\/\/pans.krosno.pl\/cti\/wp-json\/wp\/v2\/types\/page"}],"author":[{"embeddable":true,"href":"https:\/\/pans.krosno.pl\/cti\/wp-json\/wp\/v2\/users\/27"}],"replies":[{"embeddable":true,"href":"https:\/\/pans.krosno.pl\/cti\/wp-json\/wp\/v2\/comments?post=764"}],"version-history":[{"count":35,"href":"https:\/\/pans.krosno.pl\/cti\/wp-json\/wp\/v2\/pages\/764\/revisions"}],"predecessor-version":[{"id":7194,"href":"https:\/\/pans.krosno.pl\/cti\/wp-json\/wp\/v2\/pages\/764\/revisions\/7194"}],"up":[{"embeddable":true,"href":"https:\/\/pans.krosno.pl\/cti\/wp-json\/wp\/v2\/pages\/222"}],"wp:attachment":[{"href":"https:\/\/pans.krosno.pl\/cti\/wp-json\/wp\/v2\/media?parent=764"}],"curies":[{"name":"wp","href":"https:\/\/api.w.org\/{rel}","templated":true}]}}