{"id":6765,"date":"2025-04-03T13:04:51","date_gmt":"2025-04-03T11:04:51","guid":{"rendered":"https:\/\/pans.krosno.pl\/cti\/?page_id=6765"},"modified":"2025-10-31T11:36:50","modified_gmt":"2025-10-31T10:36:50","slug":"rejestracja","status":"publish","type":"page","link":"https:\/\/pans.krosno.pl\/cti\/krosno-talent_hub\/rejestracja\/","title":{"rendered":"Rejestracja"},"content":{"rendered":"\n<h2 class=\"wp-block-heading\" id=\"h-zapraszamy-studentow-do-udzialu-w-wyjezdzie-edukacyjnym-organizowanym-w-ramach-programu-krosno-talent-hub-na-podkarpacki-festiwal-nauki-i-innowacji-ktory-odbedzie-sie-w-jasionce-kolo-rzeszowa-wyjazd-organizowany-jest-w-dniach-12-13-listopada-br\">Zapraszamy student\u00f3w do udzia\u0142u w wyje\u017adzie edukacyjnym organizowanym w ramach programu Krosno Talent_HUB na Podkarpacki Festiwal Nauki i Innowacji, kt\u00f3ry odb\u0119dzie si\u0119 w Jasionce ko\u0142o Rzeszowa.  Wyjazd organizowany jest w dniach 12\u201313 listopada br. <\/h2>\n\n\n\n<p>To doskona\u0142a okazja, by:<br>\ud83d\udd39 poszerzy\u0107 swoj\u0105 wiedz\u0119 o najnowsze osi\u0105gni\u0119cia nauki i technologii,<br>\ud83d\udd39 uczestniczy\u0107 w inspiruj\u0105cych pokazach i warsztatach,<br>\ud83d\udd39 spotka\u0107 ludzi z pasj\u0105 i pomys\u0142ami na przysz\u0142o\u015b\u0107!<\/p>\n\n\n\n<p><strong>Zapisz si\u0119 ju\u017c dzi\u015b przez<\/strong> <a href=\"https:\/\/ankiety.kpu.krosno.pl\/index.php?r=survey\/index&amp;sid=191198&amp;lang=pl\"><strong>formularz elektroniczny<\/strong><\/a><br>Zapisy na wyjazd do 5 listopada br.<\/p>\n\n\n\n<p>Liczba miejsc ograniczona \u2013 decyduje kolejno\u015b\u0107 zg\u0142osze\u0144!<br>Nie przegap tej okazji do rozwoju i inspiracji!<\/p>\n\n\n\n<p><\/p>\n","protected":false},"excerpt":{"rendered":"<p>Zapraszamy student\u00f3w do udzia\u0142u w wyje\u017adzie edukacyjnym organizowanym w ramach programu Krosno Talent_HUB na Podkarpacki Festiwal Nauki i Innowacji, kt\u00f3ry odb\u0119dzie si\u0119 w Jasionce ko\u0142o Rzeszowa. Wyjazd organizowany jest w dniach 12\u201313 listopada br. To doskona\u0142a okazja, by:\ud83d\udd39 poszerzy\u0107 swoj\u0105 wiedz\u0119 o najnowsze osi\u0105gni\u0119cia nauki i technologii,\ud83d\udd39 uczestniczy\u0107 w inspiruj\u0105cych [\u2026] <\/p>\n<div class=\"clear\"><\/div>\n<p><a class=\"more_link clearfix\" href=\"https:\/\/pans.krosno.pl\/cti\/krosno-talent_hub\/rejestracja\/\" rel=\"nofollow\">Read More<\/a><\/p>\n","protected":false},"author":27,"featured_media":0,"parent":6752,"menu_order":0,"comment_status":"closed","ping_status":"closed","template":"page-templates\/template-full-width.php","meta":{"ngg_post_thumbnail":0,"footnotes":""},"class_list":["post-6765","page","type-page","status-publish","hentry"],"yoast_head":"<!-- This site is optimized with the Yoast SEO Premium plugin v27.3 (Yoast SEO v27.3) - https:\/\/yoast.com\/product\/yoast-seo-premium-wordpress\/ -->\n<title>Rejestracja - Centrum Technologiczne Inkubator PANS w Kro\u015bnie<\/title>\n<meta name=\"robots\" content=\"index, follow, max-snippet:-1, max-image-preview:large, max-video-preview:-1\" \/>\n<link rel=\"canonical\" href=\"https:\/\/pans.krosno.pl\/cti\/krosno-talent_hub\/rejestracja\/\" \/>\n<meta property=\"og:locale\" content=\"pl_PL\" \/>\n<meta property=\"og:type\" content=\"article\" \/>\n<meta property=\"og:title\" content=\"Rejestracja\" \/>\n<meta property=\"og:description\" content=\"Zapraszamy student\u00f3w do udzia\u0142u w wyje\u017adzie edukacyjnym organizowanym w ramach programu Krosno Talent_HUB na Podkarpacki Festiwal Nauki i Innowacji, kt\u00f3ry odb\u0119dzie si\u0119 w Jasionce ko\u0142o Rzeszowa. Wyjazd organizowany jest w dniach 12\u201313 listopada br. To doskona\u0142a okazja, by:\ud83d\udd39 poszerzy\u0107 swoj\u0105 wiedz\u0119 o najnowsze osi\u0105gni\u0119cia nauki i technologii,\ud83d\udd39 uczestniczy\u0107 w inspiruj\u0105cych [\u2026] Read More\" \/>\n<meta property=\"og:url\" content=\"https:\/\/pans.krosno.pl\/cti\/krosno-talent_hub\/rejestracja\/\" \/>\n<meta property=\"og:site_name\" content=\"Centrum Technologiczne Inkubator PANS w Kro\u015bnie\" \/>\n<meta property=\"article:publisher\" content=\"https:\/\/www.facebook.com\/BKKPUKROSNO\/\" \/>\n<meta property=\"article:modified_time\" content=\"2025-10-31T10:36:50+00:00\" \/>\n<meta name=\"twitter:card\" content=\"summary_large_image\" \/>\n<meta name=\"twitter:label1\" content=\"Szacowany czas czytania\" \/>\n\t<meta name=\"twitter:data1\" content=\"1 minuta\" \/>\n<script type=\"application\/ld+json\" class=\"yoast-schema-graph\">{\"@context\":\"https:\\\/\\\/schema.org\",\"@graph\":[{\"@type\":\"WebPage\",\"@id\":\"https:\\\/\\\/pans.krosno.pl\\\/cti\\\/krosno-talent_hub\\\/rejestracja\\\/\",\"url\":\"https:\\\/\\\/pans.krosno.pl\\\/cti\\\/krosno-talent_hub\\\/rejestracja\\\/\",\"name\":\"Rejestracja - Centrum Technologiczne Inkubator PANS w Kro\u015bnie\",\"isPartOf\":{\"@id\":\"https:\\\/\\\/pans.krosno.pl\\\/cti\\\/#website\"},\"datePublished\":\"2025-04-03T11:04:51+00:00\",\"dateModified\":\"2025-10-31T10:36:50+00:00\",\"breadcrumb\":{\"@id\":\"https:\\\/\\\/pans.krosno.pl\\\/cti\\\/krosno-talent_hub\\\/rejestracja\\\/#breadcrumb\"},\"inLanguage\":\"pl-PL\",\"potentialAction\":[{\"@type\":\"ReadAction\",\"target\":[\"https:\\\/\\\/pans.krosno.pl\\\/cti\\\/krosno-talent_hub\\\/rejestracja\\\/\"]}]},{\"@type\":\"BreadcrumbList\",\"@id\":\"https:\\\/\\\/pans.krosno.pl\\\/cti\\\/krosno-talent_hub\\\/rejestracja\\\/#breadcrumb\",\"itemListElement\":[{\"@type\":\"ListItem\",\"position\":1,\"name\":\"Strona g\u0142\u00f3wna\",\"item\":\"https:\\\/\\\/pans.krosno.pl\\\/cti\\\/\"},{\"@type\":\"ListItem\",\"position\":2,\"name\":\"KROSNO Talent_HUB\",\"item\":\"https:\\\/\\\/pans.krosno.pl\\\/cti\\\/krosno-talent_hub\\\/\"},{\"@type\":\"ListItem\",\"position\":3,\"name\":\"Rejestracja\"}]},{\"@type\":\"WebSite\",\"@id\":\"https:\\\/\\\/pans.krosno.pl\\\/cti\\\/#website\",\"url\":\"https:\\\/\\\/pans.krosno.pl\\\/cti\\\/\",\"name\":\"Biuro Karier\",\"description\":\"Centrum Technologiczne Inkubator - Pa\u0144stwowa Akademia Nauk Stosowanych\",\"publisher\":{\"@id\":\"https:\\\/\\\/pans.krosno.pl\\\/cti\\\/#organization\"},\"potentialAction\":[{\"@type\":\"SearchAction\",\"target\":{\"@type\":\"EntryPoint\",\"urlTemplate\":\"https:\\\/\\\/pans.krosno.pl\\\/cti\\\/?s={search_term_string}\"},\"query-input\":{\"@type\":\"PropertyValueSpecification\",\"valueRequired\":true,\"valueName\":\"search_term_string\"}}],\"inLanguage\":\"pl-PL\"},{\"@type\":\"Organization\",\"@id\":\"https:\\\/\\\/pans.krosno.pl\\\/cti\\\/#organization\",\"name\":\"Biuro Karier - Karpacka Pa\u0144stwowa Uczelnia w Kro\u015bnie\",\"url\":\"https:\\\/\\\/pans.krosno.pl\\\/cti\\\/\",\"logo\":{\"@type\":\"ImageObject\",\"inLanguage\":\"pl-PL\",\"@id\":\"https:\\\/\\\/pans.krosno.pl\\\/cti\\\/#\\\/schema\\\/logo\\\/image\\\/\",\"url\":\"https:\\\/\\\/pans.krosno.pl\\\/bk\\\/wp-content\\\/uploads\\\/sites\\\/38\\\/2020\\\/05\\\/96735643_906333539807912_5732186373989859328_n-1.gif\",\"contentUrl\":\"https:\\\/\\\/pans.krosno.pl\\\/bk\\\/wp-content\\\/uploads\\\/sites\\\/38\\\/2020\\\/05\\\/96735643_906333539807912_5732186373989859328_n-1.gif\",\"width\":762,\"height\":137,\"caption\":\"Biuro Karier - Karpacka Pa\u0144stwowa Uczelnia w Kro\u015bnie\"},\"image\":{\"@id\":\"https:\\\/\\\/pans.krosno.pl\\\/cti\\\/#\\\/schema\\\/logo\\\/image\\\/\"},\"sameAs\":[\"https:\\\/\\\/www.facebook.com\\\/BKKPUKROSNO\\\/\"]}]}<\/script>\n<!-- \/ Yoast SEO Premium plugin. -->","yoast_head_json":{"title":"Rejestracja - Centrum Technologiczne Inkubator PANS w Kro\u015bnie","robots":{"index":"index","follow":"follow","max-snippet":"max-snippet:-1","max-image-preview":"max-image-preview:large","max-video-preview":"max-video-preview:-1"},"canonical":"https:\/\/pans.krosno.pl\/cti\/krosno-talent_hub\/rejestracja\/","og_locale":"pl_PL","og_type":"article","og_title":"Rejestracja","og_description":"Zapraszamy student\u00f3w do udzia\u0142u w wyje\u017adzie edukacyjnym organizowanym w ramach programu Krosno Talent_HUB na Podkarpacki Festiwal Nauki i Innowacji, kt\u00f3ry odb\u0119dzie si\u0119 w Jasionce ko\u0142o Rzeszowa. Wyjazd organizowany jest w dniach 12\u201313 listopada br. To doskona\u0142a okazja, by:\ud83d\udd39 poszerzy\u0107 swoj\u0105 wiedz\u0119 o najnowsze osi\u0105gni\u0119cia nauki i technologii,\ud83d\udd39 uczestniczy\u0107 w inspiruj\u0105cych [\u2026] Read More","og_url":"https:\/\/pans.krosno.pl\/cti\/krosno-talent_hub\/rejestracja\/","og_site_name":"Centrum Technologiczne Inkubator PANS w Kro\u015bnie","article_publisher":"https:\/\/www.facebook.com\/BKKPUKROSNO\/","article_modified_time":"2025-10-31T10:36:50+00:00","twitter_card":"summary_large_image","twitter_misc":{"Szacowany czas czytania":"1 minuta"},"schema":{"@context":"https:\/\/schema.org","@graph":[{"@type":"WebPage","@id":"https:\/\/pans.krosno.pl\/cti\/krosno-talent_hub\/rejestracja\/","url":"https:\/\/pans.krosno.pl\/cti\/krosno-talent_hub\/rejestracja\/","name":"Rejestracja - Centrum Technologiczne Inkubator PANS w Kro\u015bnie","isPartOf":{"@id":"https:\/\/pans.krosno.pl\/cti\/#website"},"datePublished":"2025-04-03T11:04:51+00:00","dateModified":"2025-10-31T10:36:50+00:00","breadcrumb":{"@id":"https:\/\/pans.krosno.pl\/cti\/krosno-talent_hub\/rejestracja\/#breadcrumb"},"inLanguage":"pl-PL","potentialAction":[{"@type":"ReadAction","target":["https:\/\/pans.krosno.pl\/cti\/krosno-talent_hub\/rejestracja\/"]}]},{"@type":"BreadcrumbList","@id":"https:\/\/pans.krosno.pl\/cti\/krosno-talent_hub\/rejestracja\/#breadcrumb","itemListElement":[{"@type":"ListItem","position":1,"name":"Strona g\u0142\u00f3wna","item":"https:\/\/pans.krosno.pl\/cti\/"},{"@type":"ListItem","position":2,"name":"KROSNO Talent_HUB","item":"https:\/\/pans.krosno.pl\/cti\/krosno-talent_hub\/"},{"@type":"ListItem","position":3,"name":"Rejestracja"}]},{"@type":"WebSite","@id":"https:\/\/pans.krosno.pl\/cti\/#website","url":"https:\/\/pans.krosno.pl\/cti\/","name":"Biuro Karier","description":"Centrum Technologiczne Inkubator - Pa\u0144stwowa Akademia Nauk Stosowanych","publisher":{"@id":"https:\/\/pans.krosno.pl\/cti\/#organization"},"potentialAction":[{"@type":"SearchAction","target":{"@type":"EntryPoint","urlTemplate":"https:\/\/pans.krosno.pl\/cti\/?s={search_term_string}"},"query-input":{"@type":"PropertyValueSpecification","valueRequired":true,"valueName":"search_term_string"}}],"inLanguage":"pl-PL"},{"@type":"Organization","@id":"https:\/\/pans.krosno.pl\/cti\/#organization","name":"Biuro Karier - Karpacka Pa\u0144stwowa Uczelnia w Kro\u015bnie","url":"https:\/\/pans.krosno.pl\/cti\/","logo":{"@type":"ImageObject","inLanguage":"pl-PL","@id":"https:\/\/pans.krosno.pl\/cti\/#\/schema\/logo\/image\/","url":"https:\/\/pans.krosno.pl\/bk\/wp-content\/uploads\/sites\/38\/2020\/05\/96735643_906333539807912_5732186373989859328_n-1.gif","contentUrl":"https:\/\/pans.krosno.pl\/bk\/wp-content\/uploads\/sites\/38\/2020\/05\/96735643_906333539807912_5732186373989859328_n-1.gif","width":762,"height":137,"caption":"Biuro Karier - Karpacka Pa\u0144stwowa Uczelnia w Kro\u015bnie"},"image":{"@id":"https:\/\/pans.krosno.pl\/cti\/#\/schema\/logo\/image\/"},"sameAs":["https:\/\/www.facebook.com\/BKKPUKROSNO\/"]}]}},"_links":{"self":[{"href":"https:\/\/pans.krosno.pl\/cti\/wp-json\/wp\/v2\/pages\/6765","targetHints":{"allow":["GET"]}}],"collection":[{"href":"https:\/\/pans.krosno.pl\/cti\/wp-json\/wp\/v2\/pages"}],"about":[{"href":"https:\/\/pans.krosno.pl\/cti\/wp-json\/wp\/v2\/types\/page"}],"author":[{"embeddable":true,"href":"https:\/\/pans.krosno.pl\/cti\/wp-json\/wp\/v2\/users\/27"}],"replies":[{"embeddable":true,"href":"https:\/\/pans.krosno.pl\/cti\/wp-json\/wp\/v2\/comments?post=6765"}],"version-history":[{"count":7,"href":"https:\/\/pans.krosno.pl\/cti\/wp-json\/wp\/v2\/pages\/6765\/revisions"}],"predecessor-version":[{"id":7237,"href":"https:\/\/pans.krosno.pl\/cti\/wp-json\/wp\/v2\/pages\/6765\/revisions\/7237"}],"up":[{"embeddable":true,"href":"https:\/\/pans.krosno.pl\/cti\/wp-json\/wp\/v2\/pages\/6752"}],"wp:attachment":[{"href":"https:\/\/pans.krosno.pl\/cti\/wp-json\/wp\/v2\/media?parent=6765"}],"curies":[{"name":"wp","href":"https:\/\/api.w.org\/{rel}","templated":true}]}}