{"id":6167,"date":"2025-01-08T09:35:53","date_gmt":"2025-01-08T08:35:53","guid":{"rendered":"https:\/\/pans.krosno.pl\/cti\/?page_id=6167"},"modified":"2025-03-03T09:11:53","modified_gmt":"2025-03-03T08:11:53","slug":"informacja-dla-pracodawcow-targi-pracy-2025","status":"publish","type":"page","link":"https:\/\/pans.krosno.pl\/cti\/targi-pracy-2025\/informacja-dla-pracodawcow-targi-pracy-2025\/","title":{"rendered":"Informacja dla Pracodawc\u00f3w  &#8211; Targi Pracy 2025"},"content":{"rendered":"\n<figure class=\"wp-block-image size-large\"><img loading=\"lazy\" decoding=\"async\" width=\"1024\" height=\"341\" src=\"https:\/\/pans.krosno.pl\/cti\/wp-content\/uploads\/sites\/38\/2025\/03\/slajder_Targi_Pracy_2025_v3-1024x341.png\" alt=\"\" class=\"wp-image-6570\" srcset=\"https:\/\/pans.krosno.pl\/cti\/wp-content\/uploads\/sites\/38\/2025\/03\/slajder_Targi_Pracy_2025_v3-1024x341.png 1024w, https:\/\/pans.krosno.pl\/cti\/wp-content\/uploads\/sites\/38\/2025\/03\/slajder_Targi_Pracy_2025_v3-300x100.png 300w, https:\/\/pans.krosno.pl\/cti\/wp-content\/uploads\/sites\/38\/2025\/03\/slajder_Targi_Pracy_2025_v3-768x256.png 768w, https:\/\/pans.krosno.pl\/cti\/wp-content\/uploads\/sites\/38\/2025\/03\/slajder_Targi_Pracy_2025_v3-800x267.png 800w, https:\/\/pans.krosno.pl\/cti\/wp-content\/uploads\/sites\/38\/2025\/03\/slajder_Targi_Pracy_2025_v3-580x193.png 580w, https:\/\/pans.krosno.pl\/cti\/wp-content\/uploads\/sites\/38\/2025\/03\/slajder_Targi_Pracy_2025_v3.png 1200w\" sizes=\"auto, (max-width: 1024px) 100vw, 1024px\" \/><\/figure>\n\n\n\n<p>Serdecznie zapraszamy do udzia\u0142u w XII Targach Pracy organizowanych przez Pa\u0144stwow\u0105 Akademi\u0119 Nauk Stosowanych w Kro\u015bnie &#8211; Centrum Technologiczne INKUBATOR. Targi Pracy to doskona\u0142a okazja do bezpo\u015bredniego kontaktu ze studentami i absolwentami naszej uczelni, a tak\u017ce promocji Pa\u0144stwa marki w \u015brodowisku akademickim.<\/p>\n\n\n\n<p>XII Targi Pracy odb\u0119d\u0105 si\u0119 pod honorowym patronatem Rektora PANS w Kro\u015bnie, dra hab. Zbigniewa Barabasza, prof. PANS oraz Prezydenta Miasta Krosna, Pana Piotra Przytockiego.<\/p>\n\n\n\n<p><strong>Targi odb\u0119d\u0105 si\u0119 w dniu 21 marca 2025 roku, w godz. 9.30 \u2013 14.00 w Kampusie techniczno-sportowym PANS w Kro\u015bnie \/hala sportowa\/ przy ul. Stanis\u0142awa Wyspia\u0144skiego 20.<\/strong><\/p>\n\n\n<p><a href=\"https:\/\/pans.krosno.pl\/cti\/wp-content\/uploads\/sites\/38\/2025\/02\/Regulamin-XII-Targow-Pracy-21.03.2025.pdf\">Regulamin XII Targ\u00f3w Pracy 21.03.2025<\/a><br \/><a href=\"https:\/\/pans.krosno.pl\/cti\/wp-content\/uploads\/sites\/38\/2025\/02\/TP-2025-pakiet-podstawowy-v7.png\">Za\u0142\u0105cznik nr 1 Pakiet PODSTAWOWY<\/a><br \/><a href=\"https:\/\/pans.krosno.pl\/cti\/wp-content\/uploads\/sites\/38\/2025\/02\/TP-2025-pakiet-standard-v7-1.png\">Za\u0142\u0105cznik nr 2 Pakiet STANDARD<\/a><br \/><a href=\"https:\/\/pans.krosno.pl\/cti\/wp-content\/uploads\/sites\/38\/2025\/02\/TP-2025-pakiet-premium-v7-1.png\">Za\u0142\u0105cznik nr 3 Pakiet PREMIUM<\/a><br \/><a href=\"https:\/\/pans.krosno.pl\/cti\/wp-content\/uploads\/sites\/38\/2025\/02\/Formularz-zgloszeniowy-XII-Targi-Pracy-21.03.2025-1.docx\">Formularz zg\u0142oszeniowy XII Targi Pracy 21.03.2025<\/a><\/p>\n\n\n<p>Zg\u0142oszenia dokona\u0107 mo\u017cna w terminie do 7 marca 2025 roku poprzez przes\u0142anie wype\u0142nionego formularza zg\u0142oszeniowego na adres mailowy: <a href=\"mailto:cti@pans.krosno.pl\">cti@pans.krosno.pl<\/a><\/p>\n\n\n\n<p>W przypadku pyta\u0144 prosimy o kontakt telefoniczny pod nr tel. 13 43 755 18 lub mailowo <a href=\"mailto:cti@pans.krosno.pl\">cti@pans.krosno.pl<\/a><\/p>\n\n\n\n<p>W programie Targ\u00f3w zaplanowali\u015bmy:<\/p>\n\n\n\n<ul class=\"wp-block-list\">\n<li>Stoiska wystawc\u00f3w<\/li>\n\n\n\n<li>Prezentacje firm<\/li>\n\n\n\n<li>Spotkania z pracodawcami<\/li>\n\n\n\n<li>Oferty pracy, praktyk i sta\u017cy<\/li>\n\n\n\n<li>Warsztaty i szkolenia,<\/li>\n\n\n\n<li>CV Point<\/li>\n\n\n\n<li>Oferty pracy wakacyjnej<\/li>\n\n\n\n<li>Sesja fotograficzna do CV<\/li>\n\n\n\n<li>Konkursy z nagrodami<\/li>\n\n\n\n<li>Panel ekspercki: Krosno Talent HUB<\/li>\n<\/ul>\n\n\n\n<p>Uczestnictwo na Targach w roli wystawcy, pozwoli na kontakt z potencjalnymi pracownikami (studenci, absolwenci, uczniowie klas maturalnych, osoby poszukuj\u0105ce zatrudnienia) oraz umocnienie wzajemnej wsp\u00f3\u0142pracy i promocji przedsi\u0119biorc\u00f3w w \u015brodowisku akademickim.<br>Zapraszamy do udzia\u0142u w XII Targach Pracy PANS w Kro\u015bnie!<br>tel. 13 43 755 18<br>mail: <a href=\"mailto:cti@pans.krosno.pl\">cti@pans.krosno.pl<\/a><\/p>\n\n\n\n<figure class=\"wp-block-image size-large\"><img loading=\"lazy\" decoding=\"async\" width=\"1024\" height=\"1024\" src=\"https:\/\/pans.krosno.pl\/cti\/wp-content\/uploads\/sites\/38\/2025\/03\/3_post_sm_TP_2025_v3-1024x1024.png\" alt=\"\" class=\"wp-image-6574\" srcset=\"https:\/\/pans.krosno.pl\/cti\/wp-content\/uploads\/sites\/38\/2025\/03\/3_post_sm_TP_2025_v3-1024x1024.png 1024w, https:\/\/pans.krosno.pl\/cti\/wp-content\/uploads\/sites\/38\/2025\/03\/3_post_sm_TP_2025_v3-300x300.png 300w, https:\/\/pans.krosno.pl\/cti\/wp-content\/uploads\/sites\/38\/2025\/03\/3_post_sm_TP_2025_v3-150x150.png 150w, https:\/\/pans.krosno.pl\/cti\/wp-content\/uploads\/sites\/38\/2025\/03\/3_post_sm_TP_2025_v3-768x768.png 768w, https:\/\/pans.krosno.pl\/cti\/wp-content\/uploads\/sites\/38\/2025\/03\/3_post_sm_TP_2025_v3-800x800.png 800w, https:\/\/pans.krosno.pl\/cti\/wp-content\/uploads\/sites\/38\/2025\/03\/3_post_sm_TP_2025_v3-580x580.png 580w, https:\/\/pans.krosno.pl\/cti\/wp-content\/uploads\/sites\/38\/2025\/03\/3_post_sm_TP_2025_v3.png 1200w\" sizes=\"auto, (max-width: 1024px) 100vw, 1024px\" \/><\/figure>\n","protected":false},"excerpt":{"rendered":"<p>Serdecznie zapraszamy do udzia\u0142u w XII Targach Pracy organizowanych przez Pa\u0144stwow\u0105 Akademi\u0119 Nauk Stosowanych w Kro\u015bnie &#8211; Centrum Technologiczne INKUBATOR. Targi Pracy to doskona\u0142a okazja do bezpo\u015bredniego kontaktu ze studentami i absolwentami naszej uczelni, a tak\u017ce promocji Pa\u0144stwa marki w \u015brodowisku akademickim. XII Targi Pracy odb\u0119d\u0105 si\u0119 pod honorowym patronatem [\u2026] <\/p>\n<div class=\"clear\"><\/div>\n<p><a class=\"more_link clearfix\" href=\"https:\/\/pans.krosno.pl\/cti\/targi-pracy-2025\/informacja-dla-pracodawcow-targi-pracy-2025\/\" rel=\"nofollow\">Read More<\/a><\/p>\n","protected":false},"author":27,"featured_media":0,"parent":6140,"menu_order":0,"comment_status":"closed","ping_status":"closed","template":"page-templates\/template-full-width.php","meta":{"ngg_post_thumbnail":0,"footnotes":""},"class_list":["post-6167","page","type-page","status-publish","hentry"],"yoast_head":"<!-- This site is optimized with the Yoast SEO Premium plugin v27.4 (Yoast SEO v27.4) - https:\/\/yoast.com\/product\/yoast-seo-premium-wordpress\/ -->\n<title>Informacja dla Pracodawc\u00f3w - Targi Pracy 2025 - Centrum Technologiczne Inkubator PANS w Kro\u015bnie<\/title>\n<meta name=\"robots\" content=\"index, follow, max-snippet:-1, max-image-preview:large, max-video-preview:-1\" \/>\n<link rel=\"canonical\" href=\"https:\/\/pans.krosno.pl\/cti\/targi-pracy-2025\/informacja-dla-pracodawcow-targi-pracy-2025\/\" \/>\n<meta property=\"og:locale\" content=\"pl_PL\" \/>\n<meta property=\"og:type\" content=\"article\" \/>\n<meta property=\"og:title\" content=\"Informacja dla Pracodawc\u00f3w - Targi Pracy 2025\" \/>\n<meta property=\"og:description\" content=\"Serdecznie zapraszamy do udzia\u0142u w XII Targach Pracy organizowanych przez Pa\u0144stwow\u0105 Akademi\u0119 Nauk Stosowanych w Kro\u015bnie &#8211; Centrum Technologiczne INKUBATOR. Targi Pracy to doskona\u0142a okazja do bezpo\u015bredniego kontaktu ze studentami i absolwentami naszej uczelni, a tak\u017ce promocji Pa\u0144stwa marki w \u015brodowisku akademickim. XII Targi Pracy odb\u0119d\u0105 si\u0119 pod honorowym patronatem [\u2026] Read More\" \/>\n<meta property=\"og:url\" content=\"https:\/\/pans.krosno.pl\/cti\/targi-pracy-2025\/informacja-dla-pracodawcow-targi-pracy-2025\/\" \/>\n<meta property=\"og:site_name\" content=\"Centrum Technologiczne Inkubator PANS w Kro\u015bnie\" \/>\n<meta property=\"article:publisher\" content=\"https:\/\/www.facebook.com\/BKKPUKROSNO\/\" \/>\n<meta property=\"article:modified_time\" content=\"2025-03-03T08:11:53+00:00\" \/>\n<meta property=\"og:image\" content=\"https:\/\/pans.krosno.pl\/cti\/wp-content\/uploads\/sites\/38\/2025\/03\/slajder_Targi_Pracy_2025_v3.png\" \/>\n\t<meta property=\"og:image:width\" content=\"1200\" \/>\n\t<meta property=\"og:image:height\" content=\"400\" \/>\n\t<meta property=\"og:image:type\" content=\"image\/png\" \/>\n<meta name=\"twitter:card\" content=\"summary_large_image\" \/>\n<meta name=\"twitter:label1\" content=\"Szacowany czas czytania\" \/>\n\t<meta name=\"twitter:data1\" content=\"2 minuty\" \/>\n<script type=\"application\/ld+json\" class=\"yoast-schema-graph\">{\"@context\":\"https:\\\/\\\/schema.org\",\"@graph\":[{\"@type\":\"WebPage\",\"@id\":\"https:\\\/\\\/pans.krosno.pl\\\/cti\\\/targi-pracy-2025\\\/informacja-dla-pracodawcow-targi-pracy-2025\\\/\",\"url\":\"https:\\\/\\\/pans.krosno.pl\\\/cti\\\/targi-pracy-2025\\\/informacja-dla-pracodawcow-targi-pracy-2025\\\/\",\"name\":\"Informacja dla Pracodawc\u00f3w - Targi Pracy 2025 - Centrum Technologiczne Inkubator PANS w Kro\u015bnie\",\"isPartOf\":{\"@id\":\"https:\\\/\\\/pans.krosno.pl\\\/cti\\\/#website\"},\"primaryImageOfPage\":{\"@id\":\"https:\\\/\\\/pans.krosno.pl\\\/cti\\\/targi-pracy-2025\\\/informacja-dla-pracodawcow-targi-pracy-2025\\\/#primaryimage\"},\"image\":{\"@id\":\"https:\\\/\\\/pans.krosno.pl\\\/cti\\\/targi-pracy-2025\\\/informacja-dla-pracodawcow-targi-pracy-2025\\\/#primaryimage\"},\"thumbnailUrl\":\"https:\\\/\\\/pans.krosno.pl\\\/cti\\\/wp-content\\\/uploads\\\/sites\\\/38\\\/2025\\\/03\\\/slajder_Targi_Pracy_2025_v3-1024x341.png\",\"datePublished\":\"2025-01-08T08:35:53+00:00\",\"dateModified\":\"2025-03-03T08:11:53+00:00\",\"breadcrumb\":{\"@id\":\"https:\\\/\\\/pans.krosno.pl\\\/cti\\\/targi-pracy-2025\\\/informacja-dla-pracodawcow-targi-pracy-2025\\\/#breadcrumb\"},\"inLanguage\":\"pl-PL\",\"potentialAction\":[{\"@type\":\"ReadAction\",\"target\":[\"https:\\\/\\\/pans.krosno.pl\\\/cti\\\/targi-pracy-2025\\\/informacja-dla-pracodawcow-targi-pracy-2025\\\/\"]}]},{\"@type\":\"ImageObject\",\"inLanguage\":\"pl-PL\",\"@id\":\"https:\\\/\\\/pans.krosno.pl\\\/cti\\\/targi-pracy-2025\\\/informacja-dla-pracodawcow-targi-pracy-2025\\\/#primaryimage\",\"url\":\"https:\\\/\\\/pans.krosno.pl\\\/cti\\\/wp-content\\\/uploads\\\/sites\\\/38\\\/2025\\\/03\\\/slajder_Targi_Pracy_2025_v3.png\",\"contentUrl\":\"https:\\\/\\\/pans.krosno.pl\\\/cti\\\/wp-content\\\/uploads\\\/sites\\\/38\\\/2025\\\/03\\\/slajder_Targi_Pracy_2025_v3.png\",\"width\":1200,\"height\":400},{\"@type\":\"BreadcrumbList\",\"@id\":\"https:\\\/\\\/pans.krosno.pl\\\/cti\\\/targi-pracy-2025\\\/informacja-dla-pracodawcow-targi-pracy-2025\\\/#breadcrumb\",\"itemListElement\":[{\"@type\":\"ListItem\",\"position\":1,\"name\":\"Strona g\u0142\u00f3wna\",\"item\":\"https:\\\/\\\/pans.krosno.pl\\\/cti\\\/\"},{\"@type\":\"ListItem\",\"position\":2,\"name\":\"Targi Pracy 2025\",\"item\":\"https:\\\/\\\/pans.krosno.pl\\\/cti\\\/targi-pracy-2025\\\/\"},{\"@type\":\"ListItem\",\"position\":3,\"name\":\"Informacja dla Pracodawc\u00f3w &#8211; Targi Pracy 2025\"}]},{\"@type\":\"WebSite\",\"@id\":\"https:\\\/\\\/pans.krosno.pl\\\/cti\\\/#website\",\"url\":\"https:\\\/\\\/pans.krosno.pl\\\/cti\\\/\",\"name\":\"Biuro Karier\",\"description\":\"Centrum Technologiczne Inkubator - Pa\u0144stwowa Akademia Nauk Stosowanych\",\"publisher\":{\"@id\":\"https:\\\/\\\/pans.krosno.pl\\\/cti\\\/#organization\"},\"potentialAction\":[{\"@type\":\"SearchAction\",\"target\":{\"@type\":\"EntryPoint\",\"urlTemplate\":\"https:\\\/\\\/pans.krosno.pl\\\/cti\\\/?s={search_term_string}\"},\"query-input\":{\"@type\":\"PropertyValueSpecification\",\"valueRequired\":true,\"valueName\":\"search_term_string\"}}],\"inLanguage\":\"pl-PL\"},{\"@type\":\"Organization\",\"@id\":\"https:\\\/\\\/pans.krosno.pl\\\/cti\\\/#organization\",\"name\":\"Biuro Karier - Karpacka Pa\u0144stwowa Uczelnia w Kro\u015bnie\",\"url\":\"https:\\\/\\\/pans.krosno.pl\\\/cti\\\/\",\"logo\":{\"@type\":\"ImageObject\",\"inLanguage\":\"pl-PL\",\"@id\":\"https:\\\/\\\/pans.krosno.pl\\\/cti\\\/#\\\/schema\\\/logo\\\/image\\\/\",\"url\":\"https:\\\/\\\/pans.krosno.pl\\\/bk\\\/wp-content\\\/uploads\\\/sites\\\/38\\\/2020\\\/05\\\/96735643_906333539807912_5732186373989859328_n-1.gif\",\"contentUrl\":\"https:\\\/\\\/pans.krosno.pl\\\/bk\\\/wp-content\\\/uploads\\\/sites\\\/38\\\/2020\\\/05\\\/96735643_906333539807912_5732186373989859328_n-1.gif\",\"width\":762,\"height\":137,\"caption\":\"Biuro Karier - Karpacka Pa\u0144stwowa Uczelnia w Kro\u015bnie\"},\"image\":{\"@id\":\"https:\\\/\\\/pans.krosno.pl\\\/cti\\\/#\\\/schema\\\/logo\\\/image\\\/\"},\"sameAs\":[\"https:\\\/\\\/www.facebook.com\\\/BKKPUKROSNO\\\/\"]}]}<\/script>\n<!-- \/ Yoast SEO Premium plugin. -->","yoast_head_json":{"title":"Informacja dla Pracodawc\u00f3w - Targi Pracy 2025 - Centrum Technologiczne Inkubator PANS w Kro\u015bnie","robots":{"index":"index","follow":"follow","max-snippet":"max-snippet:-1","max-image-preview":"max-image-preview:large","max-video-preview":"max-video-preview:-1"},"canonical":"https:\/\/pans.krosno.pl\/cti\/targi-pracy-2025\/informacja-dla-pracodawcow-targi-pracy-2025\/","og_locale":"pl_PL","og_type":"article","og_title":"Informacja dla Pracodawc\u00f3w - Targi Pracy 2025","og_description":"Serdecznie zapraszamy do udzia\u0142u w XII Targach Pracy organizowanych przez Pa\u0144stwow\u0105 Akademi\u0119 Nauk Stosowanych w Kro\u015bnie &#8211; Centrum Technologiczne INKUBATOR. Targi Pracy to doskona\u0142a okazja do bezpo\u015bredniego kontaktu ze studentami i absolwentami naszej uczelni, a tak\u017ce promocji Pa\u0144stwa marki w \u015brodowisku akademickim. XII Targi Pracy odb\u0119d\u0105 si\u0119 pod honorowym patronatem [\u2026] Read More","og_url":"https:\/\/pans.krosno.pl\/cti\/targi-pracy-2025\/informacja-dla-pracodawcow-targi-pracy-2025\/","og_site_name":"Centrum Technologiczne Inkubator PANS w Kro\u015bnie","article_publisher":"https:\/\/www.facebook.com\/BKKPUKROSNO\/","article_modified_time":"2025-03-03T08:11:53+00:00","og_image":[{"width":1200,"height":400,"url":"https:\/\/pans.krosno.pl\/cti\/wp-content\/uploads\/sites\/38\/2025\/03\/slajder_Targi_Pracy_2025_v3.png","type":"image\/png"}],"twitter_card":"summary_large_image","twitter_misc":{"Szacowany czas czytania":"2 minuty"},"schema":{"@context":"https:\/\/schema.org","@graph":[{"@type":"WebPage","@id":"https:\/\/pans.krosno.pl\/cti\/targi-pracy-2025\/informacja-dla-pracodawcow-targi-pracy-2025\/","url":"https:\/\/pans.krosno.pl\/cti\/targi-pracy-2025\/informacja-dla-pracodawcow-targi-pracy-2025\/","name":"Informacja dla Pracodawc\u00f3w - Targi Pracy 2025 - Centrum Technologiczne Inkubator PANS w Kro\u015bnie","isPartOf":{"@id":"https:\/\/pans.krosno.pl\/cti\/#website"},"primaryImageOfPage":{"@id":"https:\/\/pans.krosno.pl\/cti\/targi-pracy-2025\/informacja-dla-pracodawcow-targi-pracy-2025\/#primaryimage"},"image":{"@id":"https:\/\/pans.krosno.pl\/cti\/targi-pracy-2025\/informacja-dla-pracodawcow-targi-pracy-2025\/#primaryimage"},"thumbnailUrl":"https:\/\/pans.krosno.pl\/cti\/wp-content\/uploads\/sites\/38\/2025\/03\/slajder_Targi_Pracy_2025_v3-1024x341.png","datePublished":"2025-01-08T08:35:53+00:00","dateModified":"2025-03-03T08:11:53+00:00","breadcrumb":{"@id":"https:\/\/pans.krosno.pl\/cti\/targi-pracy-2025\/informacja-dla-pracodawcow-targi-pracy-2025\/#breadcrumb"},"inLanguage":"pl-PL","potentialAction":[{"@type":"ReadAction","target":["https:\/\/pans.krosno.pl\/cti\/targi-pracy-2025\/informacja-dla-pracodawcow-targi-pracy-2025\/"]}]},{"@type":"ImageObject","inLanguage":"pl-PL","@id":"https:\/\/pans.krosno.pl\/cti\/targi-pracy-2025\/informacja-dla-pracodawcow-targi-pracy-2025\/#primaryimage","url":"https:\/\/pans.krosno.pl\/cti\/wp-content\/uploads\/sites\/38\/2025\/03\/slajder_Targi_Pracy_2025_v3.png","contentUrl":"https:\/\/pans.krosno.pl\/cti\/wp-content\/uploads\/sites\/38\/2025\/03\/slajder_Targi_Pracy_2025_v3.png","width":1200,"height":400},{"@type":"BreadcrumbList","@id":"https:\/\/pans.krosno.pl\/cti\/targi-pracy-2025\/informacja-dla-pracodawcow-targi-pracy-2025\/#breadcrumb","itemListElement":[{"@type":"ListItem","position":1,"name":"Strona g\u0142\u00f3wna","item":"https:\/\/pans.krosno.pl\/cti\/"},{"@type":"ListItem","position":2,"name":"Targi Pracy 2025","item":"https:\/\/pans.krosno.pl\/cti\/targi-pracy-2025\/"},{"@type":"ListItem","position":3,"name":"Informacja dla Pracodawc\u00f3w &#8211; Targi Pracy 2025"}]},{"@type":"WebSite","@id":"https:\/\/pans.krosno.pl\/cti\/#website","url":"https:\/\/pans.krosno.pl\/cti\/","name":"Biuro Karier","description":"Centrum Technologiczne Inkubator - Pa\u0144stwowa Akademia Nauk Stosowanych","publisher":{"@id":"https:\/\/pans.krosno.pl\/cti\/#organization"},"potentialAction":[{"@type":"SearchAction","target":{"@type":"EntryPoint","urlTemplate":"https:\/\/pans.krosno.pl\/cti\/?s={search_term_string}"},"query-input":{"@type":"PropertyValueSpecification","valueRequired":true,"valueName":"search_term_string"}}],"inLanguage":"pl-PL"},{"@type":"Organization","@id":"https:\/\/pans.krosno.pl\/cti\/#organization","name":"Biuro Karier - Karpacka Pa\u0144stwowa Uczelnia w Kro\u015bnie","url":"https:\/\/pans.krosno.pl\/cti\/","logo":{"@type":"ImageObject","inLanguage":"pl-PL","@id":"https:\/\/pans.krosno.pl\/cti\/#\/schema\/logo\/image\/","url":"https:\/\/pans.krosno.pl\/bk\/wp-content\/uploads\/sites\/38\/2020\/05\/96735643_906333539807912_5732186373989859328_n-1.gif","contentUrl":"https:\/\/pans.krosno.pl\/bk\/wp-content\/uploads\/sites\/38\/2020\/05\/96735643_906333539807912_5732186373989859328_n-1.gif","width":762,"height":137,"caption":"Biuro Karier - Karpacka Pa\u0144stwowa Uczelnia w Kro\u015bnie"},"image":{"@id":"https:\/\/pans.krosno.pl\/cti\/#\/schema\/logo\/image\/"},"sameAs":["https:\/\/www.facebook.com\/BKKPUKROSNO\/"]}]}},"_links":{"self":[{"href":"https:\/\/pans.krosno.pl\/cti\/wp-json\/wp\/v2\/pages\/6167","targetHints":{"allow":["GET"]}}],"collection":[{"href":"https:\/\/pans.krosno.pl\/cti\/wp-json\/wp\/v2\/pages"}],"about":[{"href":"https:\/\/pans.krosno.pl\/cti\/wp-json\/wp\/v2\/types\/page"}],"author":[{"embeddable":true,"href":"https:\/\/pans.krosno.pl\/cti\/wp-json\/wp\/v2\/users\/27"}],"replies":[{"embeddable":true,"href":"https:\/\/pans.krosno.pl\/cti\/wp-json\/wp\/v2\/comments?post=6167"}],"version-history":[{"count":36,"href":"https:\/\/pans.krosno.pl\/cti\/wp-json\/wp\/v2\/pages\/6167\/revisions"}],"predecessor-version":[{"id":6576,"href":"https:\/\/pans.krosno.pl\/cti\/wp-json\/wp\/v2\/pages\/6167\/revisions\/6576"}],"up":[{"embeddable":true,"href":"https:\/\/pans.krosno.pl\/cti\/wp-json\/wp\/v2\/pages\/6140"}],"wp:attachment":[{"href":"https:\/\/pans.krosno.pl\/cti\/wp-json\/wp\/v2\/media?parent=6167"}],"curies":[{"name":"wp","href":"https:\/\/api.w.org\/{rel}","templated":true}]}}