{"id":6159,"date":"2025-01-08T09:32:40","date_gmt":"2025-01-08T08:32:40","guid":{"rendered":"https:\/\/pans.krosno.pl\/cti\/?page_id=6159"},"modified":"2025-03-18T08:11:08","modified_gmt":"2025-03-18T07:11:08","slug":"szkolenia-i-warsztaty-akademicki-dzien-nauki-2025","status":"publish","type":"page","link":"https:\/\/pans.krosno.pl\/cti\/targi-pracy-2025\/szkolenia-i-warsztaty-akademicki-dzien-nauki-2025\/","title":{"rendered":"Szkolenia i warsztaty Akademicki Dzie\u0144 nauki 2025"},"content":{"rendered":"\n<p><strong>Akademicki Dzie\u0144 Nauki i XII Targi Pracy PANS w Kro\u015bnie<\/strong><br><strong>21 marca 2025 r.<\/strong><br>Kampus Techniczno-sportowy PANS w Kro\u015bnie, ul. Wyspia\u0144skiego 20<br><strong>godz. 9.30 \u2013 14.00<\/strong><\/p>\n\n\n\n<p><br><strong>XII Targi Pracy PANS w Kro\u015bnie<\/strong> \u2013 hala sportowa \/9.30 \u2013 14.00\/<\/p>\n\n\n\n<hr class=\"wp-block-separator has-alpha-channel-opacity\" \/>\n\n\n\n<p><strong>Panel ekspercki:<\/strong> <br>Program mentoringowy: <strong>KROSNO Talent_HUB<\/strong> \u2013 PANS 5G LAB &#8211; sala 8B \/10.15 \u2013 11.40\/<\/p>\n\n\n\n<hr class=\"wp-block-separator has-alpha-channel-opacity\" \/>\n\n\n\n<p><strong>Konkurs:<\/strong><br><strong>M\u0142oda Strefa Biznesu<\/strong> \u2013 VII edycja konkursu \u2013 Fina\u0142 \u2013 sala 102B \/9.30 \u2013 13.00\/<\/p>\n\n\n\n<hr class=\"wp-block-separator has-alpha-channel-opacity\" \/>\n\n\n\n<p><strong>Stoiska naukowe, prezentacje Studenckich K\u00f3\u0142 Naukowych:<\/strong><\/p>\n\n\n\n<figure class=\"wp-block-table is-style-stripes\"><table><tbody><tr><td class=\"has-text-align-left\" data-align=\"left\">             <strong>SKN\/Kierunki <\/strong><\/td><td>              <strong>Tematyka<\/strong><\/td><td>     <strong>Sala<\/strong><\/td><\/tr><tr><td class=\"has-text-align-left\" data-align=\"left\">SKN VDesign<\/td><td>Pozytywna Energia, Roboty i Automatyka<\/td><td>1B<\/td><\/tr><tr><td class=\"has-text-align-left\" data-align=\"left\">SKN Granit<\/td><td> Zlokalizuj pr\u0105d, gaz i inne media\u2026 <\/td><td>hol, bud. A<\/td><\/tr><tr><td class=\"has-text-align-left\" data-align=\"left\">SKN Medialni<\/td><td>Medialni w sieci <\/td><td>1C<\/td><\/tr><tr><td class=\"has-text-align-left\" data-align=\"left\">SKN Organizacji i Zarz\u0105dzania<\/td><td>Tw\u00f3rczo i kreatywnie<\/td><td>hol, bud. B<\/td><\/tr><tr><td class=\"has-text-align-left\" data-align=\"left\">SKN Ekonomist\u00f3w <\/td><td>Warto\u015b\u0107 pieni\u0105dza w czasie <\/td><td>balkon, bud. C<\/td><\/tr><tr><td class=\"has-text-align-left\" data-align=\"left\">SKN Zabytkoznawc\u00f3w i Krajoznawc\u00f3w<br>SKN Gorgan<\/td><td>Czy w zim\u0119, czy w lato chod\u017a w g\u00f3ry, bo warto!<\/td><td>5A<\/td><\/tr><tr><td class=\"has-text-align-left\" data-align=\"left\">SKN Honorowych Dawc\u00f3w Krwi <br>i Potencjalnych Dawc\u00f3w Szpiku <br>SKN Florencja<br>SKN Wolontariatu Studenckiego<\/td><td>Z Piel\u0119gniarstwem za Pan Brat! <\/td><td>3B<\/td><\/tr><tr><td class=\"has-text-align-left\" data-align=\"left\">SKN Temida<\/td><td>Prawne zagwostki<\/td><td>1C<\/td><\/tr><tr><td class=\"has-text-align-left\" data-align=\"left\">SKN SpeakUp<\/td><td>Go Green, go Irish! <\/td><td>czytelnia, 4A<\/td><\/tr><tr><td class=\"has-text-align-left\" data-align=\"left\">SKN Circulo Espanol \u201cLince\u201d <\/td><td>\u201eLa Ruleta de la Fortuna\u201d<\/td><td>czytelnia, 4A<\/td><\/tr><tr><td class=\"has-text-align-left\" data-align=\"left\">Program wymiany ERASMUS<\/td><td>Mi\u0119dzynarodowe eksponaty i ciekawostki<br>Poznaj student\u00f3w z zagranicy<br>Europejskie Puzzle &#8211; Czy u\u0142o\u017cysz map\u0119 Europy?<\/td><td>czytelnia, 4A<\/td><\/tr><tr><td class=\"has-text-align-left\" data-align=\"left\">SKN Przek\u0142adka<\/td><td>Tworzenie napis\u00f3w do film\u00f3w<\/td><td>103A<\/td><\/tr><tr><td class=\"has-text-align-left\" data-align=\"left\">SKN Tw\u00f3rczych pedagog\u00f3w<\/td><td>Tw\u00f3rcze my\u015blenie &#8211; kreatywne dzia\u0142anie<\/td><td>7B<\/td><\/tr><tr><td class=\"has-text-align-left\" data-align=\"left\">SKN Planta Medica<\/td><td>Zielona Alchemia<\/td><td>parter, bud. A<\/td><\/tr><tr><td class=\"has-text-align-left\" data-align=\"left\">SKN Rotor<\/td><td>W drodze po nowy rekord! Bolid Pi\u0142a 2<\/td><td>1C<\/td><\/tr><tr><td class=\"has-text-align-left\" data-align=\"left\">SKN Cyber Security Squad <\/td><td>Pwn IT <\/td><td>4C<\/td><\/tr><tr><td class=\"has-text-align-left\" data-align=\"left\">SKN NEO <\/td><td>Technologia bez granic: VR, Symulatory Jazdy i Lotu oraz Druk 3D <\/td><td>4C<\/td><\/tr><tr><td class=\"has-text-align-left\" data-align=\"left\">Produkcja i bezpiecze\u0144stwo \u017cywno\u015bci<\/td><td>Wiedza i praktyka dla lepszej jako\u015bci \u017cycia <\/td><td>balkon, bud. C<\/td><\/tr><tr><td class=\"has-text-align-left\" data-align=\"left\">Bezpiecze\u0144stwo wewn\u0119trzne<\/td><td>Misja, rozw\u00f3j, presti\u017c, dobra praca<\/td><td>1C<\/td><\/tr><tr><td class=\"has-text-align-left\" data-align=\"left\">Budownictwo <br>SKN Akademia Budownictwa Regionalnego<\/td><td>Pokaz technik skanowania obiekt\u00f3w budowlanych<\/td><td>2B<\/td><\/tr><tr><td class=\"has-text-align-left\" data-align=\"left\">In\u017cynieria jako\u015bci <br>w przedsi\u0119biorstwie<\/td><td>Jako\u015b\u0107 w teorii i praktyce <\/td><td>balkon, bud. C<\/td><\/tr><\/tbody><\/table><\/figure>\n\n\n\n<hr class=\"wp-block-separator has-alpha-channel-opacity\" \/>\n\n\n\n<p><strong>Warsztaty i szkolenia:<\/strong><\/p>\n\n\n\n<p><strong>Sala 106A<\/strong><\/p>\n\n\n\n<figure class=\"wp-block-table is-style-stripes\"><table><tbody><tr><td class=\"has-text-align-left\" data-align=\"left\"><strong>Godz.<\/strong><\/td><td><strong>Temat<\/strong><\/td><td><strong>Prowadz\u0105cy<\/strong><\/td><\/tr><tr><td class=\"has-text-align-left\" data-align=\"left\">10.15-11.00<\/td><td>M\u00f3j przyjaciel stres &#8211; jak funkcjonowa\u0107 w warunkach stresu fizjologicznego i psychologicznego?<\/td><td>mgr Katarzyna Kotowska \u2013 Psycholog, terapeuta, nauczyciel akademicki PANS w Kro\u015bnie<br><\/td><\/tr><tr><td class=\"has-text-align-left\" data-align=\"left\">11.15-12.00 <\/td><td>O krok przed innymi \u2013 jak wyr\u00f3\u017cni\u0107 si\u0119 na starcie kariery<\/td><td>Joanna Kwolek \u2013 Mened\u017cer HR w firmie FIXIT S.A.<\/td><\/tr><tr><td class=\"has-text-align-left\" data-align=\"left\">12.15-13.00 <\/td><td><br>Jak przygotowa\u0107 si\u0119 do rozmowy rekrutacyjnej<\/td><td>Joanna Grzebieniowska \u2013 Kierownik Dzia\u0142u Personalno-Administracyjnego w firmie EBA Sp. z o.o.<\/td><\/tr><\/tbody><\/table><\/figure>\n\n\n\n<hr class=\"wp-block-separator has-alpha-channel-opacity\" \/>\n\n\n\n<p><strong>Sala 109B<\/strong><\/p>\n\n\n\n<figure class=\"wp-block-table is-style-stripes\"><table><tbody><tr><td class=\"has-text-align-left\" data-align=\"left\"><strong>Godz.<\/strong><\/td><td><strong>Temat<\/strong><\/td><td><strong>Prowadz\u0105cy<\/strong><\/td><\/tr><tr><td class=\"has-text-align-left\" data-align=\"left\">10.15-11.00<\/td><td>AI w \u017cyciu i w biznesie<\/td><td>mgr Artur Janas \u2013 wyk\u0142adowca PANS w Kro\u015bnie, w\u0142a\u015bciciel Agencji Reklamowej AP Reklama<\/td><\/tr><tr><td class=\"has-text-align-left\" data-align=\"left\">11.15-12.00 <\/td><td>Super umiej\u0119tno\u015b\u0107 XXI wieku<\/td><td>dr in\u017c. Damian Dubis \u2013 wyk\u0142adowca PANS w Kro\u015bnie, kierownik Zak\u0142adu In\u017cynierii Jako\u015bci<\/td><\/tr><tr><td class=\"has-text-align-left\" data-align=\"left\">12.15-13.00 <\/td><td>S\u0142u\u017cba wojskowa to inwestycja w Twoj\u0105 przysz\u0142o\u015b\u0107 zawodow\u0105 oraz spotkanie z weteranem<\/td><td>Przedstawiciele Wojskowego Centrum Rekrutacji w Ja\u015ble<\/td><\/tr><\/tbody><\/table><\/figure>\n\n\n\n<hr class=\"wp-block-separator has-alpha-channel-opacity\" \/>\n\n\n\n<p><strong>Sala 010A &#8211; sala e-sportowa<\/strong><br>10.00 \u2013 14.00 Strefa gamingowa<\/p>\n\n\n\n<hr class=\"wp-block-separator has-alpha-channel-opacity\" \/>\n\n\n\n<p><strong>Sala 105A Strefa gier retro<\/strong> &#8211; Kro\u015bnie\u0144ska Kr\u00f3tkofalarska Sie\u0107 Ratunkowa<br>10.00-14.00   <\/p>\n\n\n\n<hr class=\"wp-block-separator has-alpha-channel-opacity\" \/>\n\n\n\n<p><strong>Sala 8B<\/strong> <strong>PANS 5G LAB \/jedno z najnowocze\u015bniejszych laboratori\u00f3w technologii 5G w Polsce\/<\/strong><br><strong>Warsztaty: Nowoczesna komunikacja w \u015bwiecie cyfrowym &#8211; sieci 5G<\/strong><br><br>10.00 \u2013 11.40 Program mentoringowy <strong>KROSNO Talent_HUB<\/strong><br>12.00 \u2013 14.00 <strong>Drzwi otwarte PANS 5G LAB<\/strong> \u2013 dla zwiedzaj\u0105cych<\/p>\n\n\n\n<hr class=\"wp-block-separator has-alpha-channel-opacity\" \/>\n\n\n\n<p><strong>Sala 3C <\/strong> <strong>Pracownia bada\u0144 czynno\u015bciowych w sporcie<\/strong><br>Prowadzenie: pracownicy i studenci z kierunku Wychowanie fizyczne<br>10.00-14.00 <\/p>\n\n\n\n<p><strong>Poznaj swoje cia\u0142o!<\/strong><br> &#8211; dowiedz si\u0119, z czego sk\u0142ada si\u0119 masa Twojego cia\u0142a wykonuj\u0105c badanie na analizatorze sk\u0142adu cia\u0142a TANITA<br> &#8211; przekonaj si\u0119 jak du\u017co mocy masz w nogach badaj\u0105c sw\u00f3j wyskok na optycznym systemie OPTOJUMP<br> &#8211; zbadaj si\u0142\u0119 swoich ramion pokonuj\u0105c kolejne metry na trena\u017cerze narciarskim<br> &#8211; sprawd\u017a swoj\u0105 r\u00f3wnowag\u0119 oraz balans cia\u0142a pokonuj\u0105c kolejne etapy gry na platformie dynamometrycznej GAMMA<br> &#8211; zobacz, jak daleko uda Ci si\u0119 dop\u0142yn\u0105\u0107 na ergometrze wio\u015blarskim<\/p>\n\n\n\n<p><\/p>\n\n\n\n<p>Zapisy na poszczeg\u00f3lne warsztaty: <br>Telefon: 13 43 755 18 lub 13 43 755 12<br>E-mail: <a href=\"mailto:cti@pans.krosno.pl\">cti@pans.krosno.pl<\/a><\/p>\n\n\n\n<figure class=\"wp-block-image aligncenter size-large\"><img loading=\"lazy\" decoding=\"async\" width=\"724\" height=\"1024\" src=\"https:\/\/pans.krosno.pl\/cti\/wp-content\/uploads\/sites\/38\/2025\/03\/Plakat-Akademicki-Dzien-Nauki-2025-724x1024.png\" alt=\"\" class=\"wp-image-6623\" srcset=\"https:\/\/pans.krosno.pl\/cti\/wp-content\/uploads\/sites\/38\/2025\/03\/Plakat-Akademicki-Dzien-Nauki-2025-724x1024.png 724w, https:\/\/pans.krosno.pl\/cti\/wp-content\/uploads\/sites\/38\/2025\/03\/Plakat-Akademicki-Dzien-Nauki-2025-212x300.png 212w, https:\/\/pans.krosno.pl\/cti\/wp-content\/uploads\/sites\/38\/2025\/03\/Plakat-Akademicki-Dzien-Nauki-2025-768x1086.png 768w, https:\/\/pans.krosno.pl\/cti\/wp-content\/uploads\/sites\/38\/2025\/03\/Plakat-Akademicki-Dzien-Nauki-2025-1086x1536.png 1086w, https:\/\/pans.krosno.pl\/cti\/wp-content\/uploads\/sites\/38\/2025\/03\/Plakat-Akademicki-Dzien-Nauki-2025-1448x2048.png 1448w, https:\/\/pans.krosno.pl\/cti\/wp-content\/uploads\/sites\/38\/2025\/03\/Plakat-Akademicki-Dzien-Nauki-2025-2000x2829.png 2000w, https:\/\/pans.krosno.pl\/cti\/wp-content\/uploads\/sites\/38\/2025\/03\/Plakat-Akademicki-Dzien-Nauki-2025-800x1132.png 800w, https:\/\/pans.krosno.pl\/cti\/wp-content\/uploads\/sites\/38\/2025\/03\/Plakat-Akademicki-Dzien-Nauki-2025-580x820.png 580w\" sizes=\"auto, (max-width: 724px) 100vw, 724px\" \/><\/figure>\n","protected":false},"excerpt":{"rendered":"<p>Akademicki Dzie\u0144 Nauki i XII Targi Pracy PANS w Kro\u015bnie21 marca 2025 r.Kampus Techniczno-sportowy PANS w Kro\u015bnie, ul. Wyspia\u0144skiego 20godz. 9.30 \u2013 14.00 XII Targi Pracy PANS w Kro\u015bnie \u2013 hala sportowa \/9.30 \u2013 14.00\/ Panel ekspercki: Program mentoringowy: KROSNO Talent_HUB \u2013 PANS 5G LAB &#8211; sala 8B \/10.15 \u2013 [\u2026] <\/p>\n<div class=\"clear\"><\/div>\n<p><a class=\"more_link clearfix\" href=\"https:\/\/pans.krosno.pl\/cti\/targi-pracy-2025\/szkolenia-i-warsztaty-akademicki-dzien-nauki-2025\/\" rel=\"nofollow\">Read More<\/a><\/p>\n","protected":false},"author":27,"featured_media":0,"parent":6140,"menu_order":0,"comment_status":"closed","ping_status":"closed","template":"page-templates\/template-full-width.php","meta":{"ngg_post_thumbnail":0,"footnotes":""},"class_list":["post-6159","page","type-page","status-publish","hentry"],"yoast_head":"<!-- This site is optimized with the Yoast SEO Premium plugin v27.3 (Yoast SEO v27.3) - https:\/\/yoast.com\/product\/yoast-seo-premium-wordpress\/ -->\n<title>Szkolenia i warsztaty Akademicki Dzie\u0144 nauki 2025 - Centrum Technologiczne Inkubator PANS w Kro\u015bnie<\/title>\n<meta name=\"robots\" content=\"index, follow, max-snippet:-1, max-image-preview:large, max-video-preview:-1\" \/>\n<link rel=\"canonical\" href=\"https:\/\/pans.krosno.pl\/cti\/targi-pracy-2025\/szkolenia-i-warsztaty-akademicki-dzien-nauki-2025\/\" \/>\n<meta property=\"og:locale\" content=\"pl_PL\" \/>\n<meta property=\"og:type\" content=\"article\" \/>\n<meta property=\"og:title\" content=\"Szkolenia i warsztaty Akademicki Dzie\u0144 nauki 2025\" \/>\n<meta property=\"og:description\" content=\"Akademicki Dzie\u0144 Nauki i XII Targi Pracy PANS w Kro\u015bnie21 marca 2025 r.Kampus Techniczno-sportowy PANS w Kro\u015bnie, ul. Wyspia\u0144skiego 20godz. 9.30 \u2013 14.00 XII Targi Pracy PANS w Kro\u015bnie \u2013 hala sportowa \/9.30 \u2013 14.00\/ Panel ekspercki: Program mentoringowy: KROSNO Talent_HUB \u2013 PANS 5G LAB &#8211; sala 8B \/10.15 \u2013 [\u2026] Read More\" \/>\n<meta property=\"og:url\" content=\"https:\/\/pans.krosno.pl\/cti\/targi-pracy-2025\/szkolenia-i-warsztaty-akademicki-dzien-nauki-2025\/\" \/>\n<meta property=\"og:site_name\" content=\"Centrum Technologiczne Inkubator PANS w Kro\u015bnie\" \/>\n<meta property=\"article:publisher\" content=\"https:\/\/www.facebook.com\/BKKPUKROSNO\/\" \/>\n<meta property=\"article:modified_time\" content=\"2025-03-18T07:11:08+00:00\" \/>\n<meta property=\"og:image\" content=\"https:\/\/pans.krosno.pl\/cti\/wp-content\/uploads\/sites\/38\/2025\/03\/Plakat-Akademicki-Dzien-Nauki-2025-724x1024.png\" \/>\n\t<meta property=\"og:image:width\" content=\"724\" \/>\n\t<meta property=\"og:image:height\" content=\"1024\" \/>\n\t<meta property=\"og:image:type\" content=\"image\/png\" \/>\n<meta name=\"twitter:card\" content=\"summary_large_image\" \/>\n<meta name=\"twitter:label1\" content=\"Szacowany czas czytania\" \/>\n\t<meta name=\"twitter:data1\" content=\"4 minuty\" \/>\n<script type=\"application\/ld+json\" class=\"yoast-schema-graph\">{\"@context\":\"https:\\\/\\\/schema.org\",\"@graph\":[{\"@type\":\"WebPage\",\"@id\":\"https:\\\/\\\/pans.krosno.pl\\\/cti\\\/targi-pracy-2025\\\/szkolenia-i-warsztaty-akademicki-dzien-nauki-2025\\\/\",\"url\":\"https:\\\/\\\/pans.krosno.pl\\\/cti\\\/targi-pracy-2025\\\/szkolenia-i-warsztaty-akademicki-dzien-nauki-2025\\\/\",\"name\":\"Szkolenia i warsztaty Akademicki Dzie\u0144 nauki 2025 - Centrum Technologiczne Inkubator PANS w Kro\u015bnie\",\"isPartOf\":{\"@id\":\"https:\\\/\\\/pans.krosno.pl\\\/cti\\\/#website\"},\"primaryImageOfPage\":{\"@id\":\"https:\\\/\\\/pans.krosno.pl\\\/cti\\\/targi-pracy-2025\\\/szkolenia-i-warsztaty-akademicki-dzien-nauki-2025\\\/#primaryimage\"},\"image\":{\"@id\":\"https:\\\/\\\/pans.krosno.pl\\\/cti\\\/targi-pracy-2025\\\/szkolenia-i-warsztaty-akademicki-dzien-nauki-2025\\\/#primaryimage\"},\"thumbnailUrl\":\"https:\\\/\\\/pans.krosno.pl\\\/cti\\\/wp-content\\\/uploads\\\/sites\\\/38\\\/2025\\\/03\\\/Plakat-Akademicki-Dzien-Nauki-2025-724x1024.png\",\"datePublished\":\"2025-01-08T08:32:40+00:00\",\"dateModified\":\"2025-03-18T07:11:08+00:00\",\"breadcrumb\":{\"@id\":\"https:\\\/\\\/pans.krosno.pl\\\/cti\\\/targi-pracy-2025\\\/szkolenia-i-warsztaty-akademicki-dzien-nauki-2025\\\/#breadcrumb\"},\"inLanguage\":\"pl-PL\",\"potentialAction\":[{\"@type\":\"ReadAction\",\"target\":[\"https:\\\/\\\/pans.krosno.pl\\\/cti\\\/targi-pracy-2025\\\/szkolenia-i-warsztaty-akademicki-dzien-nauki-2025\\\/\"]}]},{\"@type\":\"ImageObject\",\"inLanguage\":\"pl-PL\",\"@id\":\"https:\\\/\\\/pans.krosno.pl\\\/cti\\\/targi-pracy-2025\\\/szkolenia-i-warsztaty-akademicki-dzien-nauki-2025\\\/#primaryimage\",\"url\":\"https:\\\/\\\/pans.krosno.pl\\\/cti\\\/wp-content\\\/uploads\\\/sites\\\/38\\\/2025\\\/03\\\/Plakat-Akademicki-Dzien-Nauki-2025.png\",\"contentUrl\":\"https:\\\/\\\/pans.krosno.pl\\\/cti\\\/wp-content\\\/uploads\\\/sites\\\/38\\\/2025\\\/03\\\/Plakat-Akademicki-Dzien-Nauki-2025.png\",\"width\":2480,\"height\":3508},{\"@type\":\"BreadcrumbList\",\"@id\":\"https:\\\/\\\/pans.krosno.pl\\\/cti\\\/targi-pracy-2025\\\/szkolenia-i-warsztaty-akademicki-dzien-nauki-2025\\\/#breadcrumb\",\"itemListElement\":[{\"@type\":\"ListItem\",\"position\":1,\"name\":\"Strona g\u0142\u00f3wna\",\"item\":\"https:\\\/\\\/pans.krosno.pl\\\/cti\\\/\"},{\"@type\":\"ListItem\",\"position\":2,\"name\":\"Targi Pracy 2025\",\"item\":\"https:\\\/\\\/pans.krosno.pl\\\/cti\\\/targi-pracy-2025\\\/\"},{\"@type\":\"ListItem\",\"position\":3,\"name\":\"Szkolenia i warsztaty Akademicki Dzie\u0144 nauki 2025\"}]},{\"@type\":\"WebSite\",\"@id\":\"https:\\\/\\\/pans.krosno.pl\\\/cti\\\/#website\",\"url\":\"https:\\\/\\\/pans.krosno.pl\\\/cti\\\/\",\"name\":\"Biuro Karier\",\"description\":\"Centrum Technologiczne Inkubator - Pa\u0144stwowa Akademia Nauk Stosowanych\",\"publisher\":{\"@id\":\"https:\\\/\\\/pans.krosno.pl\\\/cti\\\/#organization\"},\"potentialAction\":[{\"@type\":\"SearchAction\",\"target\":{\"@type\":\"EntryPoint\",\"urlTemplate\":\"https:\\\/\\\/pans.krosno.pl\\\/cti\\\/?s={search_term_string}\"},\"query-input\":{\"@type\":\"PropertyValueSpecification\",\"valueRequired\":true,\"valueName\":\"search_term_string\"}}],\"inLanguage\":\"pl-PL\"},{\"@type\":\"Organization\",\"@id\":\"https:\\\/\\\/pans.krosno.pl\\\/cti\\\/#organization\",\"name\":\"Biuro Karier - Karpacka Pa\u0144stwowa Uczelnia w Kro\u015bnie\",\"url\":\"https:\\\/\\\/pans.krosno.pl\\\/cti\\\/\",\"logo\":{\"@type\":\"ImageObject\",\"inLanguage\":\"pl-PL\",\"@id\":\"https:\\\/\\\/pans.krosno.pl\\\/cti\\\/#\\\/schema\\\/logo\\\/image\\\/\",\"url\":\"https:\\\/\\\/pans.krosno.pl\\\/bk\\\/wp-content\\\/uploads\\\/sites\\\/38\\\/2020\\\/05\\\/96735643_906333539807912_5732186373989859328_n-1.gif\",\"contentUrl\":\"https:\\\/\\\/pans.krosno.pl\\\/bk\\\/wp-content\\\/uploads\\\/sites\\\/38\\\/2020\\\/05\\\/96735643_906333539807912_5732186373989859328_n-1.gif\",\"width\":762,\"height\":137,\"caption\":\"Biuro Karier - Karpacka Pa\u0144stwowa Uczelnia w Kro\u015bnie\"},\"image\":{\"@id\":\"https:\\\/\\\/pans.krosno.pl\\\/cti\\\/#\\\/schema\\\/logo\\\/image\\\/\"},\"sameAs\":[\"https:\\\/\\\/www.facebook.com\\\/BKKPUKROSNO\\\/\"]}]}<\/script>\n<!-- \/ Yoast SEO Premium plugin. -->","yoast_head_json":{"title":"Szkolenia i warsztaty Akademicki Dzie\u0144 nauki 2025 - Centrum Technologiczne Inkubator PANS w Kro\u015bnie","robots":{"index":"index","follow":"follow","max-snippet":"max-snippet:-1","max-image-preview":"max-image-preview:large","max-video-preview":"max-video-preview:-1"},"canonical":"https:\/\/pans.krosno.pl\/cti\/targi-pracy-2025\/szkolenia-i-warsztaty-akademicki-dzien-nauki-2025\/","og_locale":"pl_PL","og_type":"article","og_title":"Szkolenia i warsztaty Akademicki Dzie\u0144 nauki 2025","og_description":"Akademicki Dzie\u0144 Nauki i XII Targi Pracy PANS w Kro\u015bnie21 marca 2025 r.Kampus Techniczno-sportowy PANS w Kro\u015bnie, ul. Wyspia\u0144skiego 20godz. 9.30 \u2013 14.00 XII Targi Pracy PANS w Kro\u015bnie \u2013 hala sportowa \/9.30 \u2013 14.00\/ Panel ekspercki: Program mentoringowy: KROSNO Talent_HUB \u2013 PANS 5G LAB &#8211; sala 8B \/10.15 \u2013 [\u2026] Read More","og_url":"https:\/\/pans.krosno.pl\/cti\/targi-pracy-2025\/szkolenia-i-warsztaty-akademicki-dzien-nauki-2025\/","og_site_name":"Centrum Technologiczne Inkubator PANS w Kro\u015bnie","article_publisher":"https:\/\/www.facebook.com\/BKKPUKROSNO\/","article_modified_time":"2025-03-18T07:11:08+00:00","og_image":[{"width":724,"height":1024,"url":"https:\/\/pans.krosno.pl\/cti\/wp-content\/uploads\/sites\/38\/2025\/03\/Plakat-Akademicki-Dzien-Nauki-2025-724x1024.png","type":"image\/png"}],"twitter_card":"summary_large_image","twitter_misc":{"Szacowany czas czytania":"4 minuty"},"schema":{"@context":"https:\/\/schema.org","@graph":[{"@type":"WebPage","@id":"https:\/\/pans.krosno.pl\/cti\/targi-pracy-2025\/szkolenia-i-warsztaty-akademicki-dzien-nauki-2025\/","url":"https:\/\/pans.krosno.pl\/cti\/targi-pracy-2025\/szkolenia-i-warsztaty-akademicki-dzien-nauki-2025\/","name":"Szkolenia i warsztaty Akademicki Dzie\u0144 nauki 2025 - Centrum Technologiczne Inkubator PANS w Kro\u015bnie","isPartOf":{"@id":"https:\/\/pans.krosno.pl\/cti\/#website"},"primaryImageOfPage":{"@id":"https:\/\/pans.krosno.pl\/cti\/targi-pracy-2025\/szkolenia-i-warsztaty-akademicki-dzien-nauki-2025\/#primaryimage"},"image":{"@id":"https:\/\/pans.krosno.pl\/cti\/targi-pracy-2025\/szkolenia-i-warsztaty-akademicki-dzien-nauki-2025\/#primaryimage"},"thumbnailUrl":"https:\/\/pans.krosno.pl\/cti\/wp-content\/uploads\/sites\/38\/2025\/03\/Plakat-Akademicki-Dzien-Nauki-2025-724x1024.png","datePublished":"2025-01-08T08:32:40+00:00","dateModified":"2025-03-18T07:11:08+00:00","breadcrumb":{"@id":"https:\/\/pans.krosno.pl\/cti\/targi-pracy-2025\/szkolenia-i-warsztaty-akademicki-dzien-nauki-2025\/#breadcrumb"},"inLanguage":"pl-PL","potentialAction":[{"@type":"ReadAction","target":["https:\/\/pans.krosno.pl\/cti\/targi-pracy-2025\/szkolenia-i-warsztaty-akademicki-dzien-nauki-2025\/"]}]},{"@type":"ImageObject","inLanguage":"pl-PL","@id":"https:\/\/pans.krosno.pl\/cti\/targi-pracy-2025\/szkolenia-i-warsztaty-akademicki-dzien-nauki-2025\/#primaryimage","url":"https:\/\/pans.krosno.pl\/cti\/wp-content\/uploads\/sites\/38\/2025\/03\/Plakat-Akademicki-Dzien-Nauki-2025.png","contentUrl":"https:\/\/pans.krosno.pl\/cti\/wp-content\/uploads\/sites\/38\/2025\/03\/Plakat-Akademicki-Dzien-Nauki-2025.png","width":2480,"height":3508},{"@type":"BreadcrumbList","@id":"https:\/\/pans.krosno.pl\/cti\/targi-pracy-2025\/szkolenia-i-warsztaty-akademicki-dzien-nauki-2025\/#breadcrumb","itemListElement":[{"@type":"ListItem","position":1,"name":"Strona g\u0142\u00f3wna","item":"https:\/\/pans.krosno.pl\/cti\/"},{"@type":"ListItem","position":2,"name":"Targi Pracy 2025","item":"https:\/\/pans.krosno.pl\/cti\/targi-pracy-2025\/"},{"@type":"ListItem","position":3,"name":"Szkolenia i warsztaty Akademicki Dzie\u0144 nauki 2025"}]},{"@type":"WebSite","@id":"https:\/\/pans.krosno.pl\/cti\/#website","url":"https:\/\/pans.krosno.pl\/cti\/","name":"Biuro Karier","description":"Centrum Technologiczne Inkubator - Pa\u0144stwowa Akademia Nauk Stosowanych","publisher":{"@id":"https:\/\/pans.krosno.pl\/cti\/#organization"},"potentialAction":[{"@type":"SearchAction","target":{"@type":"EntryPoint","urlTemplate":"https:\/\/pans.krosno.pl\/cti\/?s={search_term_string}"},"query-input":{"@type":"PropertyValueSpecification","valueRequired":true,"valueName":"search_term_string"}}],"inLanguage":"pl-PL"},{"@type":"Organization","@id":"https:\/\/pans.krosno.pl\/cti\/#organization","name":"Biuro Karier - Karpacka Pa\u0144stwowa Uczelnia w Kro\u015bnie","url":"https:\/\/pans.krosno.pl\/cti\/","logo":{"@type":"ImageObject","inLanguage":"pl-PL","@id":"https:\/\/pans.krosno.pl\/cti\/#\/schema\/logo\/image\/","url":"https:\/\/pans.krosno.pl\/bk\/wp-content\/uploads\/sites\/38\/2020\/05\/96735643_906333539807912_5732186373989859328_n-1.gif","contentUrl":"https:\/\/pans.krosno.pl\/bk\/wp-content\/uploads\/sites\/38\/2020\/05\/96735643_906333539807912_5732186373989859328_n-1.gif","width":762,"height":137,"caption":"Biuro Karier - Karpacka Pa\u0144stwowa Uczelnia w Kro\u015bnie"},"image":{"@id":"https:\/\/pans.krosno.pl\/cti\/#\/schema\/logo\/image\/"},"sameAs":["https:\/\/www.facebook.com\/BKKPUKROSNO\/"]}]}},"_links":{"self":[{"href":"https:\/\/pans.krosno.pl\/cti\/wp-json\/wp\/v2\/pages\/6159","targetHints":{"allow":["GET"]}}],"collection":[{"href":"https:\/\/pans.krosno.pl\/cti\/wp-json\/wp\/v2\/pages"}],"about":[{"href":"https:\/\/pans.krosno.pl\/cti\/wp-json\/wp\/v2\/types\/page"}],"author":[{"embeddable":true,"href":"https:\/\/pans.krosno.pl\/cti\/wp-json\/wp\/v2\/users\/27"}],"replies":[{"embeddable":true,"href":"https:\/\/pans.krosno.pl\/cti\/wp-json\/wp\/v2\/comments?post=6159"}],"version-history":[{"count":19,"href":"https:\/\/pans.krosno.pl\/cti\/wp-json\/wp\/v2\/pages\/6159\/revisions"}],"predecessor-version":[{"id":6638,"href":"https:\/\/pans.krosno.pl\/cti\/wp-json\/wp\/v2\/pages\/6159\/revisions\/6638"}],"up":[{"embeddable":true,"href":"https:\/\/pans.krosno.pl\/cti\/wp-json\/wp\/v2\/pages\/6140"}],"wp:attachment":[{"href":"https:\/\/pans.krosno.pl\/cti\/wp-json\/wp\/v2\/media?parent=6159"}],"curies":[{"name":"wp","href":"https:\/\/api.w.org\/{rel}","templated":true}]}}