{"id":538,"date":"2020-07-13T10:14:12","date_gmt":"2020-07-13T08:14:12","guid":{"rendered":"https:\/\/pans.krosno.pl\/bk\/?page_id=538"},"modified":"2023-09-20T09:52:42","modified_gmt":"2023-09-20T07:52:42","slug":"prawa-pracownika","status":"publish","type":"page","link":"https:\/\/pans.krosno.pl\/cti\/abc-kariery\/prawa-pracownika\/","title":{"rendered":"Prawa i obowi\u0105zki pracownika"},"content":{"rendered":"\n<div class=\"wp-block-cover is-light\" style=\"min-height:235px;aspect-ratio:unset;\"><span aria-hidden=\"true\" class=\"wp-block-cover__background has-background-dim\"><\/span><img loading=\"lazy\" decoding=\"async\" width=\"1800\" height=\"1200\" class=\"wp-block-cover__image-background wp-image-522\" alt=\"\" src=\"https:\/\/pans.krosno.pl\/cti\/wp-content\/uploads\/sites\/38\/2020\/07\/hammer-802301_1920.jpg\" style=\"object-position:48% 81%\" data-object-fit=\"cover\" data-object-position=\"48% 81%\" srcset=\"https:\/\/pans.krosno.pl\/cti\/wp-content\/uploads\/sites\/38\/2020\/07\/hammer-802301_1920.jpg 1800w, https:\/\/pans.krosno.pl\/cti\/wp-content\/uploads\/sites\/38\/2020\/07\/hammer-802301_1920-300x200.jpg 300w, https:\/\/pans.krosno.pl\/cti\/wp-content\/uploads\/sites\/38\/2020\/07\/hammer-802301_1920-1024x683.jpg 1024w, https:\/\/pans.krosno.pl\/cti\/wp-content\/uploads\/sites\/38\/2020\/07\/hammer-802301_1920-768x512.jpg 768w, https:\/\/pans.krosno.pl\/cti\/wp-content\/uploads\/sites\/38\/2020\/07\/hammer-802301_1920-1536x1024.jpg 1536w, https:\/\/pans.krosno.pl\/cti\/wp-content\/uploads\/sites\/38\/2020\/07\/hammer-802301_1920-800x533.jpg 800w, https:\/\/pans.krosno.pl\/cti\/wp-content\/uploads\/sites\/38\/2020\/07\/hammer-802301_1920-580x387.jpg 580w\" sizes=\"auto, (max-width: 1800px) 100vw, 1800px\" \/><div class=\"wp-block-cover__inner-container is-layout-flow wp-block-cover-is-layout-flow\">\n<p class=\"has-text-align-center has-large-font-size\">Wybrane zagadnienia <br>z prawa pracy<\/p>\n<\/div><\/div>\n\n\n<p>&nbsp;<\/p>\n<p><strong>Podstawowe obowi\u0105zki pracodawcy:<\/strong><\/p>\n<ul>\n<li>zaznajamianie pracownik\u00f3w podejmuj\u0105cych prac\u0119 z zakresem ich obowi\u0105zk\u00f3w, sposobem wykonywania pracy oraz ich podstawowymi uprawnieniami,<\/li>\n<li>prawid\u0142owa organizacja pracy,<\/li>\n<li>zapewnienie bezpiecznych i higienicznych warunk\u00f3w pracy oraz systematyczne szkolenie pracownik\u00f3w w tym zakresie,<\/li>\n<li>terminowa i prawid\u0142owa wyp\u0142ata wynagrodze\u0144,<\/li>\n<li>u\u0142atwianie pracownikom podnoszenia kwalifikacji zawodowych,<\/li>\n<li>stwarzanie m\u0142odym pracownikom warunk\u00f3w sprzyjaj\u0105cych przystosowaniu si\u0119 do nale\u017cytego wykonywania pracy;<\/li>\n<li>zaspokajanie w miar\u0119 posiadanych \u015brodk\u00f3w socjalnych potrzeb pracownik\u00f3w,<\/li>\n<li>stosowanie sprawiedliwych i obiektywnych kryteri\u00f3w oceny pracownik\u00f3w,<\/li>\n<li>prowadzenie i przechowywanie w postaci papierowej lub elektronicznej dokumentacji zwi\u0105zanej ze stosunkiem pracy oraz akt osobowych pracownik\u00f3w,<\/li>\n<li>wp\u0142ywanie na kszta\u0142towanie w zak\u0142adzie pracy zasad wsp\u00f3\u0142\u017cycia spo\u0142ecznego.<\/li>\n<\/ul>\n<p><strong>Podstawowe obowi\u0105zki pracownika:<\/strong><\/p>\n<ul>\n<li>sumienne i staranne wykonywanie pracy,<\/li>\n<li>stosowanie si\u0119 do polece\u0144 prze\u0142o\u017conych,<\/li>\n<li>przestrzeganie czasu pracy,<\/li>\n<li>przestrzeganie regulaminu pracy, zasad bhp i ppo\u017c.,<\/li>\n<li>dbanie o dobro zak\u0142adu pracy, chronienie jego mienia i nieujawnianie informacji, kt\u00f3re mog\u0142yby narazi\u0107 pracodawc\u0119 na szkod\u0119,<\/li>\n<li>przestrzeganie tajemnicy okre\u015blonej w odr\u0119bnych przepisach,<\/li>\n<li>przestrzeganie zasad wsp\u00f3\u0142\u017cycia spo\u0142ecznego.<\/li>\n<\/ul>\n<p>PAMI\u0118TAJ! Opr\u00f3cz praw masz te\u017c obowi\u0105zki i musisz je wykonywa\u0107.<\/p>\n<p><strong>Wybrane zagadnienia z prawa pracy:<\/strong><br><a title=\"\" href=\"http:\/\/zielonalinia.gov.pl\/czym-jest-prawo-pracy-33361\" target=\"_self\" rel=\"noopener noreferrer\">Czym jest prawo pracy?<\/a><br><a title=\"\" href=\"http:\/\/zielonalinia.gov.pl\/zasady-prawa-pracy-i-stosunek-pracy-33362\" target=\"_self\" rel=\"noopener noreferrer\">Zasady prawa pracy i stosunek pracy<\/a><br><a title=\"\" href=\"http:\/\/zielonalinia.gov.pl\/nawiazanie-stosunku-pracy-33363\" target=\"_self\" rel=\"noopener noreferrer\">Nawi\u0105zanie stosunku pracy<\/a><br><a title=\"\" href=\"http:\/\/zielonalinia.gov.pl\/obowiazki-pracownika-i-pracodawcy-33373\" target=\"_self\" rel=\"noopener noreferrer\">Obowi\u0105zki pracownika i pracodawcy<\/a><br><a title=\"\" href=\"http:\/\/zielonalinia.gov.pl\/umowa-o-prace-33374\" target=\"_self\" rel=\"noopener noreferrer\">Umowa o prac\u0119<\/a><br><a title=\"\" href=\"http:\/\/zielonalinia.gov.pl\/rozwiazanie-umowy-o-prace-33375\" target=\"_self\" rel=\"noopener noreferrer\">Rozwi\u0105zanie umowy o prac\u0119<\/a><br><a title=\"\" href=\"http:\/\/zielonalinia.gov.pl\/kogo-nie-mozna-zwolnic-33376\" target=\"_self\" rel=\"noopener noreferrer\">Kogo nie mo\u017cna zwolni\u0107?<\/a><br><a title=\"\" href=\"http:\/\/zielonalinia.gov.pl\/urlop-wypoczynkowy-33399\" target=\"_self\" rel=\"noopener noreferrer\">Urlop wypoczynkowy<\/a><br><a title=\"\" href=\"http:\/\/zielonalinia.gov.pl\/uprawnienia-zwiazane-z-rodzicielstwem-33400\" target=\"_self\" rel=\"noopener noreferrer\">Uprawnienia zwi\u0105zane z rodzicielstwem<\/a><br><a title=\"\" href=\"http:\/\/zielonalinia.gov.pl\/urlop-wychowawczy-33401\" target=\"_self\" rel=\"noopener noreferrer\">Urlop wychowawczy<\/a><br><a title=\"\" href=\"http:\/\/zielonalinia.gov.pl\/umowa-zlecenie-33402\" target=\"_self\" rel=\"noopener noreferrer\">Umowa &#8211; zlecenie<\/a><br><a title=\"\" href=\"http:\/\/zielonalinia.gov.pl\/umowa-o-dzielo-33429\" target=\"_self\" rel=\"noopener noreferrer\">Umowa o dzie\u0142o<\/a><br><a href=\"http:\/\/zielonalinia.gov.pl\/-\/praca-tymczasowa\">Praca tymczasowa<\/a><\/p>\n<h6>\u0179r\u00f3d\u0142o: https:\/\/zielonalinia.gov.pl\/<\/h6>","protected":false},"excerpt":{"rendered":"<p>&nbsp; Podstawowe obowi\u0105zki pracodawcy: zaznajamianie pracownik\u00f3w podejmuj\u0105cych prac\u0119 z zakresem ich obowi\u0105zk\u00f3w, sposobem wykonywania pracy oraz ich podstawowymi uprawnieniami, prawid\u0142owa organizacja pracy, zapewnienie bezpiecznych i higienicznych warunk\u00f3w pracy oraz systematyczne szkolenie pracownik\u00f3w w tym zakresie, terminowa i prawid\u0142owa wyp\u0142ata wynagrodze\u0144, u\u0142atwianie pracownikom podnoszenia kwalifikacji zawodowych, stwarzanie m\u0142odym pracownikom warunk\u00f3w sprzyjaj\u0105cych [\u2026] <\/p>\n<div class=\"clear\"><\/div>\n<p><a class=\"more_link clearfix\" href=\"https:\/\/pans.krosno.pl\/cti\/abc-kariery\/prawa-pracownika\/\" rel=\"nofollow\">Read More<\/a><\/p>\n","protected":false},"author":27,"featured_media":0,"parent":25,"menu_order":0,"comment_status":"closed","ping_status":"closed","template":"page-templates\/template-full-width.php","meta":{"ngg_post_thumbnail":0,"footnotes":""},"class_list":["post-538","page","type-page","status-publish","hentry"],"yoast_head":"<!-- This site is optimized with the Yoast SEO Premium plugin v27.3 (Yoast SEO v27.3) - https:\/\/yoast.com\/product\/yoast-seo-premium-wordpress\/ -->\n<title>Prawa i obowi\u0105zki pracownika - Centrum Technologiczne Inkubator PANS w Kro\u015bnie<\/title>\n<meta name=\"robots\" content=\"index, follow, max-snippet:-1, max-image-preview:large, max-video-preview:-1\" \/>\n<link rel=\"canonical\" href=\"https:\/\/pans.krosno.pl\/cti\/abc-kariery\/prawa-pracownika\/\" \/>\n<meta property=\"og:locale\" content=\"pl_PL\" \/>\n<meta property=\"og:type\" content=\"article\" \/>\n<meta property=\"og:title\" content=\"Prawa i obowi\u0105zki pracownika\" \/>\n<meta property=\"og:description\" content=\"&nbsp; Podstawowe obowi\u0105zki pracodawcy: zaznajamianie pracownik\u00f3w podejmuj\u0105cych prac\u0119 z zakresem ich obowi\u0105zk\u00f3w, sposobem wykonywania pracy oraz ich podstawowymi uprawnieniami, prawid\u0142owa organizacja pracy, zapewnienie bezpiecznych i higienicznych warunk\u00f3w pracy oraz systematyczne szkolenie pracownik\u00f3w w tym zakresie, terminowa i prawid\u0142owa wyp\u0142ata wynagrodze\u0144, u\u0142atwianie pracownikom podnoszenia kwalifikacji zawodowych, stwarzanie m\u0142odym pracownikom warunk\u00f3w sprzyjaj\u0105cych [\u2026] Read More\" \/>\n<meta property=\"og:url\" content=\"https:\/\/pans.krosno.pl\/cti\/abc-kariery\/prawa-pracownika\/\" \/>\n<meta property=\"og:site_name\" content=\"Centrum Technologiczne Inkubator PANS w Kro\u015bnie\" \/>\n<meta property=\"article:publisher\" content=\"https:\/\/www.facebook.com\/BKKPUKROSNO\/\" \/>\n<meta property=\"article:modified_time\" content=\"2023-09-20T07:52:42+00:00\" \/>\n<meta property=\"og:image\" content=\"https:\/\/pans.krosno.pl\/cti\/wp-content\/uploads\/sites\/38\/2020\/07\/hammer-802301_1920.jpg\" \/>\n<meta name=\"twitter:card\" content=\"summary_large_image\" \/>\n<meta name=\"twitter:label1\" content=\"Szacowany czas czytania\" \/>\n\t<meta name=\"twitter:data1\" content=\"2 minuty\" \/>\n<script type=\"application\/ld+json\" class=\"yoast-schema-graph\">{\"@context\":\"https:\\\/\\\/schema.org\",\"@graph\":[{\"@type\":\"WebPage\",\"@id\":\"https:\\\/\\\/pans.krosno.pl\\\/cti\\\/abc-kariery\\\/prawa-pracownika\\\/\",\"url\":\"https:\\\/\\\/pans.krosno.pl\\\/cti\\\/abc-kariery\\\/prawa-pracownika\\\/\",\"name\":\"Prawa i obowi\u0105zki pracownika - Centrum Technologiczne Inkubator PANS w Kro\u015bnie\",\"isPartOf\":{\"@id\":\"https:\\\/\\\/pans.krosno.pl\\\/cti\\\/#website\"},\"primaryImageOfPage\":{\"@id\":\"https:\\\/\\\/pans.krosno.pl\\\/cti\\\/abc-kariery\\\/prawa-pracownika\\\/#primaryimage\"},\"image\":{\"@id\":\"https:\\\/\\\/pans.krosno.pl\\\/cti\\\/abc-kariery\\\/prawa-pracownika\\\/#primaryimage\"},\"thumbnailUrl\":\"https:\\\/\\\/pans.krosno.pl\\\/cti\\\/wp-content\\\/uploads\\\/sites\\\/38\\\/2020\\\/07\\\/hammer-802301_1920.jpg\",\"datePublished\":\"2020-07-13T08:14:12+00:00\",\"dateModified\":\"2023-09-20T07:52:42+00:00\",\"breadcrumb\":{\"@id\":\"https:\\\/\\\/pans.krosno.pl\\\/cti\\\/abc-kariery\\\/prawa-pracownika\\\/#breadcrumb\"},\"inLanguage\":\"pl-PL\",\"potentialAction\":[{\"@type\":\"ReadAction\",\"target\":[\"https:\\\/\\\/pans.krosno.pl\\\/cti\\\/abc-kariery\\\/prawa-pracownika\\\/\"]}]},{\"@type\":\"ImageObject\",\"inLanguage\":\"pl-PL\",\"@id\":\"https:\\\/\\\/pans.krosno.pl\\\/cti\\\/abc-kariery\\\/prawa-pracownika\\\/#primaryimage\",\"url\":\"https:\\\/\\\/pans.krosno.pl\\\/cti\\\/wp-content\\\/uploads\\\/sites\\\/38\\\/2020\\\/07\\\/hammer-802301_1920.jpg\",\"contentUrl\":\"https:\\\/\\\/pans.krosno.pl\\\/cti\\\/wp-content\\\/uploads\\\/sites\\\/38\\\/2020\\\/07\\\/hammer-802301_1920.jpg\",\"width\":1800,\"height\":1200},{\"@type\":\"BreadcrumbList\",\"@id\":\"https:\\\/\\\/pans.krosno.pl\\\/cti\\\/abc-kariery\\\/prawa-pracownika\\\/#breadcrumb\",\"itemListElement\":[{\"@type\":\"ListItem\",\"position\":1,\"name\":\"Strona g\u0142\u00f3wna\",\"item\":\"https:\\\/\\\/pans.krosno.pl\\\/cti\\\/\"},{\"@type\":\"ListItem\",\"position\":2,\"name\":\"ABC Kariery\",\"item\":\"https:\\\/\\\/pans.krosno.pl\\\/cti\\\/abc-kariery\\\/\"},{\"@type\":\"ListItem\",\"position\":3,\"name\":\"Prawa i obowi\u0105zki pracownika\"}]},{\"@type\":\"WebSite\",\"@id\":\"https:\\\/\\\/pans.krosno.pl\\\/cti\\\/#website\",\"url\":\"https:\\\/\\\/pans.krosno.pl\\\/cti\\\/\",\"name\":\"Biuro Karier\",\"description\":\"Centrum Technologiczne Inkubator - Pa\u0144stwowa Akademia Nauk Stosowanych\",\"publisher\":{\"@id\":\"https:\\\/\\\/pans.krosno.pl\\\/cti\\\/#organization\"},\"potentialAction\":[{\"@type\":\"SearchAction\",\"target\":{\"@type\":\"EntryPoint\",\"urlTemplate\":\"https:\\\/\\\/pans.krosno.pl\\\/cti\\\/?s={search_term_string}\"},\"query-input\":{\"@type\":\"PropertyValueSpecification\",\"valueRequired\":true,\"valueName\":\"search_term_string\"}}],\"inLanguage\":\"pl-PL\"},{\"@type\":\"Organization\",\"@id\":\"https:\\\/\\\/pans.krosno.pl\\\/cti\\\/#organization\",\"name\":\"Biuro Karier - Karpacka Pa\u0144stwowa Uczelnia w Kro\u015bnie\",\"url\":\"https:\\\/\\\/pans.krosno.pl\\\/cti\\\/\",\"logo\":{\"@type\":\"ImageObject\",\"inLanguage\":\"pl-PL\",\"@id\":\"https:\\\/\\\/pans.krosno.pl\\\/cti\\\/#\\\/schema\\\/logo\\\/image\\\/\",\"url\":\"https:\\\/\\\/pans.krosno.pl\\\/bk\\\/wp-content\\\/uploads\\\/sites\\\/38\\\/2020\\\/05\\\/96735643_906333539807912_5732186373989859328_n-1.gif\",\"contentUrl\":\"https:\\\/\\\/pans.krosno.pl\\\/bk\\\/wp-content\\\/uploads\\\/sites\\\/38\\\/2020\\\/05\\\/96735643_906333539807912_5732186373989859328_n-1.gif\",\"width\":762,\"height\":137,\"caption\":\"Biuro Karier - Karpacka Pa\u0144stwowa Uczelnia w Kro\u015bnie\"},\"image\":{\"@id\":\"https:\\\/\\\/pans.krosno.pl\\\/cti\\\/#\\\/schema\\\/logo\\\/image\\\/\"},\"sameAs\":[\"https:\\\/\\\/www.facebook.com\\\/BKKPUKROSNO\\\/\"]}]}<\/script>\n<!-- \/ Yoast SEO Premium plugin. -->","yoast_head_json":{"title":"Prawa i obowi\u0105zki pracownika - Centrum Technologiczne Inkubator PANS w Kro\u015bnie","robots":{"index":"index","follow":"follow","max-snippet":"max-snippet:-1","max-image-preview":"max-image-preview:large","max-video-preview":"max-video-preview:-1"},"canonical":"https:\/\/pans.krosno.pl\/cti\/abc-kariery\/prawa-pracownika\/","og_locale":"pl_PL","og_type":"article","og_title":"Prawa i obowi\u0105zki pracownika","og_description":"&nbsp; Podstawowe obowi\u0105zki pracodawcy: zaznajamianie pracownik\u00f3w podejmuj\u0105cych prac\u0119 z zakresem ich obowi\u0105zk\u00f3w, sposobem wykonywania pracy oraz ich podstawowymi uprawnieniami, prawid\u0142owa organizacja pracy, zapewnienie bezpiecznych i higienicznych warunk\u00f3w pracy oraz systematyczne szkolenie pracownik\u00f3w w tym zakresie, terminowa i prawid\u0142owa wyp\u0142ata wynagrodze\u0144, u\u0142atwianie pracownikom podnoszenia kwalifikacji zawodowych, stwarzanie m\u0142odym pracownikom warunk\u00f3w sprzyjaj\u0105cych [\u2026] Read More","og_url":"https:\/\/pans.krosno.pl\/cti\/abc-kariery\/prawa-pracownika\/","og_site_name":"Centrum Technologiczne Inkubator PANS w Kro\u015bnie","article_publisher":"https:\/\/www.facebook.com\/BKKPUKROSNO\/","article_modified_time":"2023-09-20T07:52:42+00:00","og_image":[{"url":"https:\/\/pans.krosno.pl\/cti\/wp-content\/uploads\/sites\/38\/2020\/07\/hammer-802301_1920.jpg","type":"","width":"","height":""}],"twitter_card":"summary_large_image","twitter_misc":{"Szacowany czas czytania":"2 minuty"},"schema":{"@context":"https:\/\/schema.org","@graph":[{"@type":"WebPage","@id":"https:\/\/pans.krosno.pl\/cti\/abc-kariery\/prawa-pracownika\/","url":"https:\/\/pans.krosno.pl\/cti\/abc-kariery\/prawa-pracownika\/","name":"Prawa i obowi\u0105zki pracownika - Centrum Technologiczne Inkubator PANS w Kro\u015bnie","isPartOf":{"@id":"https:\/\/pans.krosno.pl\/cti\/#website"},"primaryImageOfPage":{"@id":"https:\/\/pans.krosno.pl\/cti\/abc-kariery\/prawa-pracownika\/#primaryimage"},"image":{"@id":"https:\/\/pans.krosno.pl\/cti\/abc-kariery\/prawa-pracownika\/#primaryimage"},"thumbnailUrl":"https:\/\/pans.krosno.pl\/cti\/wp-content\/uploads\/sites\/38\/2020\/07\/hammer-802301_1920.jpg","datePublished":"2020-07-13T08:14:12+00:00","dateModified":"2023-09-20T07:52:42+00:00","breadcrumb":{"@id":"https:\/\/pans.krosno.pl\/cti\/abc-kariery\/prawa-pracownika\/#breadcrumb"},"inLanguage":"pl-PL","potentialAction":[{"@type":"ReadAction","target":["https:\/\/pans.krosno.pl\/cti\/abc-kariery\/prawa-pracownika\/"]}]},{"@type":"ImageObject","inLanguage":"pl-PL","@id":"https:\/\/pans.krosno.pl\/cti\/abc-kariery\/prawa-pracownika\/#primaryimage","url":"https:\/\/pans.krosno.pl\/cti\/wp-content\/uploads\/sites\/38\/2020\/07\/hammer-802301_1920.jpg","contentUrl":"https:\/\/pans.krosno.pl\/cti\/wp-content\/uploads\/sites\/38\/2020\/07\/hammer-802301_1920.jpg","width":1800,"height":1200},{"@type":"BreadcrumbList","@id":"https:\/\/pans.krosno.pl\/cti\/abc-kariery\/prawa-pracownika\/#breadcrumb","itemListElement":[{"@type":"ListItem","position":1,"name":"Strona g\u0142\u00f3wna","item":"https:\/\/pans.krosno.pl\/cti\/"},{"@type":"ListItem","position":2,"name":"ABC Kariery","item":"https:\/\/pans.krosno.pl\/cti\/abc-kariery\/"},{"@type":"ListItem","position":3,"name":"Prawa i obowi\u0105zki pracownika"}]},{"@type":"WebSite","@id":"https:\/\/pans.krosno.pl\/cti\/#website","url":"https:\/\/pans.krosno.pl\/cti\/","name":"Biuro Karier","description":"Centrum Technologiczne Inkubator - Pa\u0144stwowa Akademia Nauk Stosowanych","publisher":{"@id":"https:\/\/pans.krosno.pl\/cti\/#organization"},"potentialAction":[{"@type":"SearchAction","target":{"@type":"EntryPoint","urlTemplate":"https:\/\/pans.krosno.pl\/cti\/?s={search_term_string}"},"query-input":{"@type":"PropertyValueSpecification","valueRequired":true,"valueName":"search_term_string"}}],"inLanguage":"pl-PL"},{"@type":"Organization","@id":"https:\/\/pans.krosno.pl\/cti\/#organization","name":"Biuro Karier - Karpacka Pa\u0144stwowa Uczelnia w Kro\u015bnie","url":"https:\/\/pans.krosno.pl\/cti\/","logo":{"@type":"ImageObject","inLanguage":"pl-PL","@id":"https:\/\/pans.krosno.pl\/cti\/#\/schema\/logo\/image\/","url":"https:\/\/pans.krosno.pl\/bk\/wp-content\/uploads\/sites\/38\/2020\/05\/96735643_906333539807912_5732186373989859328_n-1.gif","contentUrl":"https:\/\/pans.krosno.pl\/bk\/wp-content\/uploads\/sites\/38\/2020\/05\/96735643_906333539807912_5732186373989859328_n-1.gif","width":762,"height":137,"caption":"Biuro Karier - Karpacka Pa\u0144stwowa Uczelnia w Kro\u015bnie"},"image":{"@id":"https:\/\/pans.krosno.pl\/cti\/#\/schema\/logo\/image\/"},"sameAs":["https:\/\/www.facebook.com\/BKKPUKROSNO\/"]}]}},"_links":{"self":[{"href":"https:\/\/pans.krosno.pl\/cti\/wp-json\/wp\/v2\/pages\/538","targetHints":{"allow":["GET"]}}],"collection":[{"href":"https:\/\/pans.krosno.pl\/cti\/wp-json\/wp\/v2\/pages"}],"about":[{"href":"https:\/\/pans.krosno.pl\/cti\/wp-json\/wp\/v2\/types\/page"}],"author":[{"embeddable":true,"href":"https:\/\/pans.krosno.pl\/cti\/wp-json\/wp\/v2\/users\/27"}],"replies":[{"embeddable":true,"href":"https:\/\/pans.krosno.pl\/cti\/wp-json\/wp\/v2\/comments?post=538"}],"version-history":[{"count":9,"href":"https:\/\/pans.krosno.pl\/cti\/wp-json\/wp\/v2\/pages\/538\/revisions"}],"predecessor-version":[{"id":5010,"href":"https:\/\/pans.krosno.pl\/cti\/wp-json\/wp\/v2\/pages\/538\/revisions\/5010"}],"up":[{"embeddable":true,"href":"https:\/\/pans.krosno.pl\/cti\/wp-json\/wp\/v2\/pages\/25"}],"wp:attachment":[{"href":"https:\/\/pans.krosno.pl\/cti\/wp-json\/wp\/v2\/media?parent=538"}],"curies":[{"name":"wp","href":"https:\/\/api.w.org\/{rel}","templated":true}]}}