{"id":526,"date":"2020-07-13T10:08:19","date_gmt":"2020-07-13T08:08:19","guid":{"rendered":"https:\/\/pans.krosno.pl\/bk\/?page_id=526"},"modified":"2023-09-20T09:50:04","modified_gmt":"2023-09-20T07:50:04","slug":"cv","status":"publish","type":"page","link":"https:\/\/pans.krosno.pl\/cti\/abc-kariery\/cv\/","title":{"rendered":"CV"},"content":{"rendered":"\n<hr class=\"wp-block-separator has-css-opacity\"\/>\n\n\n\n<div class=\"wp-block-cover is-light\" style=\"min-height:247px;aspect-ratio:unset;\"><span aria-hidden=\"true\" class=\"wp-block-cover__background has-background-dim\"><\/span><img loading=\"lazy\" decoding=\"async\" width=\"600\" height=\"400\" class=\"wp-block-cover__image-background wp-image-514\" alt=\"\" src=\"https:\/\/pans.krosno.pl\/cti\/wp-content\/uploads\/sites\/38\/2020\/07\/Bez-nazwy.png\" data-object-fit=\"cover\" srcset=\"https:\/\/pans.krosno.pl\/cti\/wp-content\/uploads\/sites\/38\/2020\/07\/Bez-nazwy.png 600w, https:\/\/pans.krosno.pl\/cti\/wp-content\/uploads\/sites\/38\/2020\/07\/Bez-nazwy-300x200.png 300w, https:\/\/pans.krosno.pl\/cti\/wp-content\/uploads\/sites\/38\/2020\/07\/Bez-nazwy-580x387.png 580w\" sizes=\"auto, (max-width: 600px) 100vw, 600px\" \/><div class=\"wp-block-cover__inner-container is-layout-flow wp-block-cover-is-layout-flow\">\n<p class=\"has-text-align-center has-large-font-size\">Curriculum vitae<\/p>\n<\/div><\/div>\n\n\n\n<hr class=\"wp-block-separator has-css-opacity\"\/>\n\n\n<p style=\"text-align: justify\"><strong>Czym w\u0142a\u015bciwie jest CV i jakie s\u0105 jego rodzaje?<br><\/strong>Skr\u00f3t CV pochodzi od \u0142aci\u0144skich s\u0142\u00f3w curriculum vitae, kt\u00f3re w wolnym t\u0142umaczeniu oznaczaj\u0105 \u201eprzebieg \u017cycia\u201d.<\/p>\n<p style=\"text-align: justify\"><strong>Rodzaje CV<br><\/strong>\u017byciorys chronologiczny zawiera dane dotycz\u0105ce wykszta\u0142cenia oraz do\u015bwiadczenia zawodowego, a tak\u017ce najwa\u017cniejszych umiej\u0119tno\u015bci i zainteresowa\u0144 z zachowaniem zasad odwrotnej chronologii, czyli jako pierwsza wpisywana jest ostatnio uko\u0144czona szko\u0142a, a w przypadku kariery zawodowej \u2013 ostatnie miejsca zatrudnienia.<\/p>\n<p style=\"text-align: justify\">\u017byciorys funkcjonalny \u2013 inaczej \u017cyciorys umiej\u0119tno\u015bci \u2013 polega na uwydatnieniu swoich umiej\u0119tno\u015bci i kwalifikacji preferowanych w pracy, o kt\u00f3r\u0105 si\u0119 ubiega, oraz prezentacji swego celu zawodowego. Dane dotycz\u0105ce do\u015bwiadczenia zawodowego i wykszta\u0142cenia ograniczone s\u0105 do minimum; prezentowane s\u0105 r\u00f3wnie\u017c w porz\u0105dku odwrotnie chronologicznym. Ten rodzaj \u017cyciorysu wybierany jest cz\u0119sto przez osoby maj\u0105ce r\u00f3\u017cne specjalno\u015bci zawodowe lub wracaj\u0105ce do pracy po d\u0142u\u017cszej przerwie oraz przez absolwent\u00f3w szk\u00f3\u0142. Je\u017celi mamy r\u00f3\u017cne specjalno\u015bci zawodowe, to starajmy si\u0119 na pierwszym miejscu umie\u015bci\u0107 te, kt\u00f3re maj\u0105 najwi\u0119ksze znaczenie dla pracodawcy, do kt\u00f3rego si\u0119 zg\u0142aszamy.<\/p>\n<p style=\"text-align: justify\">Europass CV \u2013 standardowy formularz stosowany przez osoby poszukuj\u0105ce pracy za granic\u0105 \u2013 wprowadzony przez Komisj\u0119 Europejsk\u0105 jako wz\u00f3r \u017cyciorysu zawodowego obowi\u0105zuj\u0105cego w krajach UE.<br>Przyk\u0142ady powy\u017cszych typ\u00f3w CV znajdziesz w rozdziale \u201eGotowe wzory CV\u201d.<\/p>\n<p style=\"text-align: justify\"><strong>Twoje CV to PIERWSZY krok do sukcesu!<\/strong><\/p>\n<p style=\"text-align: justify\"><strong>Jak napisa\u0107 CV?<br><\/strong>Umiej\u0119tno\u015b\u0107 poprawnego pisania takich dokument\u00f3w, jak CV czy list motywacyjny \u2013 gdy istnieje du\u017ca konkurencja na rynku pracy \u2013 uwa\u017cana jest za jedn\u0105 z wa\u017cniejszych przy poszukiwaniu wymarzonej pracy. Najistotniejsz\u0105 rzecz\u0105, kt\u00f3rej musisz si\u0119 nauczy\u0107, jest przekazywanie informacji najwa\u017cniejszych, a tak\u017ce tych, kt\u00f3re mog\u0105 zainteresowa\u0107 Twojego potencjalnego pracodawc\u0119.<\/p>\n<p style=\"text-align: justify\">Wykszta\u0142cenie oraz do\u015bwiadczenie w bran\u017cy to bardzo wa\u017cne i cenione atuty, je\u015bli jednak nie s\u0105 umiej\u0119tnie wyeksponowane, Twoja oferta nie b\u0119dzie ju\u017c tak atrakcyjna, a czasem mo\u017ce okaza\u0107 si\u0119 nawet bezu\u017cyteczna.<\/p>\n<p style=\"text-align: justify\">W tym rozdziale krok po kroku zapoznasz si\u0119 z podstawowymi zasadami graficznymi tworzenia CV. Przyjrzyj si\u0119, jakie informacje powinny zawiera\u0107 jego poszczeg\u00f3lne elementy.<\/p>\n<p style=\"text-align: justify\"><strong>1. CURRICULUM VITAE &#8211; nag\u0142\u00f3wek CV<\/strong><\/p>\n<p style=\"text-align: justify\"><strong>2. DANE OSOBOWE<br><\/strong>W tym miejscu wpisz swoje dane osobowe:<\/p>\n<ul style=\"text-align: justify\">\n<li>imi\u0119 i nazwisko<\/li>\n<li>telefon<\/li>\n<li>e-mail (zwr\u00f3\u0107 uwag\u0119 na to, \u017ceby w adresie pojawi\u0142o si\u0119 Twoje imi\u0119 i nazwisko lub inicja\u0142y, np. anna.kowalska@; nie podawaj swojego nieoficjalnego adresu e-mail, poniewa\u017c jest to nieprofesjonalne i mo\u017ce by\u0107 \u017ale odebrane przez pracodawc\u0119)<\/li>\n<\/ul>\n<p style=\"text-align: justify\">Je\u015bli decydujesz si\u0119 na zamieszczenie w CV zdj\u0119cia, to warto wybra\u0107 je bardzo starannie. Umo\u017cliwi Ci ono zrobienie dobrego pierwszego wra\u017cenia na osobie prowadz\u0105cej rekrutacj\u0119 b\u0105d\u017a potencjalnym pracodawcy. Fotografia powinna by\u0107 profesjonalna i estetyczna. Nie do\u0142\u0105czaj do CV swoich prywatnych zdj\u0119\u0107 (np. z wakacji czy spotkania rodzinnego).<\/p>\n<p style=\"text-align: justify\"><strong>3. WYKSZTA\u0141CENIE<br><\/strong>W tym miejscu wpisz szko\u0142y, kt\u00f3re uko\u0144czy\u0142e\u015b. Pami\u0119taj, by wpisywa\u0107 je w odwrotnej chronologii:<\/p>\n<p style=\"text-align: justify\">Szko\u0142a wy\u017csza:<\/p>\n<ul style=\"text-align: justify\">\n<li>data rozpocz\u0119cia i zako\u0144czenia nauki<\/li>\n<li>nazwa uczelni<\/li>\n<li>kierunek<\/li>\n<li>specjalno\u015b\u0107 (w niekt\u00f3rych sytuacjach mo\u017cna tak\u017ce poda\u0107 tytu\u0142 pracy dyplomowej \u2013 je\u015bli ma to zwi\u0105zek ze stanowiskiem, na kt\u00f3re aplikujesz)<\/li>\n<\/ul>\n<p style=\"text-align: justify\">Szko\u0142a \u015brednia:<\/p>\n<ul style=\"text-align: justify\">\n<li>data rozpocz\u0119cia i zako\u0144czenia nauki<\/li>\n<li>nazwa szko\u0142y<\/li>\n<\/ul>\n<p style=\"text-align: justify\">Je\u015bli sko\u0144czy\u0142e\u015b ju\u017c studia lub informacja o profilu szko\u0142y \u015bredniej nie ma \u017cadnego zwi\u0105zku ze stanowiskiem, na kt\u00f3re aplikujesz, pomi\u0144 ten element w swoim CV.<\/p>\n<p style=\"text-align: justify\"><strong>4. DO\u015aWIADCZENIE ZAWODOWE<br><\/strong>W tym miejscu wpisz swoje do\u015bwiadczenie zawodowe. Je\u015bli jeste\u015b absolwentem lub Twoja droga zawodowa dopiero si\u0119 rozpoczyna, wymie\u0144 odbyte sta\u017ce oraz praktyki. Natomiast gdy masz bardzo du\u017ce do\u015bwiadczenie zawodowe, wyka\u017c tylko te miejsca pracy, kt\u00f3re s\u0105 pokrewne ze stanowiskiem, na kt\u00f3re aplikujesz. Pami\u0119taj, w tym punkcie r\u00f3wnie\u017c obowi\u0105zuje odwrotna chronologia.<\/p>\n<ul style=\"text-align: justify\">\n<li>dok\u0142adna data rozpocz\u0119cia i zako\u0144czenia pracy<\/li>\n<li>nazwa firmy (mo\u017cesz napisa\u0107 bran\u017c\u0119)<\/li>\n<li>stanowisko, na kt\u00f3rym pracowa\u0142e\u015b, kr\u00f3tki opis zakresu obowi\u0105zk\u00f3w (tyko to, co mo\u017ce by\u0107 przydatne z punktu widzenia nowego pracodawcy)<\/li>\n<\/ul>\n<p style=\"text-align: justify\"><strong>5. DODATKOWA DZIA\u0141ALNO\u015a\u0106<br><\/strong>W tym miejscu mo\u017cesz napisa\u0107 o udziale w konkursach, przynale\u017cno\u015bci do r\u00f3\u017cnego rodzaju organizacji, k\u00f3\u0142 naukowych, dzia\u0142alno\u015bci w organizacjach studenckich itp. Ten punkt mo\u017cesz omin\u0105\u0107, gdy takiej dzia\u0142alno\u015bci nie prowadzi\u0142e\u015b.<\/p>\n<p style=\"text-align: justify\"><strong>6. DODATKOWE UMIEJ\u0118TNO\u015aCI<br><\/strong>W tym miejscu przedstawiasz swoje zdolno\u015bci. Pisz precyzyjnie, a nie og\u00f3lnikowo. Je\u015bli:<\/p>\n<ul style=\"text-align: justify\">\n<li>znasz j\u0119zyk angielski, napisz, w jakim stopniu; gdy posiadasz jakie\u015b certyfikaty, koniecznie to zaznacz,<br>posiadasz umiej\u0119tno\u015b\u0107 obs\u0142ugi komputera, powiniene\u015b wyszczeg\u00f3lni\u0107, jakie znasz programy.<\/li>\n<\/ul>\n<p style=\"text-align: justify\"><strong>7. ZAINTERESOWANIA<br><\/strong>Je\u015bli masz jakie\u015b nietypowe zainteresowania lub hobby, to warto je opisa\u0107. Unikaj og\u00f3lnik\u00f3w. Pisz prawd\u0119, poniewa\u017c Twoje zainteresowania mog\u0105 by\u0107 jednym z temat\u00f3w na rozmowie kwalifikacyjnej.<\/p>\n<p style=\"text-align: justify\"><strong>8. KLAUZULA O ZGODZIE NA PRZETWARZANIE TWOICH DANYCH OSOBOWYCH<br><\/strong>Pami\u0119taj, by umie\u015bci\u0107 t\u0119 klauzul\u0119; bez niej potencjalny pracodawca nie mo\u017ce nawet do Ciebie zadzwoni\u0107. Mo\u017ce ona brzmie\u0107 nast\u0119puj\u0105co:<\/p>\n<p style=\"text-align: justify\">&#8222;O\u015bwiadczam, \u017ce zgodnie z przepisami rozporz\u0105dzenia Parlamentu Europejskiego i Rady (UE) 2016\/679 z dnia 27 kwietnia 2016 r. w sprawie ochrony os\u00f3b fizycznych w zwi\u0105zku z przetwarzaniem danych osobowych i w sprawie swobodnego przep\u0142ywu takich danych oraz uchylenia dyrektywy 95\/46\/WE (RODO) wyra\u017cam zgod\u0119 na przetwarzanie w procesie rekrutacji podanych przeze mnie dobrowolnie dodatkowych danych osobowych nieb\u0119d\u0105cych danymi, kt\u00f3rych pracodawca mo\u017ce \u017c\u0105da\u0107 na podstawie przepis\u00f3w prawa&#8221;.<\/p>\n<p style=\"text-align: justify\"><strong>9. Czytelny podpis<br><\/strong><\/p>\n<p style=\"text-align: justify\"><strong>PAMI\u0118TAJ! <\/strong><br><strong>Informacje zawarte w Twoim \u017cyciorysie zawodowym na pewno b\u0119d\u0105 weryfikowane na rozmowie kwalifikacyjnej, wi\u0119c pisz prawd\u0119.<\/strong><\/p>\n<p>\u0179r\u00f3d\u0142o: https:\/\/zielonalinia.gov.pl\/<\/p>","protected":false},"excerpt":{"rendered":"<p>Czym w\u0142a\u015bciwie jest CV i jakie s\u0105 jego rodzaje?Skr\u00f3t CV pochodzi od \u0142aci\u0144skich s\u0142\u00f3w curriculum vitae, kt\u00f3re w wolnym t\u0142umaczeniu oznaczaj\u0105 \u201eprzebieg \u017cycia\u201d. Rodzaje CV\u017byciorys chronologiczny zawiera dane dotycz\u0105ce wykszta\u0142cenia oraz do\u015bwiadczenia zawodowego, a tak\u017ce najwa\u017cniejszych umiej\u0119tno\u015bci i zainteresowa\u0144 z zachowaniem zasad odwrotnej chronologii, czyli jako pierwsza wpisywana jest ostatnio [\u2026] <\/p>\n<div class=\"clear\"><\/div>\n<p><a class=\"more_link clearfix\" href=\"https:\/\/pans.krosno.pl\/cti\/abc-kariery\/cv\/\" rel=\"nofollow\">Read More<\/a><\/p>\n","protected":false},"author":27,"featured_media":0,"parent":25,"menu_order":0,"comment_status":"closed","ping_status":"closed","template":"page-templates\/template-full-width-without-breadcrumbs.php","meta":{"ngg_post_thumbnail":0,"footnotes":""},"class_list":["post-526","page","type-page","status-publish","hentry"],"yoast_head":"<!-- This site is optimized with the Yoast SEO Premium plugin v27.3 (Yoast SEO v27.3) - https:\/\/yoast.com\/product\/yoast-seo-premium-wordpress\/ -->\n<title>CV - Centrum Technologiczne Inkubator PANS w Kro\u015bnie<\/title>\n<meta name=\"robots\" content=\"index, follow, max-snippet:-1, max-image-preview:large, max-video-preview:-1\" \/>\n<link rel=\"canonical\" href=\"https:\/\/pans.krosno.pl\/cti\/abc-kariery\/cv\/\" \/>\n<meta property=\"og:locale\" content=\"pl_PL\" \/>\n<meta property=\"og:type\" content=\"article\" \/>\n<meta property=\"og:title\" content=\"CV\" \/>\n<meta property=\"og:description\" content=\"Czym w\u0142a\u015bciwie jest CV i jakie s\u0105 jego rodzaje?Skr\u00f3t CV pochodzi od \u0142aci\u0144skich s\u0142\u00f3w curriculum vitae, kt\u00f3re w wolnym t\u0142umaczeniu oznaczaj\u0105 \u201eprzebieg \u017cycia\u201d. Rodzaje CV\u017byciorys chronologiczny zawiera dane dotycz\u0105ce wykszta\u0142cenia oraz do\u015bwiadczenia zawodowego, a tak\u017ce najwa\u017cniejszych umiej\u0119tno\u015bci i zainteresowa\u0144 z zachowaniem zasad odwrotnej chronologii, czyli jako pierwsza wpisywana jest ostatnio [\u2026] Read More\" \/>\n<meta property=\"og:url\" content=\"https:\/\/pans.krosno.pl\/cti\/abc-kariery\/cv\/\" \/>\n<meta property=\"og:site_name\" content=\"Centrum Technologiczne Inkubator PANS w Kro\u015bnie\" \/>\n<meta property=\"article:publisher\" content=\"https:\/\/www.facebook.com\/BKKPUKROSNO\/\" \/>\n<meta property=\"article:modified_time\" content=\"2023-09-20T07:50:04+00:00\" \/>\n<meta property=\"og:image\" content=\"https:\/\/pans.krosno.pl\/cti\/wp-content\/uploads\/sites\/38\/2020\/07\/Bez-nazwy.png\" \/>\n<meta name=\"twitter:card\" content=\"summary_large_image\" \/>\n<meta name=\"twitter:label1\" content=\"Szacowany czas czytania\" \/>\n\t<meta name=\"twitter:data1\" content=\"5 minut\" \/>\n<script type=\"application\/ld+json\" class=\"yoast-schema-graph\">{\"@context\":\"https:\\\/\\\/schema.org\",\"@graph\":[{\"@type\":\"WebPage\",\"@id\":\"https:\\\/\\\/pans.krosno.pl\\\/cti\\\/abc-kariery\\\/cv\\\/\",\"url\":\"https:\\\/\\\/pans.krosno.pl\\\/cti\\\/abc-kariery\\\/cv\\\/\",\"name\":\"CV - Centrum Technologiczne Inkubator PANS w Kro\u015bnie\",\"isPartOf\":{\"@id\":\"https:\\\/\\\/pans.krosno.pl\\\/cti\\\/#website\"},\"primaryImageOfPage\":{\"@id\":\"https:\\\/\\\/pans.krosno.pl\\\/cti\\\/abc-kariery\\\/cv\\\/#primaryimage\"},\"image\":{\"@id\":\"https:\\\/\\\/pans.krosno.pl\\\/cti\\\/abc-kariery\\\/cv\\\/#primaryimage\"},\"thumbnailUrl\":\"https:\\\/\\\/pans.krosno.pl\\\/cti\\\/wp-content\\\/uploads\\\/sites\\\/38\\\/2020\\\/07\\\/Bez-nazwy.png\",\"datePublished\":\"2020-07-13T08:08:19+00:00\",\"dateModified\":\"2023-09-20T07:50:04+00:00\",\"breadcrumb\":{\"@id\":\"https:\\\/\\\/pans.krosno.pl\\\/cti\\\/abc-kariery\\\/cv\\\/#breadcrumb\"},\"inLanguage\":\"pl-PL\",\"potentialAction\":[{\"@type\":\"ReadAction\",\"target\":[\"https:\\\/\\\/pans.krosno.pl\\\/cti\\\/abc-kariery\\\/cv\\\/\"]}]},{\"@type\":\"ImageObject\",\"inLanguage\":\"pl-PL\",\"@id\":\"https:\\\/\\\/pans.krosno.pl\\\/cti\\\/abc-kariery\\\/cv\\\/#primaryimage\",\"url\":\"https:\\\/\\\/pans.krosno.pl\\\/cti\\\/wp-content\\\/uploads\\\/sites\\\/38\\\/2020\\\/07\\\/Bez-nazwy.png\",\"contentUrl\":\"https:\\\/\\\/pans.krosno.pl\\\/cti\\\/wp-content\\\/uploads\\\/sites\\\/38\\\/2020\\\/07\\\/Bez-nazwy.png\",\"width\":600,\"height\":400},{\"@type\":\"BreadcrumbList\",\"@id\":\"https:\\\/\\\/pans.krosno.pl\\\/cti\\\/abc-kariery\\\/cv\\\/#breadcrumb\",\"itemListElement\":[{\"@type\":\"ListItem\",\"position\":1,\"name\":\"Strona g\u0142\u00f3wna\",\"item\":\"https:\\\/\\\/pans.krosno.pl\\\/cti\\\/\"},{\"@type\":\"ListItem\",\"position\":2,\"name\":\"ABC Kariery\",\"item\":\"https:\\\/\\\/pans.krosno.pl\\\/cti\\\/abc-kariery\\\/\"},{\"@type\":\"ListItem\",\"position\":3,\"name\":\"CV\"}]},{\"@type\":\"WebSite\",\"@id\":\"https:\\\/\\\/pans.krosno.pl\\\/cti\\\/#website\",\"url\":\"https:\\\/\\\/pans.krosno.pl\\\/cti\\\/\",\"name\":\"Biuro Karier\",\"description\":\"Centrum Technologiczne Inkubator - Pa\u0144stwowa Akademia Nauk Stosowanych\",\"publisher\":{\"@id\":\"https:\\\/\\\/pans.krosno.pl\\\/cti\\\/#organization\"},\"potentialAction\":[{\"@type\":\"SearchAction\",\"target\":{\"@type\":\"EntryPoint\",\"urlTemplate\":\"https:\\\/\\\/pans.krosno.pl\\\/cti\\\/?s={search_term_string}\"},\"query-input\":{\"@type\":\"PropertyValueSpecification\",\"valueRequired\":true,\"valueName\":\"search_term_string\"}}],\"inLanguage\":\"pl-PL\"},{\"@type\":\"Organization\",\"@id\":\"https:\\\/\\\/pans.krosno.pl\\\/cti\\\/#organization\",\"name\":\"Biuro Karier - Karpacka Pa\u0144stwowa Uczelnia w Kro\u015bnie\",\"url\":\"https:\\\/\\\/pans.krosno.pl\\\/cti\\\/\",\"logo\":{\"@type\":\"ImageObject\",\"inLanguage\":\"pl-PL\",\"@id\":\"https:\\\/\\\/pans.krosno.pl\\\/cti\\\/#\\\/schema\\\/logo\\\/image\\\/\",\"url\":\"https:\\\/\\\/pans.krosno.pl\\\/bk\\\/wp-content\\\/uploads\\\/sites\\\/38\\\/2020\\\/05\\\/96735643_906333539807912_5732186373989859328_n-1.gif\",\"contentUrl\":\"https:\\\/\\\/pans.krosno.pl\\\/bk\\\/wp-content\\\/uploads\\\/sites\\\/38\\\/2020\\\/05\\\/96735643_906333539807912_5732186373989859328_n-1.gif\",\"width\":762,\"height\":137,\"caption\":\"Biuro Karier - Karpacka Pa\u0144stwowa Uczelnia w Kro\u015bnie\"},\"image\":{\"@id\":\"https:\\\/\\\/pans.krosno.pl\\\/cti\\\/#\\\/schema\\\/logo\\\/image\\\/\"},\"sameAs\":[\"https:\\\/\\\/www.facebook.com\\\/BKKPUKROSNO\\\/\"]}]}<\/script>\n<!-- \/ Yoast SEO Premium plugin. -->","yoast_head_json":{"title":"CV - Centrum Technologiczne Inkubator PANS w Kro\u015bnie","robots":{"index":"index","follow":"follow","max-snippet":"max-snippet:-1","max-image-preview":"max-image-preview:large","max-video-preview":"max-video-preview:-1"},"canonical":"https:\/\/pans.krosno.pl\/cti\/abc-kariery\/cv\/","og_locale":"pl_PL","og_type":"article","og_title":"CV","og_description":"Czym w\u0142a\u015bciwie jest CV i jakie s\u0105 jego rodzaje?Skr\u00f3t CV pochodzi od \u0142aci\u0144skich s\u0142\u00f3w curriculum vitae, kt\u00f3re w wolnym t\u0142umaczeniu oznaczaj\u0105 \u201eprzebieg \u017cycia\u201d. Rodzaje CV\u017byciorys chronologiczny zawiera dane dotycz\u0105ce wykszta\u0142cenia oraz do\u015bwiadczenia zawodowego, a tak\u017ce najwa\u017cniejszych umiej\u0119tno\u015bci i zainteresowa\u0144 z zachowaniem zasad odwrotnej chronologii, czyli jako pierwsza wpisywana jest ostatnio [\u2026] Read More","og_url":"https:\/\/pans.krosno.pl\/cti\/abc-kariery\/cv\/","og_site_name":"Centrum Technologiczne Inkubator PANS w Kro\u015bnie","article_publisher":"https:\/\/www.facebook.com\/BKKPUKROSNO\/","article_modified_time":"2023-09-20T07:50:04+00:00","og_image":[{"url":"https:\/\/pans.krosno.pl\/cti\/wp-content\/uploads\/sites\/38\/2020\/07\/Bez-nazwy.png","type":"","width":"","height":""}],"twitter_card":"summary_large_image","twitter_misc":{"Szacowany czas czytania":"5 minut"},"schema":{"@context":"https:\/\/schema.org","@graph":[{"@type":"WebPage","@id":"https:\/\/pans.krosno.pl\/cti\/abc-kariery\/cv\/","url":"https:\/\/pans.krosno.pl\/cti\/abc-kariery\/cv\/","name":"CV - Centrum Technologiczne Inkubator PANS w Kro\u015bnie","isPartOf":{"@id":"https:\/\/pans.krosno.pl\/cti\/#website"},"primaryImageOfPage":{"@id":"https:\/\/pans.krosno.pl\/cti\/abc-kariery\/cv\/#primaryimage"},"image":{"@id":"https:\/\/pans.krosno.pl\/cti\/abc-kariery\/cv\/#primaryimage"},"thumbnailUrl":"https:\/\/pans.krosno.pl\/cti\/wp-content\/uploads\/sites\/38\/2020\/07\/Bez-nazwy.png","datePublished":"2020-07-13T08:08:19+00:00","dateModified":"2023-09-20T07:50:04+00:00","breadcrumb":{"@id":"https:\/\/pans.krosno.pl\/cti\/abc-kariery\/cv\/#breadcrumb"},"inLanguage":"pl-PL","potentialAction":[{"@type":"ReadAction","target":["https:\/\/pans.krosno.pl\/cti\/abc-kariery\/cv\/"]}]},{"@type":"ImageObject","inLanguage":"pl-PL","@id":"https:\/\/pans.krosno.pl\/cti\/abc-kariery\/cv\/#primaryimage","url":"https:\/\/pans.krosno.pl\/cti\/wp-content\/uploads\/sites\/38\/2020\/07\/Bez-nazwy.png","contentUrl":"https:\/\/pans.krosno.pl\/cti\/wp-content\/uploads\/sites\/38\/2020\/07\/Bez-nazwy.png","width":600,"height":400},{"@type":"BreadcrumbList","@id":"https:\/\/pans.krosno.pl\/cti\/abc-kariery\/cv\/#breadcrumb","itemListElement":[{"@type":"ListItem","position":1,"name":"Strona g\u0142\u00f3wna","item":"https:\/\/pans.krosno.pl\/cti\/"},{"@type":"ListItem","position":2,"name":"ABC Kariery","item":"https:\/\/pans.krosno.pl\/cti\/abc-kariery\/"},{"@type":"ListItem","position":3,"name":"CV"}]},{"@type":"WebSite","@id":"https:\/\/pans.krosno.pl\/cti\/#website","url":"https:\/\/pans.krosno.pl\/cti\/","name":"Biuro Karier","description":"Centrum Technologiczne Inkubator - Pa\u0144stwowa Akademia Nauk Stosowanych","publisher":{"@id":"https:\/\/pans.krosno.pl\/cti\/#organization"},"potentialAction":[{"@type":"SearchAction","target":{"@type":"EntryPoint","urlTemplate":"https:\/\/pans.krosno.pl\/cti\/?s={search_term_string}"},"query-input":{"@type":"PropertyValueSpecification","valueRequired":true,"valueName":"search_term_string"}}],"inLanguage":"pl-PL"},{"@type":"Organization","@id":"https:\/\/pans.krosno.pl\/cti\/#organization","name":"Biuro Karier - Karpacka Pa\u0144stwowa Uczelnia w Kro\u015bnie","url":"https:\/\/pans.krosno.pl\/cti\/","logo":{"@type":"ImageObject","inLanguage":"pl-PL","@id":"https:\/\/pans.krosno.pl\/cti\/#\/schema\/logo\/image\/","url":"https:\/\/pans.krosno.pl\/bk\/wp-content\/uploads\/sites\/38\/2020\/05\/96735643_906333539807912_5732186373989859328_n-1.gif","contentUrl":"https:\/\/pans.krosno.pl\/bk\/wp-content\/uploads\/sites\/38\/2020\/05\/96735643_906333539807912_5732186373989859328_n-1.gif","width":762,"height":137,"caption":"Biuro Karier - Karpacka Pa\u0144stwowa Uczelnia w Kro\u015bnie"},"image":{"@id":"https:\/\/pans.krosno.pl\/cti\/#\/schema\/logo\/image\/"},"sameAs":["https:\/\/www.facebook.com\/BKKPUKROSNO\/"]}]}},"_links":{"self":[{"href":"https:\/\/pans.krosno.pl\/cti\/wp-json\/wp\/v2\/pages\/526","targetHints":{"allow":["GET"]}}],"collection":[{"href":"https:\/\/pans.krosno.pl\/cti\/wp-json\/wp\/v2\/pages"}],"about":[{"href":"https:\/\/pans.krosno.pl\/cti\/wp-json\/wp\/v2\/types\/page"}],"author":[{"embeddable":true,"href":"https:\/\/pans.krosno.pl\/cti\/wp-json\/wp\/v2\/users\/27"}],"replies":[{"embeddable":true,"href":"https:\/\/pans.krosno.pl\/cti\/wp-json\/wp\/v2\/comments?post=526"}],"version-history":[{"count":5,"href":"https:\/\/pans.krosno.pl\/cti\/wp-json\/wp\/v2\/pages\/526\/revisions"}],"predecessor-version":[{"id":5007,"href":"https:\/\/pans.krosno.pl\/cti\/wp-json\/wp\/v2\/pages\/526\/revisions\/5007"}],"up":[{"embeddable":true,"href":"https:\/\/pans.krosno.pl\/cti\/wp-json\/wp\/v2\/pages\/25"}],"wp:attachment":[{"href":"https:\/\/pans.krosno.pl\/cti\/wp-json\/wp\/v2\/media?parent=526"}],"curies":[{"name":"wp","href":"https:\/\/api.w.org\/{rel}","templated":true}]}}