{"id":51,"date":"2020-03-20T14:59:30","date_gmt":"2020-03-20T13:59:30","guid":{"rendered":"https:\/\/pans.krosno.pl\/bk\/?page_id=51"},"modified":"2023-01-04T15:48:13","modified_gmt":"2023-01-04T14:48:13","slug":"spotkania-z-pracodawca","status":"publish","type":"page","link":"https:\/\/pans.krosno.pl\/cti\/spotkania-z-pracodawca\/","title":{"rendered":"Spotkania z pracodawc\u0105"},"content":{"rendered":"\n<div class=\"wp-block-cover\" style=\"min-height:234px;aspect-ratio:unset;\"><span aria-hidden=\"true\" class=\"wp-block-cover__background has-background-dim\"><\/span><img loading=\"lazy\" decoding=\"async\" width=\"698\" height=\"448\" class=\"wp-block-cover__image-background wp-image-432\" src=\"https:\/\/pans.krosno.pl\/bk\/wp-content\/uploads\/sites\/38\/2020\/06\/microphone1.jpg\" style=\"object-position:47% 65%\" data-object-fit=\"cover\" data-object-position=\"47% 65%\" srcset=\"https:\/\/pans.krosno.pl\/cti\/wp-content\/uploads\/sites\/38\/2020\/06\/microphone1.jpg 698w, https:\/\/pans.krosno.pl\/cti\/wp-content\/uploads\/sites\/38\/2020\/06\/microphone1-300x193.jpg 300w, https:\/\/pans.krosno.pl\/cti\/wp-content\/uploads\/sites\/38\/2020\/06\/microphone1-580x372.jpg 580w\" sizes=\"auto, (max-width: 698px) 100vw, 698px\" \/><div class=\"wp-block-cover__inner-container is-layout-flow wp-block-cover-is-layout-flow\">\n<p class=\"has-text-align-center has-large-font-size\">Spotkania z pracodawc\u0105<\/p>\n<\/div><\/div>\n\n\n\n<hr class=\"wp-block-separator has-css-opacity\" \/>\n\n\n<p>&nbsp;<\/p>\n<p>Prezentacja na uczelni mo\u017ce by\u0107 przeprowadzona w formie stoiska w wybranym Instytucie lub w formie spotkania informacyjno-rekrutacyjnego ze studentami.<br><strong>Prezentacja w postaci stoiska<\/strong> \u2013 pozwala na bezpo\u015bredni dost\u0119p do wi\u0119kszej liczby student\u00f3w o wymaganym wykszta\u0142ceniu, jak r\u00f3wnie\u017c bezpo\u015bredni kontakt i indywidualn\u0105 rozmow\u0119 ze studentami zainteresowanymi dzia\u0142alno\u015bci\u0105 lub zatrudnieniem w Pa\u0144stwa przedsi\u0119biorstwie. Jest to tak\u017ce doskona\u0142a okazja do zaistnienia w \u015bwiadomo\u015bci student\u00f3w jako pracodawca. Biuro Karier oferuje swoj\u0105 pomoc w organizacji stoiska.<br><strong>Spotkanie informacyjno-rekrutacyjne ze studentami<\/strong> \u2013 prezentacja powinna zawiera\u0107 og\u00f3lny opis dzia\u0142alno\u015bci przedsi\u0119biorstwa, mo\u017cliwo\u015bci zawodowych, rozwoju indywidualnej \u015bcie\u017cki kariery w jego strukturach, a tak\u017ce wymaga\u0144 zwi\u0105zanych z rekrutacj\u0105 na stanowisko pracy<br>Zapewniamy pe\u0142n\u0105 obs\u0142ug\u0119 (organizacja stoiska lub spotkania na uczelni, sprz\u0119t multimedialny, promocja przedsi\u0119wzi\u0119cia).<br>Spotkania b\u0119d\u0105 realizowane w danym roku akademickim, nie wcze\u015bniej ni\u017c dwa tygodnie od zg\u0142oszenia firmy do prezentacji.<br>Je\u015bli Pa\u0144stwo s\u0105 zainteresowani tak\u0105 form\u0105 wsp\u00f3\u0142pracy, prosimy o kontakt mailowy biurokarier@pans.krosno.pl lub telefoniczny pod nr tel. 134375518<br><strong>Szkolenia dla student\u00f3w<\/strong><br>Doskona\u0142\u0105 okazj\u0105 zaprezentowania studentom firmy jako pracodawcy jest spotkanie w formie szkolenia lub warsztatu.<br>Studenci ch\u0119tnie zdobywaj\u0105 now\u0105 wiedz\u0119, szczeg\u00f3lnie je\u015bli jest ona prezentowana przez potencjalnego pracodawc\u0119. Pa\u0144stwu daje to mo\u017cliwo\u015b\u0107 poznania potencjalnych kandydat\u00f3w do pracy.<br>Pod poj\u0119ciem szkolenia\/warsztatu rozumiemy spotkanie prowadzone metodami aktywnymi, kt\u00f3rego celem jest nabycie, rozw\u00f3j lub doskonalenie przez uczestnik\u00f3w umiej\u0119tno\u015bci w wybranym zakresie.<br>Szkolenie b\u0105d\u017a warsztat mo\u017ce dotyczy\u0107 dowolnego zakresu tematycznego, zar\u00f3wno, tzw. umiej\u0119tno\u015bci mi\u0119kkich, jak i wiedzy specjalistycznej, specyficznej dla bran\u017cy, w jakiej dzia\u0142a Pa\u0144stwa przedsi\u0119biorstwo<br><strong>Zapewniamy:<\/strong><br>&#8211; sal\u0119 szkoleniow\u0105<br>&#8211; sprz\u0119t multimedialny<br>&#8211; promocj\u0119 przedsi\u0119wzi\u0119cia<br>Poza przedstawionymi powy\u017cej formami wsp\u00f3\u0142pracy tj. szkolenia dla student\u00f3w, warsztaty lub prezentacje, jeste\u015bmy otwarci r\u00f3wnie\u017c na inne, wypracowane przez Pa\u0144stwa rodzaje promocji stanowisk pracy.<br>W celu ustalenia szczeg\u00f3\u0142\u00f3w zapraszamy do kontaktu telefonicznego lub do odwiedzenia naszego biura w Kro\u015bnie przy Rynku 1, pok\u00f3j 01 (od poniedzia\u0142ku do pi\u0105tku w godz. 8.00 &#8211; 16.00).<br>Kontakt: tel. 13 43 755 18, mail: <a href=\"mailto:biurokarier@pans.krosno.pl\">biurokarier@pans.krosno.pl<\/a><\/p>","protected":false},"excerpt":{"rendered":"<p>&nbsp; Prezentacja na uczelni mo\u017ce by\u0107 przeprowadzona w formie stoiska w wybranym Instytucie lub w formie spotkania informacyjno-rekrutacyjnego ze studentami.Prezentacja w postaci stoiska \u2013 pozwala na bezpo\u015bredni dost\u0119p do wi\u0119kszej liczby student\u00f3w o wymaganym wykszta\u0142ceniu, jak r\u00f3wnie\u017c bezpo\u015bredni kontakt i indywidualn\u0105 rozmow\u0119 ze studentami zainteresowanymi dzia\u0142alno\u015bci\u0105 lub zatrudnieniem w Pa\u0144stwa [\u2026] <\/p>\n<div class=\"clear\"><\/div>\n<p><a class=\"more_link clearfix\" href=\"https:\/\/pans.krosno.pl\/cti\/spotkania-z-pracodawca\/\" rel=\"nofollow\">Read More<\/a><\/p>\n","protected":false},"author":27,"featured_media":0,"parent":0,"menu_order":0,"comment_status":"closed","ping_status":"closed","template":"page-templates\/template-full-width.php","meta":{"ngg_post_thumbnail":0,"footnotes":""},"class_list":["post-51","page","type-page","status-publish","hentry"],"yoast_head":"<!-- This site is optimized with the Yoast SEO Premium plugin v27.4 (Yoast SEO v27.4) - https:\/\/yoast.com\/product\/yoast-seo-premium-wordpress\/ -->\n<title>Spotkania z pracodawc\u0105 - Centrum Technologiczne Inkubator PANS w Kro\u015bnie<\/title>\n<meta name=\"robots\" content=\"index, follow, max-snippet:-1, max-image-preview:large, max-video-preview:-1\" \/>\n<link rel=\"canonical\" href=\"https:\/\/pans.krosno.pl\/cti\/spotkania-z-pracodawca\/\" \/>\n<meta property=\"og:locale\" content=\"pl_PL\" \/>\n<meta property=\"og:type\" content=\"article\" \/>\n<meta property=\"og:title\" content=\"Spotkania z pracodawc\u0105\" \/>\n<meta property=\"og:description\" content=\"&nbsp; Prezentacja na uczelni mo\u017ce by\u0107 przeprowadzona w formie stoiska w wybranym Instytucie lub w formie spotkania informacyjno-rekrutacyjnego ze studentami.Prezentacja w postaci stoiska \u2013 pozwala na bezpo\u015bredni dost\u0119p do wi\u0119kszej liczby student\u00f3w o wymaganym wykszta\u0142ceniu, jak r\u00f3wnie\u017c bezpo\u015bredni kontakt i indywidualn\u0105 rozmow\u0119 ze studentami zainteresowanymi dzia\u0142alno\u015bci\u0105 lub zatrudnieniem w Pa\u0144stwa [\u2026] Read More\" \/>\n<meta property=\"og:url\" content=\"https:\/\/pans.krosno.pl\/cti\/spotkania-z-pracodawca\/\" \/>\n<meta property=\"og:site_name\" content=\"Centrum Technologiczne Inkubator PANS w Kro\u015bnie\" \/>\n<meta property=\"article:publisher\" content=\"https:\/\/www.facebook.com\/BKKPUKROSNO\/\" \/>\n<meta property=\"article:modified_time\" content=\"2023-01-04T14:48:13+00:00\" \/>\n<meta property=\"og:image\" content=\"https:\/\/pans.krosno.pl\/bk\/wp-content\/uploads\/sites\/38\/2020\/06\/microphone1.jpg\" \/>\n<meta name=\"twitter:card\" content=\"summary_large_image\" \/>\n<meta name=\"twitter:label1\" content=\"Szacowany czas czytania\" \/>\n\t<meta name=\"twitter:data1\" content=\"3 minuty\" \/>\n<script type=\"application\/ld+json\" class=\"yoast-schema-graph\">{\"@context\":\"https:\\\/\\\/schema.org\",\"@graph\":[{\"@type\":\"WebPage\",\"@id\":\"https:\\\/\\\/pans.krosno.pl\\\/cti\\\/spotkania-z-pracodawca\\\/\",\"url\":\"https:\\\/\\\/pans.krosno.pl\\\/cti\\\/spotkania-z-pracodawca\\\/\",\"name\":\"Spotkania z pracodawc\u0105 - Centrum Technologiczne Inkubator PANS w Kro\u015bnie\",\"isPartOf\":{\"@id\":\"https:\\\/\\\/pans.krosno.pl\\\/cti\\\/#website\"},\"primaryImageOfPage\":{\"@id\":\"https:\\\/\\\/pans.krosno.pl\\\/cti\\\/spotkania-z-pracodawca\\\/#primaryimage\"},\"image\":{\"@id\":\"https:\\\/\\\/pans.krosno.pl\\\/cti\\\/spotkania-z-pracodawca\\\/#primaryimage\"},\"thumbnailUrl\":\"https:\\\/\\\/pans.krosno.pl\\\/bk\\\/wp-content\\\/uploads\\\/sites\\\/38\\\/2020\\\/06\\\/microphone1.jpg\",\"datePublished\":\"2020-03-20T13:59:30+00:00\",\"dateModified\":\"2023-01-04T14:48:13+00:00\",\"breadcrumb\":{\"@id\":\"https:\\\/\\\/pans.krosno.pl\\\/cti\\\/spotkania-z-pracodawca\\\/#breadcrumb\"},\"inLanguage\":\"pl-PL\",\"potentialAction\":[{\"@type\":\"ReadAction\",\"target\":[\"https:\\\/\\\/pans.krosno.pl\\\/cti\\\/spotkania-z-pracodawca\\\/\"]}]},{\"@type\":\"ImageObject\",\"inLanguage\":\"pl-PL\",\"@id\":\"https:\\\/\\\/pans.krosno.pl\\\/cti\\\/spotkania-z-pracodawca\\\/#primaryimage\",\"url\":\"https:\\\/\\\/pans.krosno.pl\\\/bk\\\/wp-content\\\/uploads\\\/sites\\\/38\\\/2020\\\/06\\\/microphone1.jpg\",\"contentUrl\":\"https:\\\/\\\/pans.krosno.pl\\\/bk\\\/wp-content\\\/uploads\\\/sites\\\/38\\\/2020\\\/06\\\/microphone1.jpg\"},{\"@type\":\"BreadcrumbList\",\"@id\":\"https:\\\/\\\/pans.krosno.pl\\\/cti\\\/spotkania-z-pracodawca\\\/#breadcrumb\",\"itemListElement\":[{\"@type\":\"ListItem\",\"position\":1,\"name\":\"Strona g\u0142\u00f3wna\",\"item\":\"https:\\\/\\\/pans.krosno.pl\\\/cti\\\/\"},{\"@type\":\"ListItem\",\"position\":2,\"name\":\"Spotkania z pracodawc\u0105\"}]},{\"@type\":\"WebSite\",\"@id\":\"https:\\\/\\\/pans.krosno.pl\\\/cti\\\/#website\",\"url\":\"https:\\\/\\\/pans.krosno.pl\\\/cti\\\/\",\"name\":\"Biuro Karier\",\"description\":\"Centrum Technologiczne Inkubator - Pa\u0144stwowa Akademia Nauk Stosowanych\",\"publisher\":{\"@id\":\"https:\\\/\\\/pans.krosno.pl\\\/cti\\\/#organization\"},\"potentialAction\":[{\"@type\":\"SearchAction\",\"target\":{\"@type\":\"EntryPoint\",\"urlTemplate\":\"https:\\\/\\\/pans.krosno.pl\\\/cti\\\/?s={search_term_string}\"},\"query-input\":{\"@type\":\"PropertyValueSpecification\",\"valueRequired\":true,\"valueName\":\"search_term_string\"}}],\"inLanguage\":\"pl-PL\"},{\"@type\":\"Organization\",\"@id\":\"https:\\\/\\\/pans.krosno.pl\\\/cti\\\/#organization\",\"name\":\"Biuro Karier - Karpacka Pa\u0144stwowa Uczelnia w Kro\u015bnie\",\"url\":\"https:\\\/\\\/pans.krosno.pl\\\/cti\\\/\",\"logo\":{\"@type\":\"ImageObject\",\"inLanguage\":\"pl-PL\",\"@id\":\"https:\\\/\\\/pans.krosno.pl\\\/cti\\\/#\\\/schema\\\/logo\\\/image\\\/\",\"url\":\"https:\\\/\\\/pans.krosno.pl\\\/bk\\\/wp-content\\\/uploads\\\/sites\\\/38\\\/2020\\\/05\\\/96735643_906333539807912_5732186373989859328_n-1.gif\",\"contentUrl\":\"https:\\\/\\\/pans.krosno.pl\\\/bk\\\/wp-content\\\/uploads\\\/sites\\\/38\\\/2020\\\/05\\\/96735643_906333539807912_5732186373989859328_n-1.gif\",\"width\":762,\"height\":137,\"caption\":\"Biuro Karier - Karpacka Pa\u0144stwowa Uczelnia w Kro\u015bnie\"},\"image\":{\"@id\":\"https:\\\/\\\/pans.krosno.pl\\\/cti\\\/#\\\/schema\\\/logo\\\/image\\\/\"},\"sameAs\":[\"https:\\\/\\\/www.facebook.com\\\/BKKPUKROSNO\\\/\"]}]}<\/script>\n<!-- \/ Yoast SEO Premium plugin. -->","yoast_head_json":{"title":"Spotkania z pracodawc\u0105 - Centrum Technologiczne Inkubator PANS w Kro\u015bnie","robots":{"index":"index","follow":"follow","max-snippet":"max-snippet:-1","max-image-preview":"max-image-preview:large","max-video-preview":"max-video-preview:-1"},"canonical":"https:\/\/pans.krosno.pl\/cti\/spotkania-z-pracodawca\/","og_locale":"pl_PL","og_type":"article","og_title":"Spotkania z pracodawc\u0105","og_description":"&nbsp; Prezentacja na uczelni mo\u017ce by\u0107 przeprowadzona w formie stoiska w wybranym Instytucie lub w formie spotkania informacyjno-rekrutacyjnego ze studentami.Prezentacja w postaci stoiska \u2013 pozwala na bezpo\u015bredni dost\u0119p do wi\u0119kszej liczby student\u00f3w o wymaganym wykszta\u0142ceniu, jak r\u00f3wnie\u017c bezpo\u015bredni kontakt i indywidualn\u0105 rozmow\u0119 ze studentami zainteresowanymi dzia\u0142alno\u015bci\u0105 lub zatrudnieniem w Pa\u0144stwa [\u2026] Read More","og_url":"https:\/\/pans.krosno.pl\/cti\/spotkania-z-pracodawca\/","og_site_name":"Centrum Technologiczne Inkubator PANS w Kro\u015bnie","article_publisher":"https:\/\/www.facebook.com\/BKKPUKROSNO\/","article_modified_time":"2023-01-04T14:48:13+00:00","og_image":[{"url":"https:\/\/pans.krosno.pl\/bk\/wp-content\/uploads\/sites\/38\/2020\/06\/microphone1.jpg","type":"","width":"","height":""}],"twitter_card":"summary_large_image","twitter_misc":{"Szacowany czas czytania":"3 minuty"},"schema":{"@context":"https:\/\/schema.org","@graph":[{"@type":"WebPage","@id":"https:\/\/pans.krosno.pl\/cti\/spotkania-z-pracodawca\/","url":"https:\/\/pans.krosno.pl\/cti\/spotkania-z-pracodawca\/","name":"Spotkania z pracodawc\u0105 - Centrum Technologiczne Inkubator PANS w Kro\u015bnie","isPartOf":{"@id":"https:\/\/pans.krosno.pl\/cti\/#website"},"primaryImageOfPage":{"@id":"https:\/\/pans.krosno.pl\/cti\/spotkania-z-pracodawca\/#primaryimage"},"image":{"@id":"https:\/\/pans.krosno.pl\/cti\/spotkania-z-pracodawca\/#primaryimage"},"thumbnailUrl":"https:\/\/pans.krosno.pl\/bk\/wp-content\/uploads\/sites\/38\/2020\/06\/microphone1.jpg","datePublished":"2020-03-20T13:59:30+00:00","dateModified":"2023-01-04T14:48:13+00:00","breadcrumb":{"@id":"https:\/\/pans.krosno.pl\/cti\/spotkania-z-pracodawca\/#breadcrumb"},"inLanguage":"pl-PL","potentialAction":[{"@type":"ReadAction","target":["https:\/\/pans.krosno.pl\/cti\/spotkania-z-pracodawca\/"]}]},{"@type":"ImageObject","inLanguage":"pl-PL","@id":"https:\/\/pans.krosno.pl\/cti\/spotkania-z-pracodawca\/#primaryimage","url":"https:\/\/pans.krosno.pl\/bk\/wp-content\/uploads\/sites\/38\/2020\/06\/microphone1.jpg","contentUrl":"https:\/\/pans.krosno.pl\/bk\/wp-content\/uploads\/sites\/38\/2020\/06\/microphone1.jpg"},{"@type":"BreadcrumbList","@id":"https:\/\/pans.krosno.pl\/cti\/spotkania-z-pracodawca\/#breadcrumb","itemListElement":[{"@type":"ListItem","position":1,"name":"Strona g\u0142\u00f3wna","item":"https:\/\/pans.krosno.pl\/cti\/"},{"@type":"ListItem","position":2,"name":"Spotkania z pracodawc\u0105"}]},{"@type":"WebSite","@id":"https:\/\/pans.krosno.pl\/cti\/#website","url":"https:\/\/pans.krosno.pl\/cti\/","name":"Biuro Karier","description":"Centrum Technologiczne Inkubator - Pa\u0144stwowa Akademia Nauk Stosowanych","publisher":{"@id":"https:\/\/pans.krosno.pl\/cti\/#organization"},"potentialAction":[{"@type":"SearchAction","target":{"@type":"EntryPoint","urlTemplate":"https:\/\/pans.krosno.pl\/cti\/?s={search_term_string}"},"query-input":{"@type":"PropertyValueSpecification","valueRequired":true,"valueName":"search_term_string"}}],"inLanguage":"pl-PL"},{"@type":"Organization","@id":"https:\/\/pans.krosno.pl\/cti\/#organization","name":"Biuro Karier - Karpacka Pa\u0144stwowa Uczelnia w Kro\u015bnie","url":"https:\/\/pans.krosno.pl\/cti\/","logo":{"@type":"ImageObject","inLanguage":"pl-PL","@id":"https:\/\/pans.krosno.pl\/cti\/#\/schema\/logo\/image\/","url":"https:\/\/pans.krosno.pl\/bk\/wp-content\/uploads\/sites\/38\/2020\/05\/96735643_906333539807912_5732186373989859328_n-1.gif","contentUrl":"https:\/\/pans.krosno.pl\/bk\/wp-content\/uploads\/sites\/38\/2020\/05\/96735643_906333539807912_5732186373989859328_n-1.gif","width":762,"height":137,"caption":"Biuro Karier - Karpacka Pa\u0144stwowa Uczelnia w Kro\u015bnie"},"image":{"@id":"https:\/\/pans.krosno.pl\/cti\/#\/schema\/logo\/image\/"},"sameAs":["https:\/\/www.facebook.com\/BKKPUKROSNO\/"]}]}},"_links":{"self":[{"href":"https:\/\/pans.krosno.pl\/cti\/wp-json\/wp\/v2\/pages\/51","targetHints":{"allow":["GET"]}}],"collection":[{"href":"https:\/\/pans.krosno.pl\/cti\/wp-json\/wp\/v2\/pages"}],"about":[{"href":"https:\/\/pans.krosno.pl\/cti\/wp-json\/wp\/v2\/types\/page"}],"author":[{"embeddable":true,"href":"https:\/\/pans.krosno.pl\/cti\/wp-json\/wp\/v2\/users\/27"}],"replies":[{"embeddable":true,"href":"https:\/\/pans.krosno.pl\/cti\/wp-json\/wp\/v2\/comments?post=51"}],"version-history":[{"count":18,"href":"https:\/\/pans.krosno.pl\/cti\/wp-json\/wp\/v2\/pages\/51\/revisions"}],"predecessor-version":[{"id":4111,"href":"https:\/\/pans.krosno.pl\/cti\/wp-json\/wp\/v2\/pages\/51\/revisions\/4111"}],"wp:attachment":[{"href":"https:\/\/pans.krosno.pl\/cti\/wp-json\/wp\/v2\/media?parent=51"}],"curies":[{"name":"wp","href":"https:\/\/api.w.org\/{rel}","templated":true}]}}