{"id":1292,"date":"2021-04-01T15:35:31","date_gmt":"2021-04-01T13:35:31","guid":{"rendered":"https:\/\/pans.krosno.pl\/bk\/?page_id=1292"},"modified":"2023-09-20T09:53:44","modified_gmt":"2023-09-20T07:53:44","slug":"dodanie-oferty-pracy","status":"publish","type":"page","link":"https:\/\/pans.krosno.pl\/cti\/dodanie-oferty-pracy\/","title":{"rendered":"Dodanie oferty pracy"},"content":{"rendered":"\n<p><\/p>\n\n\n\n<div class=\"wp-block-cover\" style=\"min-height:316px;aspect-ratio:unset;\"><span aria-hidden=\"true\" class=\"wp-block-cover__background has-background-dim\"><\/span><img loading=\"lazy\" decoding=\"async\" width=\"1280\" height=\"853\" class=\"wp-block-cover__image-background wp-image-918\" alt=\"\" src=\"https:\/\/pans.krosno.pl\/cti\/wp-content\/uploads\/sites\/38\/2020\/11\/startup-593322_1280.jpg\" data-object-fit=\"cover\" srcset=\"https:\/\/pans.krosno.pl\/cti\/wp-content\/uploads\/sites\/38\/2020\/11\/startup-593322_1280.jpg 1280w, https:\/\/pans.krosno.pl\/cti\/wp-content\/uploads\/sites\/38\/2020\/11\/startup-593322_1280-300x200.jpg 300w, https:\/\/pans.krosno.pl\/cti\/wp-content\/uploads\/sites\/38\/2020\/11\/startup-593322_1280-1024x682.jpg 1024w, https:\/\/pans.krosno.pl\/cti\/wp-content\/uploads\/sites\/38\/2020\/11\/startup-593322_1280-768x512.jpg 768w, https:\/\/pans.krosno.pl\/cti\/wp-content\/uploads\/sites\/38\/2020\/11\/startup-593322_1280-800x533.jpg 800w, https:\/\/pans.krosno.pl\/cti\/wp-content\/uploads\/sites\/38\/2020\/11\/startup-593322_1280-580x387.jpg 580w\" sizes=\"auto, (max-width: 1280px) 100vw, 1280px\" \/><div class=\"wp-block-cover__inner-container is-layout-flow wp-block-cover-is-layout-flow\">\n<p class=\"has-text-align-center has-large-font-size\">Jak doda\u0107 ofert\u0119 pracy, <\/p>\n\n\n\n<p class=\"has-text-align-center has-large-font-size\">praktyki, sta\u017cu?<\/p>\n<\/div><\/div>\n\n\n<p style=\"text-align: justify\">Biuro Karier i Praktyk PANS w Kro\u015bnie daje Pa\u0144stwu mo\u017cliwo\u015b\u0107 zamieszczania ofert pracy, praktyk oraz sta\u017cy. Poza tym umo\u017cliwia promowanie wydarze\u0144 zwi\u0105zanych z tematyk\u0105 rynku pracy. Przes\u0142ane og\u0142oszenia udost\u0119pniamy na:<br>\u2022 <a href=\"https:\/\/pans.krosno.pl\/cti\/\">stronie internetowej Biura Karier<\/a>,<br>\u2022 <a href=\"https:\/\/www.facebook.com\/ctiKPUKROSNO\">profilu Biura Karier na FB<\/a>,<br>\u2022 tablicach og\u0142osze\u0144. <br>Oferty pracy, sta\u017cu lub praktyki (ze szczeg\u00f3\u0142owymi wymaganiami wobec kandydata, danymi kontaktowymi pracodawcy, wyznaczonym terminem ko\u0144ca rekrutacji) prosimy przesy\u0142a\u0107 w formacie PDF, JPG lub DOC na adres: <a href=\"mailto:biurokarier@pans.krosno.pl\">biurokarier@pans.krosno.pl<\/a><br>W razie dodatkowych pyta\u0144 prosimy o kontakt telefoniczny pod nr tel. 13 43 755 18<\/p>\n<p style=\"text-align: justify\"><strong>Us\u0142ugi Biura Karier s\u0105 bezp\u0142atne.<\/strong><br><strong>Zapraszamy do wsp\u00f3\u0142pracy!<\/strong><\/p>","protected":false},"excerpt":{"rendered":"<p>Biuro Karier i Praktyk PANS w Kro\u015bnie daje Pa\u0144stwu mo\u017cliwo\u015b\u0107 zamieszczania ofert pracy, praktyk oraz sta\u017cy. Poza tym umo\u017cliwia promowanie wydarze\u0144 zwi\u0105zanych z tematyk\u0105 rynku pracy. Przes\u0142ane og\u0142oszenia udost\u0119pniamy na:\u2022 stronie internetowej Biura Karier,\u2022 profilu Biura Karier na FB,\u2022 tablicach og\u0142osze\u0144. Oferty pracy, sta\u017cu lub praktyki (ze szczeg\u00f3\u0142owymi wymaganiami wobec [\u2026] <\/p>\n<div class=\"clear\"><\/div>\n<p><a class=\"more_link clearfix\" href=\"https:\/\/pans.krosno.pl\/cti\/dodanie-oferty-pracy\/\" rel=\"nofollow\">Read More<\/a><\/p>\n","protected":false},"author":27,"featured_media":0,"parent":0,"menu_order":0,"comment_status":"closed","ping_status":"closed","template":"page-templates\/template-full-width.php","meta":{"ngg_post_thumbnail":0,"footnotes":""},"class_list":["post-1292","page","type-page","status-publish","hentry"],"yoast_head":"<!-- This site is optimized with the Yoast SEO Premium plugin v27.4 (Yoast SEO v27.4) - https:\/\/yoast.com\/product\/yoast-seo-premium-wordpress\/ -->\n<title>Dodanie oferty pracy - Centrum Technologiczne Inkubator PANS w Kro\u015bnie<\/title>\n<meta name=\"robots\" content=\"index, follow, max-snippet:-1, max-image-preview:large, max-video-preview:-1\" \/>\n<link rel=\"canonical\" href=\"https:\/\/pans.krosno.pl\/cti\/dodanie-oferty-pracy\/\" \/>\n<meta property=\"og:locale\" content=\"pl_PL\" \/>\n<meta property=\"og:type\" content=\"article\" \/>\n<meta property=\"og:title\" content=\"Dodanie oferty pracy\" \/>\n<meta property=\"og:description\" content=\"Biuro Karier i Praktyk PANS w Kro\u015bnie daje Pa\u0144stwu mo\u017cliwo\u015b\u0107 zamieszczania ofert pracy, praktyk oraz sta\u017cy. Poza tym umo\u017cliwia promowanie wydarze\u0144 zwi\u0105zanych z tematyk\u0105 rynku pracy. Przes\u0142ane og\u0142oszenia udost\u0119pniamy na:\u2022 stronie internetowej Biura Karier,\u2022 profilu Biura Karier na FB,\u2022 tablicach og\u0142osze\u0144. Oferty pracy, sta\u017cu lub praktyki (ze szczeg\u00f3\u0142owymi wymaganiami wobec [\u2026] Read More\" \/>\n<meta property=\"og:url\" content=\"https:\/\/pans.krosno.pl\/cti\/dodanie-oferty-pracy\/\" \/>\n<meta property=\"og:site_name\" content=\"Centrum Technologiczne Inkubator PANS w Kro\u015bnie\" \/>\n<meta property=\"article:publisher\" content=\"https:\/\/www.facebook.com\/BKKPUKROSNO\/\" \/>\n<meta property=\"article:modified_time\" content=\"2023-09-20T07:53:44+00:00\" \/>\n<meta property=\"og:image\" content=\"https:\/\/pans.krosno.pl\/cti\/wp-content\/uploads\/sites\/38\/2020\/11\/startup-593322_1280.jpg\" \/>\n<meta name=\"twitter:card\" content=\"summary_large_image\" \/>\n<script type=\"application\/ld+json\" class=\"yoast-schema-graph\">{\"@context\":\"https:\\\/\\\/schema.org\",\"@graph\":[{\"@type\":\"WebPage\",\"@id\":\"https:\\\/\\\/pans.krosno.pl\\\/cti\\\/dodanie-oferty-pracy\\\/\",\"url\":\"https:\\\/\\\/pans.krosno.pl\\\/cti\\\/dodanie-oferty-pracy\\\/\",\"name\":\"Dodanie oferty pracy - Centrum Technologiczne Inkubator PANS w Kro\u015bnie\",\"isPartOf\":{\"@id\":\"https:\\\/\\\/pans.krosno.pl\\\/cti\\\/#website\"},\"primaryImageOfPage\":{\"@id\":\"https:\\\/\\\/pans.krosno.pl\\\/cti\\\/dodanie-oferty-pracy\\\/#primaryimage\"},\"image\":{\"@id\":\"https:\\\/\\\/pans.krosno.pl\\\/cti\\\/dodanie-oferty-pracy\\\/#primaryimage\"},\"thumbnailUrl\":\"https:\\\/\\\/pans.krosno.pl\\\/cti\\\/wp-content\\\/uploads\\\/sites\\\/38\\\/2020\\\/11\\\/startup-593322_1280.jpg\",\"datePublished\":\"2021-04-01T13:35:31+00:00\",\"dateModified\":\"2023-09-20T07:53:44+00:00\",\"breadcrumb\":{\"@id\":\"https:\\\/\\\/pans.krosno.pl\\\/cti\\\/dodanie-oferty-pracy\\\/#breadcrumb\"},\"inLanguage\":\"pl-PL\",\"potentialAction\":[{\"@type\":\"ReadAction\",\"target\":[\"https:\\\/\\\/pans.krosno.pl\\\/cti\\\/dodanie-oferty-pracy\\\/\"]}]},{\"@type\":\"ImageObject\",\"inLanguage\":\"pl-PL\",\"@id\":\"https:\\\/\\\/pans.krosno.pl\\\/cti\\\/dodanie-oferty-pracy\\\/#primaryimage\",\"url\":\"https:\\\/\\\/pans.krosno.pl\\\/cti\\\/wp-content\\\/uploads\\\/sites\\\/38\\\/2020\\\/11\\\/startup-593322_1280.jpg\",\"contentUrl\":\"https:\\\/\\\/pans.krosno.pl\\\/cti\\\/wp-content\\\/uploads\\\/sites\\\/38\\\/2020\\\/11\\\/startup-593322_1280.jpg\",\"width\":1280,\"height\":853},{\"@type\":\"BreadcrumbList\",\"@id\":\"https:\\\/\\\/pans.krosno.pl\\\/cti\\\/dodanie-oferty-pracy\\\/#breadcrumb\",\"itemListElement\":[{\"@type\":\"ListItem\",\"position\":1,\"name\":\"Strona g\u0142\u00f3wna\",\"item\":\"https:\\\/\\\/pans.krosno.pl\\\/cti\\\/\"},{\"@type\":\"ListItem\",\"position\":2,\"name\":\"Dodanie oferty pracy\"}]},{\"@type\":\"WebSite\",\"@id\":\"https:\\\/\\\/pans.krosno.pl\\\/cti\\\/#website\",\"url\":\"https:\\\/\\\/pans.krosno.pl\\\/cti\\\/\",\"name\":\"Biuro Karier\",\"description\":\"Centrum Technologiczne Inkubator - Pa\u0144stwowa Akademia Nauk Stosowanych\",\"publisher\":{\"@id\":\"https:\\\/\\\/pans.krosno.pl\\\/cti\\\/#organization\"},\"potentialAction\":[{\"@type\":\"SearchAction\",\"target\":{\"@type\":\"EntryPoint\",\"urlTemplate\":\"https:\\\/\\\/pans.krosno.pl\\\/cti\\\/?s={search_term_string}\"},\"query-input\":{\"@type\":\"PropertyValueSpecification\",\"valueRequired\":true,\"valueName\":\"search_term_string\"}}],\"inLanguage\":\"pl-PL\"},{\"@type\":\"Organization\",\"@id\":\"https:\\\/\\\/pans.krosno.pl\\\/cti\\\/#organization\",\"name\":\"Biuro Karier - Karpacka Pa\u0144stwowa Uczelnia w Kro\u015bnie\",\"url\":\"https:\\\/\\\/pans.krosno.pl\\\/cti\\\/\",\"logo\":{\"@type\":\"ImageObject\",\"inLanguage\":\"pl-PL\",\"@id\":\"https:\\\/\\\/pans.krosno.pl\\\/cti\\\/#\\\/schema\\\/logo\\\/image\\\/\",\"url\":\"https:\\\/\\\/pans.krosno.pl\\\/bk\\\/wp-content\\\/uploads\\\/sites\\\/38\\\/2020\\\/05\\\/96735643_906333539807912_5732186373989859328_n-1.gif\",\"contentUrl\":\"https:\\\/\\\/pans.krosno.pl\\\/bk\\\/wp-content\\\/uploads\\\/sites\\\/38\\\/2020\\\/05\\\/96735643_906333539807912_5732186373989859328_n-1.gif\",\"width\":762,\"height\":137,\"caption\":\"Biuro Karier - Karpacka Pa\u0144stwowa Uczelnia w Kro\u015bnie\"},\"image\":{\"@id\":\"https:\\\/\\\/pans.krosno.pl\\\/cti\\\/#\\\/schema\\\/logo\\\/image\\\/\"},\"sameAs\":[\"https:\\\/\\\/www.facebook.com\\\/BKKPUKROSNO\\\/\"]}]}<\/script>\n<!-- \/ Yoast SEO Premium plugin. -->","yoast_head_json":{"title":"Dodanie oferty pracy - Centrum Technologiczne Inkubator PANS w Kro\u015bnie","robots":{"index":"index","follow":"follow","max-snippet":"max-snippet:-1","max-image-preview":"max-image-preview:large","max-video-preview":"max-video-preview:-1"},"canonical":"https:\/\/pans.krosno.pl\/cti\/dodanie-oferty-pracy\/","og_locale":"pl_PL","og_type":"article","og_title":"Dodanie oferty pracy","og_description":"Biuro Karier i Praktyk PANS w Kro\u015bnie daje Pa\u0144stwu mo\u017cliwo\u015b\u0107 zamieszczania ofert pracy, praktyk oraz sta\u017cy. Poza tym umo\u017cliwia promowanie wydarze\u0144 zwi\u0105zanych z tematyk\u0105 rynku pracy. Przes\u0142ane og\u0142oszenia udost\u0119pniamy na:\u2022 stronie internetowej Biura Karier,\u2022 profilu Biura Karier na FB,\u2022 tablicach og\u0142osze\u0144. Oferty pracy, sta\u017cu lub praktyki (ze szczeg\u00f3\u0142owymi wymaganiami wobec [\u2026] Read More","og_url":"https:\/\/pans.krosno.pl\/cti\/dodanie-oferty-pracy\/","og_site_name":"Centrum Technologiczne Inkubator PANS w Kro\u015bnie","article_publisher":"https:\/\/www.facebook.com\/BKKPUKROSNO\/","article_modified_time":"2023-09-20T07:53:44+00:00","og_image":[{"url":"https:\/\/pans.krosno.pl\/cti\/wp-content\/uploads\/sites\/38\/2020\/11\/startup-593322_1280.jpg","type":"","width":"","height":""}],"twitter_card":"summary_large_image","schema":{"@context":"https:\/\/schema.org","@graph":[{"@type":"WebPage","@id":"https:\/\/pans.krosno.pl\/cti\/dodanie-oferty-pracy\/","url":"https:\/\/pans.krosno.pl\/cti\/dodanie-oferty-pracy\/","name":"Dodanie oferty pracy - Centrum Technologiczne Inkubator PANS w Kro\u015bnie","isPartOf":{"@id":"https:\/\/pans.krosno.pl\/cti\/#website"},"primaryImageOfPage":{"@id":"https:\/\/pans.krosno.pl\/cti\/dodanie-oferty-pracy\/#primaryimage"},"image":{"@id":"https:\/\/pans.krosno.pl\/cti\/dodanie-oferty-pracy\/#primaryimage"},"thumbnailUrl":"https:\/\/pans.krosno.pl\/cti\/wp-content\/uploads\/sites\/38\/2020\/11\/startup-593322_1280.jpg","datePublished":"2021-04-01T13:35:31+00:00","dateModified":"2023-09-20T07:53:44+00:00","breadcrumb":{"@id":"https:\/\/pans.krosno.pl\/cti\/dodanie-oferty-pracy\/#breadcrumb"},"inLanguage":"pl-PL","potentialAction":[{"@type":"ReadAction","target":["https:\/\/pans.krosno.pl\/cti\/dodanie-oferty-pracy\/"]}]},{"@type":"ImageObject","inLanguage":"pl-PL","@id":"https:\/\/pans.krosno.pl\/cti\/dodanie-oferty-pracy\/#primaryimage","url":"https:\/\/pans.krosno.pl\/cti\/wp-content\/uploads\/sites\/38\/2020\/11\/startup-593322_1280.jpg","contentUrl":"https:\/\/pans.krosno.pl\/cti\/wp-content\/uploads\/sites\/38\/2020\/11\/startup-593322_1280.jpg","width":1280,"height":853},{"@type":"BreadcrumbList","@id":"https:\/\/pans.krosno.pl\/cti\/dodanie-oferty-pracy\/#breadcrumb","itemListElement":[{"@type":"ListItem","position":1,"name":"Strona g\u0142\u00f3wna","item":"https:\/\/pans.krosno.pl\/cti\/"},{"@type":"ListItem","position":2,"name":"Dodanie oferty pracy"}]},{"@type":"WebSite","@id":"https:\/\/pans.krosno.pl\/cti\/#website","url":"https:\/\/pans.krosno.pl\/cti\/","name":"Biuro Karier","description":"Centrum Technologiczne Inkubator - Pa\u0144stwowa Akademia Nauk Stosowanych","publisher":{"@id":"https:\/\/pans.krosno.pl\/cti\/#organization"},"potentialAction":[{"@type":"SearchAction","target":{"@type":"EntryPoint","urlTemplate":"https:\/\/pans.krosno.pl\/cti\/?s={search_term_string}"},"query-input":{"@type":"PropertyValueSpecification","valueRequired":true,"valueName":"search_term_string"}}],"inLanguage":"pl-PL"},{"@type":"Organization","@id":"https:\/\/pans.krosno.pl\/cti\/#organization","name":"Biuro Karier - Karpacka Pa\u0144stwowa Uczelnia w Kro\u015bnie","url":"https:\/\/pans.krosno.pl\/cti\/","logo":{"@type":"ImageObject","inLanguage":"pl-PL","@id":"https:\/\/pans.krosno.pl\/cti\/#\/schema\/logo\/image\/","url":"https:\/\/pans.krosno.pl\/bk\/wp-content\/uploads\/sites\/38\/2020\/05\/96735643_906333539807912_5732186373989859328_n-1.gif","contentUrl":"https:\/\/pans.krosno.pl\/bk\/wp-content\/uploads\/sites\/38\/2020\/05\/96735643_906333539807912_5732186373989859328_n-1.gif","width":762,"height":137,"caption":"Biuro Karier - Karpacka Pa\u0144stwowa Uczelnia w Kro\u015bnie"},"image":{"@id":"https:\/\/pans.krosno.pl\/cti\/#\/schema\/logo\/image\/"},"sameAs":["https:\/\/www.facebook.com\/BKKPUKROSNO\/"]}]}},"_links":{"self":[{"href":"https:\/\/pans.krosno.pl\/cti\/wp-json\/wp\/v2\/pages\/1292","targetHints":{"allow":["GET"]}}],"collection":[{"href":"https:\/\/pans.krosno.pl\/cti\/wp-json\/wp\/v2\/pages"}],"about":[{"href":"https:\/\/pans.krosno.pl\/cti\/wp-json\/wp\/v2\/types\/page"}],"author":[{"embeddable":true,"href":"https:\/\/pans.krosno.pl\/cti\/wp-json\/wp\/v2\/users\/27"}],"replies":[{"embeddable":true,"href":"https:\/\/pans.krosno.pl\/cti\/wp-json\/wp\/v2\/comments?post=1292"}],"version-history":[{"count":8,"href":"https:\/\/pans.krosno.pl\/cti\/wp-json\/wp\/v2\/pages\/1292\/revisions"}],"predecessor-version":[{"id":5014,"href":"https:\/\/pans.krosno.pl\/cti\/wp-json\/wp\/v2\/pages\/1292\/revisions\/5014"}],"wp:attachment":[{"href":"https:\/\/pans.krosno.pl\/cti\/wp-json\/wp\/v2\/media?parent=1292"}],"curies":[{"name":"wp","href":"https:\/\/api.w.org\/{rel}","templated":true}]}}