{"id":19,"date":"2024-10-03T09:40:57","date_gmt":"2024-10-03T07:40:57","guid":{"rendered":"https:\/\/pans.krosno.pl\/csm\/?page_id=19"},"modified":"2025-06-02T10:43:43","modified_gmt":"2025-06-02T08:43:43","slug":"aktualnosci-csm","status":"publish","type":"page","link":"https:\/\/pans.krosno.pl\/csm\/aktualnosci-csm\/","title":{"rendered":"Aktualno\u015bci CSM"},"content":{"rendered":"\n<hr class=\"wp-block-separator has-alpha-channel-opacity\" \/>\n\n\n<ul class=\"wp-block-latest-posts__list has-dates wp-block-latest-posts\"><li><div class=\"wp-block-latest-posts__featured-image alignleft\"><img loading=\"lazy\" decoding=\"async\" width=\"150\" height=\"150\" src=\"https:\/\/pans.krosno.pl\/csm\/wp-content\/uploads\/sites\/64\/2026\/04\/Simulation-Trip-2026-1-150x150.png\" class=\"attachment-thumbnail size-thumbnail wp-post-image\" alt=\"\" style=\"max-width:150px;max-height:150px;\" srcset=\"https:\/\/pans.krosno.pl\/csm\/wp-content\/uploads\/sites\/64\/2026\/04\/Simulation-Trip-2026-1-150x150.png 150w, https:\/\/pans.krosno.pl\/csm\/wp-content\/uploads\/sites\/64\/2026\/04\/Simulation-Trip-2026-1-80x80.png 80w\" sizes=\"auto, (max-width: 150px) 100vw, 150px\" \/><\/div><a class=\"wp-block-latest-posts__post-title\" href=\"https:\/\/pans.krosno.pl\/csm\/2026\/04\/13\/simulation-trip-2026\/\">Simulation Trip 2026<\/a><time datetime=\"2026-04-13T17:21:39+02:00\" class=\"wp-block-latest-posts__post-date\">2026-04-13<\/time><div class=\"wp-block-latest-posts__post-excerpt\">Ju\u017c za tydzie\u0144 rozpocznie si\u0119 Simulation Trip 2026!Wyj\u0105tkowe wydarzenie po\u015bwi\u0119cone nowym perspektywom w symulacji medycznej. W dniach 20\u201324 kwietnia 2026 uczestnicy spotkaj\u0105 si\u0119 w Rzeszowie, Kro\u015bnie i Sanoku, aby wsp\u00f3lnie wymienia\u0107 do\u015bwiadczenia, rozwija\u0107 umiej\u0119tno\u015bci i inspirowa\u0107 si\u0119 dobrymi praktykami w edukacji medycznej.<\/div><\/li>\n<li><div class=\"wp-block-latest-posts__featured-image alignleft\"><img loading=\"lazy\" decoding=\"async\" width=\"150\" height=\"150\" src=\"https:\/\/pans.krosno.pl\/csm\/wp-content\/uploads\/sites\/64\/2026\/03\/admin-ajax-150x150.jpg\" class=\"attachment-thumbnail size-thumbnail wp-post-image\" alt=\"\" style=\"max-width:150px;max-height:150px;\" srcset=\"https:\/\/pans.krosno.pl\/csm\/wp-content\/uploads\/sites\/64\/2026\/03\/admin-ajax-150x150.jpg 150w, https:\/\/pans.krosno.pl\/csm\/wp-content\/uploads\/sites\/64\/2026\/03\/admin-ajax-80x80.jpg 80w\" sizes=\"auto, (max-width: 150px) 100vw, 150px\" \/><\/div><a class=\"wp-block-latest-posts__post-title\" href=\"https:\/\/pans.krosno.pl\/csm\/2026\/03\/30\/iv-uczelniane-zawody-symulacji-medycznej\/\">IV Uczelniane Zawody Symulacji Medycznej<\/a><time datetime=\"2026-03-30T07:37:25+02:00\" class=\"wp-block-latest-posts__post-date\">2026-03-30<\/time><div class=\"wp-block-latest-posts__post-excerpt\">W dniu dzisiejszym w Centrum Symulacji Medycznej Pa\u0144stwowej Akademii Nauk Stosowanych w Kro\u015bnie odby\u0142y si\u0119 IV Uczelniane Zawody Symulacji Medycznej. W wydarzeniu wzi\u0119\u0142y udzia\u0142 trzy pi\u0119cioosobowe zespo\u0142y student\u00f3w, kt\u00f3re rywalizowa\u0142y w realistycznych scenariuszach medycznych, wymagaj\u0105cych nie tylko szerokiej wiedzy teoretycznej, ale przede wszystkim umiej\u0119tno\u015bci praktycznych oraz efektywnej wsp\u00f3\u0142pracy w zespole. Dwie dru\u017cyny reprezentowa\u0142y student\u00f3w III [\u2026] <div class=\"clear\"><\/div><a class=\"more_link clearfix\" href=\"https:\/\/pans.krosno.pl\/csm\/2026\/03\/30\/iv-uczelniane-zawody-symulacji-medycznej\/\" rel=\"nofollow\">Read More<\/a><\/div><\/li>\n<li><div class=\"wp-block-latest-posts__featured-image alignleft\"><img loading=\"lazy\" decoding=\"async\" width=\"150\" height=\"150\" src=\"https:\/\/pans.krosno.pl\/csm\/wp-content\/uploads\/sites\/64\/2026\/03\/PHOTO-2026-03-09-10-00-34-1-150x150.jpg\" class=\"attachment-thumbnail size-thumbnail wp-post-image\" alt=\"\" style=\"max-width:150px;max-height:150px;\" srcset=\"https:\/\/pans.krosno.pl\/csm\/wp-content\/uploads\/sites\/64\/2026\/03\/PHOTO-2026-03-09-10-00-34-1-150x150.jpg 150w, https:\/\/pans.krosno.pl\/csm\/wp-content\/uploads\/sites\/64\/2026\/03\/PHOTO-2026-03-09-10-00-34-1-80x80.jpg 80w\" sizes=\"auto, (max-width: 150px) 100vw, 150px\" \/><\/div><a class=\"wp-block-latest-posts__post-title\" href=\"https:\/\/pans.krosno.pl\/csm\/2026\/02\/11\/warsztaty-i-wizyta-w-csm-pans-w-krosnie\/\">Warsztaty i wizyta w CSM PANS w Kro\u015bnie<\/a><time datetime=\"2026-02-11T10:24:05+01:00\" class=\"wp-block-latest-posts__post-date\">2026-02-11<\/time><div class=\"wp-block-latest-posts__post-excerpt\">10 lutego 2026 roku w Pa\u0144stwowej Akademii Nauk Stosowanych w Kro\u015bnie odby\u0142y si\u0119 warsztaty po\u0142\u0105czone z wizyt\u0105 w Centrum Symulacji Medycznej. W spotkaniu uczestniczy\u0142o 19 uczni\u00f3w klasy 2 LOD o profilu promedycznym z Michalickiego Zespo\u0142u Szk\u00f3\u0142 Ponadpodstawowych w Miejscu Piastowym. Zaj\u0119cia odbywa\u0142y si\u0119 w godzinach od 9.00 do 12.00 przy ul. Kazimierza Wielkiego 4\u20138. Podczas [\u2026] <div class=\"clear\"><\/div><a class=\"more_link clearfix\" href=\"https:\/\/pans.krosno.pl\/csm\/2026\/02\/11\/warsztaty-i-wizyta-w-csm-pans-w-krosnie\/\" rel=\"nofollow\">Read More<\/a><\/div><\/li>\n<li><div class=\"wp-block-latest-posts__featured-image alignleft\"><img loading=\"lazy\" decoding=\"async\" width=\"150\" height=\"150\" src=\"https:\/\/pans.krosno.pl\/csm\/wp-content\/uploads\/sites\/64\/2025\/03\/IMG-20250324-WA0003-150x150.jpg\" class=\"attachment-thumbnail size-thumbnail wp-post-image\" alt=\"\" style=\"max-width:150px;max-height:150px;\" srcset=\"https:\/\/pans.krosno.pl\/csm\/wp-content\/uploads\/sites\/64\/2025\/03\/IMG-20250324-WA0003-150x150.jpg 150w, https:\/\/pans.krosno.pl\/csm\/wp-content\/uploads\/sites\/64\/2025\/03\/IMG-20250324-WA0003-80x80.jpg 80w\" sizes=\"auto, (max-width: 150px) 100vw, 150px\" \/><\/div><a class=\"wp-block-latest-posts__post-title\" href=\"https:\/\/pans.krosno.pl\/csm\/2025\/03\/28\/iii-uczelniane-zawody-symulacji-medycznej\/\">III Uczelniane Zawody Symulacji Medycznej<\/a><time datetime=\"2025-03-28T16:48:37+01:00\" class=\"wp-block-latest-posts__post-date\">2025-03-28<\/time><div class=\"wp-block-latest-posts__post-excerpt\">W dniu 24 marca 2025 odby\u0142y si\u0119 w naszym centrum III Uczelniane Zawody SymulacjiMedycznej dla student\u00f3w kierunku piel\u0119gniarstwo (studia I-go stopnia). Do rywalizacji zg\u0142osi\u0142o si\u0119 trzy zespo\u0142y (jeden z drugiego roku i dwa z trzeciego roku). Zadaniem uczestnik\u00f3w by\u0142o podj\u0119cie, w warunkach symulacji medycznej, &nbsp;opieki nad dzieckiem z astm\u0105 oskrzelow\u0105,cudzoziemcem, kt\u00f3ry ucierpia\u0142 w wypadku komunikacyjnym [\u2026] <div class=\"clear\"><\/div><a class=\"more_link clearfix\" href=\"https:\/\/pans.krosno.pl\/csm\/2025\/03\/28\/iii-uczelniane-zawody-symulacji-medycznej\/\" rel=\"nofollow\">Read More<\/a><\/div><\/li>\n<li><div class=\"wp-block-latest-posts__featured-image alignleft\"><img loading=\"lazy\" decoding=\"async\" width=\"150\" height=\"150\" src=\"https:\/\/pans.krosno.pl\/csm\/wp-content\/uploads\/sites\/64\/2025\/03\/VR2-150x150.jpg\" class=\"attachment-thumbnail size-thumbnail wp-post-image\" alt=\"\" style=\"max-width:150px;max-height:150px;\" srcset=\"https:\/\/pans.krosno.pl\/csm\/wp-content\/uploads\/sites\/64\/2025\/03\/VR2-150x150.jpg 150w, https:\/\/pans.krosno.pl\/csm\/wp-content\/uploads\/sites\/64\/2025\/03\/VR2-scaled-80x80.jpg 80w\" sizes=\"auto, (max-width: 150px) 100vw, 150px\" \/><\/div><a class=\"wp-block-latest-posts__post-title\" href=\"https:\/\/pans.krosno.pl\/csm\/2025\/03\/18\/szkolenie-z-oprogramowania-anatomia-i-vr\/\">Szkolenie z oprogramowania Anatomia i VR<\/a><time datetime=\"2025-03-18T08:44:03+01:00\" class=\"wp-block-latest-posts__post-date\">2025-03-18<\/time><div class=\"wp-block-latest-posts__post-excerpt\">W dniu 17 marca w naszym CSM odby\u0142o si\u0119 szkolenie z zaawansowanego oprogramowania do nauki anatomii oraz prowadzenia symulacji w wirtualnej rzeczywisto\u015bci. Wykorzystanie wirtualnej rzeczywisto\u015bci w nauce anatomii pozwala studentom na poznanie struktur anatomicznych oraz ich po\u0142o\u017cenia w przestrzeni 3d. VMS natomiast jest doskona\u0142ym narz\u0119dziem dla piel\u0119gniarek, po\u0142o\u017cnych i ratownik\u00f3w medycznych. Dzi\u0119ki wykorzystaniu technologii z [\u2026] <div class=\"clear\"><\/div><a class=\"more_link clearfix\" href=\"https:\/\/pans.krosno.pl\/csm\/2025\/03\/18\/szkolenie-z-oprogramowania-anatomia-i-vr\/\" rel=\"nofollow\">Read More<\/a><\/div><\/li>\n<li><div class=\"wp-block-latest-posts__featured-image alignleft\"><img loading=\"lazy\" decoding=\"async\" width=\"150\" height=\"150\" src=\"https:\/\/pans.krosno.pl\/csm\/wp-content\/uploads\/sites\/64\/2025\/02\/20250203_132322-150x150.jpg\" class=\"attachment-thumbnail size-thumbnail wp-post-image\" alt=\"\" style=\"max-width:150px;max-height:150px;\" srcset=\"https:\/\/pans.krosno.pl\/csm\/wp-content\/uploads\/sites\/64\/2025\/02\/20250203_132322-150x150.jpg 150w, https:\/\/pans.krosno.pl\/csm\/wp-content\/uploads\/sites\/64\/2025\/02\/20250203_132322-scaled-80x80.jpg 80w\" sizes=\"auto, (max-width: 150px) 100vw, 150px\" \/><\/div><a class=\"wp-block-latest-posts__post-title\" href=\"https:\/\/pans.krosno.pl\/csm\/2025\/02\/05\/wizyta-uczniow-z-zsku\/\">Wizyta uczni\u00f3w z ZSKU w Kro\u015bnie<\/a><time datetime=\"2025-02-05T13:26:06+01:00\" class=\"wp-block-latest-posts__post-date\">2025-02-05<\/time><div class=\"wp-block-latest-posts__post-excerpt\">Dnia 03.02.2025 w naszym centrum odby\u0142y si\u0119 warsztaty dla klasy III i IV technikum Zespo\u0142u Szk\u00f3\u0142 Kszta\u0142cenia Ustawicznego w Kro\u015bnie. Uczniowie ch\u0119tnie korzystali z zaplanowanych aktywno\u015bci, kt\u00f3rymi by\u0142y m. in. monitorowanie poziomu glikemii, prowadzenie resuscytacji kr\u0105\u017ceniowo- oddechowej, zak\u0142adanie rurki ustno-gard\u0142owej, piel\u0119gnowanie noworodka, samobadanie piersi, czy badanie zewn\u0119trzne kobiety rodz\u0105cej. Ciekawym wyzwaniem okaza\u0142y si\u0119 zadania do [\u2026] <div class=\"clear\"><\/div><a class=\"more_link clearfix\" href=\"https:\/\/pans.krosno.pl\/csm\/2025\/02\/05\/wizyta-uczniow-z-zsku\/\" rel=\"nofollow\">Read More<\/a><\/div><\/li>\n<li><div class=\"wp-block-latest-posts__featured-image alignleft\"><img loading=\"lazy\" decoding=\"async\" width=\"150\" height=\"150\" src=\"https:\/\/pans.krosno.pl\/csm\/wp-content\/uploads\/sites\/64\/2024\/10\/20241007_151431-150x150.jpg\" class=\"attachment-thumbnail size-thumbnail wp-post-image\" alt=\"\" style=\"max-width:150px;max-height:150px;\" srcset=\"https:\/\/pans.krosno.pl\/csm\/wp-content\/uploads\/sites\/64\/2024\/10\/20241007_151431-150x150.jpg 150w, https:\/\/pans.krosno.pl\/csm\/wp-content\/uploads\/sites\/64\/2024\/10\/20241007_151431-scaled-80x80.jpg 80w\" sizes=\"auto, (max-width: 150px) 100vw, 150px\" \/><\/div><a class=\"wp-block-latest-posts__post-title\" href=\"https:\/\/pans.krosno.pl\/csm\/2024\/10\/08\/wizyta-sluchaczy-z-zespolu-szkol-ksztalcenia-ustawicznego-w-krosnie\/\">Wizyta s\u0142uchaczy z ZSKU w Kro\u015bnie<\/a><time datetime=\"2024-10-08T11:01:00+02:00\" class=\"wp-block-latest-posts__post-date\">2024-10-08<\/time><div class=\"wp-block-latest-posts__post-excerpt\">W dniu 07.10.2024r. w Centrum Symulacji Medycznej PANS w Kro\u015bnie go\u015bcili s\u0142uchacze kierunku Opiekun medyczny Zespo\u0142u Szk\u00f3\u0142 Kszta\u0142cenia Ustawicznego w Kro\u015bnie. Podczas spaceru w CSM s\u0142uchacze mogli zapozna\u0107 si\u0119 z wysokospecjalistycznym sprz\u0119tem medycznym. Wydarzenie cieszy\u0142o si\u0119 ogromnym zainteresowaniem ze strony odwiedzaj\u0105cych, podczas kt\u00f3rego pad\u0142o wiele interesuj\u0105cych i ciekawych pyta\u0144, na kt\u00f3re wyczerpuj\u0105co odpowiadali dr Edyta [\u2026] <div class=\"clear\"><\/div><a class=\"more_link clearfix\" href=\"https:\/\/pans.krosno.pl\/csm\/2024\/10\/08\/wizyta-sluchaczy-z-zespolu-szkol-ksztalcenia-ustawicznego-w-krosnie\/\" rel=\"nofollow\">Read More<\/a><\/div><\/li>\n<li><div class=\"wp-block-latest-posts__featured-image alignleft\"><img loading=\"lazy\" decoding=\"async\" width=\"150\" height=\"150\" src=\"https:\/\/pans.krosno.pl\/csm\/wp-content\/uploads\/sites\/64\/2024\/12\/Logo-CSM2-150x150.png\" class=\"attachment-thumbnail size-thumbnail wp-post-image\" alt=\"\" style=\"max-width:150px;max-height:150px;\" srcset=\"https:\/\/pans.krosno.pl\/csm\/wp-content\/uploads\/sites\/64\/2024\/12\/Logo-CSM2-150x150.png 150w, https:\/\/pans.krosno.pl\/csm\/wp-content\/uploads\/sites\/64\/2024\/12\/Logo-CSM2-80x80.png 80w\" sizes=\"auto, (max-width: 150px) 100vw, 150px\" \/><\/div><a class=\"wp-block-latest-posts__post-title\" href=\"https:\/\/pans.krosno.pl\/csm\/2024\/10\/02\/regulamin-csm\/\">Regulamin CSM<\/a><time datetime=\"2024-10-02T09:55:00+02:00\" class=\"wp-block-latest-posts__post-date\">2024-10-02<\/time><div class=\"wp-block-latest-posts__post-excerpt\"><\/div><\/li>\n<li><div class=\"wp-block-latest-posts__featured-image alignleft\"><img loading=\"lazy\" decoding=\"async\" width=\"150\" height=\"150\" src=\"https:\/\/pans.krosno.pl\/csm\/wp-content\/uploads\/sites\/64\/2024\/10\/cropped-cropped-logo_miniatura-1-150x150.webp\" class=\"attachment-thumbnail size-thumbnail wp-post-image\" alt=\"\" style=\"max-width:150px;max-height:150px;\" srcset=\"https:\/\/pans.krosno.pl\/csm\/wp-content\/uploads\/sites\/64\/2024\/10\/cropped-cropped-logo_miniatura-1-150x150.webp 150w, https:\/\/pans.krosno.pl\/csm\/wp-content\/uploads\/sites\/64\/2024\/10\/cropped-cropped-logo_miniatura-1-300x300.webp 300w, https:\/\/pans.krosno.pl\/csm\/wp-content\/uploads\/sites\/64\/2024\/10\/cropped-cropped-logo_miniatura-1-270x270.webp 270w, https:\/\/pans.krosno.pl\/csm\/wp-content\/uploads\/sites\/64\/2024\/10\/cropped-cropped-logo_miniatura-1-192x192.webp 192w, https:\/\/pans.krosno.pl\/csm\/wp-content\/uploads\/sites\/64\/2024\/10\/cropped-cropped-logo_miniatura-1-180x180.webp 180w, https:\/\/pans.krosno.pl\/csm\/wp-content\/uploads\/sites\/64\/2024\/10\/cropped-cropped-logo_miniatura-1-32x32.webp 32w, https:\/\/pans.krosno.pl\/csm\/wp-content\/uploads\/sites\/64\/2024\/10\/cropped-cropped-logo_miniatura-1-80x80.webp 80w, https:\/\/pans.krosno.pl\/csm\/wp-content\/uploads\/sites\/64\/2024\/10\/cropped-cropped-logo_miniatura-1.webp 512w\" sizes=\"auto, (max-width: 150px) 100vw, 150px\" \/><\/div><a class=\"wp-block-latest-posts__post-title\" href=\"https:\/\/pans.krosno.pl\/csm\/2024\/07\/03\/witaj-swiecie\/\">CSM &#8211; PANS Krosno!<\/a><time datetime=\"2024-07-03T14:04:14+02:00\" class=\"wp-block-latest-posts__post-date\">2024-07-03<\/time><div class=\"wp-block-latest-posts__post-excerpt\">Centrum Symulacji Medycznej<\/div><\/li>\n<\/ul>","protected":false},"excerpt":{"rendered":"","protected":false},"author":27,"featured_media":0,"parent":0,"menu_order":0,"comment_status":"closed","ping_status":"closed","template":"page-templates\/template-full-width.php","meta":{"ngg_post_thumbnail":0,"footnotes":""},"class_list":["post-19","page","type-page","status-publish","hentry"],"yoast_head":"<!-- This site is optimized with the Yoast SEO Premium plugin v27.4 (Yoast SEO v27.4) - https:\/\/yoast.com\/product\/yoast-seo-premium-wordpress\/ -->\n<title>Aktualno\u015bci CSM - Centrum Symulacji Medycznej PANS Krosno<\/title>\n<meta name=\"robots\" content=\"index, follow, max-snippet:-1, max-image-preview:large, max-video-preview:-1\" \/>\n<link rel=\"canonical\" href=\"https:\/\/pans.krosno.pl\/csm\/aktualnosci-csm\/\" \/>\n<meta property=\"og:locale\" content=\"pl_PL\" \/>\n<meta property=\"og:type\" content=\"article\" \/>\n<meta property=\"og:title\" content=\"Aktualno\u015bci CSM\" \/>\n<meta property=\"og:url\" content=\"https:\/\/pans.krosno.pl\/csm\/aktualnosci-csm\/\" \/>\n<meta property=\"og:site_name\" content=\"Centrum Symulacji Medycznej PANS Krosno\" \/>\n<meta property=\"article:publisher\" content=\"https:\/\/www.facebook.com\/StudiaKrosno\/\" \/>\n<meta property=\"article:modified_time\" content=\"2025-06-02T08:43:43+00:00\" \/>\n<meta name=\"twitter:card\" content=\"summary_large_image\" \/>\n<script type=\"application\/ld+json\" class=\"yoast-schema-graph\">{\"@context\":\"https:\\\/\\\/schema.org\",\"@graph\":[{\"@type\":\"WebPage\",\"@id\":\"https:\\\/\\\/pans.krosno.pl\\\/csm\\\/aktualnosci-csm\\\/\",\"url\":\"https:\\\/\\\/pans.krosno.pl\\\/csm\\\/aktualnosci-csm\\\/\",\"name\":\"Aktualno\u015bci CSM - Centrum Symulacji Medycznej PANS Krosno\",\"isPartOf\":{\"@id\":\"https:\\\/\\\/pans.krosno.pl\\\/csm\\\/#website\"},\"datePublished\":\"2024-10-03T07:40:57+00:00\",\"dateModified\":\"2025-06-02T08:43:43+00:00\",\"breadcrumb\":{\"@id\":\"https:\\\/\\\/pans.krosno.pl\\\/csm\\\/aktualnosci-csm\\\/#breadcrumb\"},\"inLanguage\":\"pl-PL\",\"potentialAction\":[{\"@type\":\"ReadAction\",\"target\":[\"https:\\\/\\\/pans.krosno.pl\\\/csm\\\/aktualnosci-csm\\\/\"]}]},{\"@type\":\"BreadcrumbList\",\"@id\":\"https:\\\/\\\/pans.krosno.pl\\\/csm\\\/aktualnosci-csm\\\/#breadcrumb\",\"itemListElement\":[{\"@type\":\"ListItem\",\"position\":1,\"name\":\"Strona g\u0142\u00f3wna\",\"item\":\"https:\\\/\\\/pans.krosno.pl\\\/csm\\\/\"},{\"@type\":\"ListItem\",\"position\":2,\"name\":\"Aktualno\u015bci CSM\"}]},{\"@type\":\"WebSite\",\"@id\":\"https:\\\/\\\/pans.krosno.pl\\\/csm\\\/#website\",\"url\":\"https:\\\/\\\/pans.krosno.pl\\\/csm\\\/\",\"name\":\"PANS w Kro\u015bnie\",\"description\":\"\",\"publisher\":{\"@id\":\"https:\\\/\\\/pans.krosno.pl\\\/csm\\\/#organization\"},\"alternateName\":\"PANS Krosno\",\"potentialAction\":[{\"@type\":\"SearchAction\",\"target\":{\"@type\":\"EntryPoint\",\"urlTemplate\":\"https:\\\/\\\/pans.krosno.pl\\\/csm\\\/?s={search_term_string}\"},\"query-input\":{\"@type\":\"PropertyValueSpecification\",\"valueRequired\":true,\"valueName\":\"search_term_string\"}}],\"inLanguage\":\"pl-PL\"},{\"@type\":\"Organization\",\"@id\":\"https:\\\/\\\/pans.krosno.pl\\\/csm\\\/#organization\",\"name\":\"Pa\u0144stwowa Akademia Nauk Stosowanych w Kro\u015bnie\",\"alternateName\":\"PANS Krosno\",\"url\":\"https:\\\/\\\/pans.krosno.pl\\\/csm\\\/\",\"logo\":{\"@type\":\"ImageObject\",\"inLanguage\":\"pl-PL\",\"@id\":\"https:\\\/\\\/pans.krosno.pl\\\/csm\\\/#\\\/schema\\\/logo\\\/image\\\/\",\"url\":\"https:\\\/\\\/pans.krosno.pl\\\/wp-content\\\/uploads\\\/2023\\\/01\\\/Logo-PANS-2022-pelne-2-scaled.jpg\",\"contentUrl\":\"https:\\\/\\\/pans.krosno.pl\\\/wp-content\\\/uploads\\\/2023\\\/01\\\/Logo-PANS-2022-pelne-2-scaled.jpg\",\"width\":2560,\"height\":576,\"caption\":\"Pa\u0144stwowa Akademia Nauk Stosowanych w Kro\u015bnie\"},\"image\":{\"@id\":\"https:\\\/\\\/pans.krosno.pl\\\/csm\\\/#\\\/schema\\\/logo\\\/image\\\/\"},\"sameAs\":[\"https:\\\/\\\/www.facebook.com\\\/StudiaKrosno\\\/\",\"https:\\\/\\\/www.instagram.com\\\/pans.krosno\\\/\",\"https:\\\/\\\/pl.linkedin.com\\\/company\\\/pwsz-krosno\",\"https:\\\/\\\/www.youtube.com\\\/user\\\/pwszkrosno\\\/\",\"https:\\\/\\\/pl.wikipedia.org\\\/wiki\\\/Pa\u0144stwowa_Wy\u017csza_Szko\u0142a_Zawodowa_im._Stanis\u0142awa_Pigonia_w_Kro\u015bnie\"]}]}<\/script>\n<!-- \/ Yoast SEO Premium plugin. -->","yoast_head_json":{"title":"Aktualno\u015bci CSM - Centrum Symulacji Medycznej PANS Krosno","robots":{"index":"index","follow":"follow","max-snippet":"max-snippet:-1","max-image-preview":"max-image-preview:large","max-video-preview":"max-video-preview:-1"},"canonical":"https:\/\/pans.krosno.pl\/csm\/aktualnosci-csm\/","og_locale":"pl_PL","og_type":"article","og_title":"Aktualno\u015bci CSM","og_url":"https:\/\/pans.krosno.pl\/csm\/aktualnosci-csm\/","og_site_name":"Centrum Symulacji Medycznej PANS Krosno","article_publisher":"https:\/\/www.facebook.com\/StudiaKrosno\/","article_modified_time":"2025-06-02T08:43:43+00:00","twitter_card":"summary_large_image","schema":{"@context":"https:\/\/schema.org","@graph":[{"@type":"WebPage","@id":"https:\/\/pans.krosno.pl\/csm\/aktualnosci-csm\/","url":"https:\/\/pans.krosno.pl\/csm\/aktualnosci-csm\/","name":"Aktualno\u015bci CSM - Centrum Symulacji Medycznej PANS Krosno","isPartOf":{"@id":"https:\/\/pans.krosno.pl\/csm\/#website"},"datePublished":"2024-10-03T07:40:57+00:00","dateModified":"2025-06-02T08:43:43+00:00","breadcrumb":{"@id":"https:\/\/pans.krosno.pl\/csm\/aktualnosci-csm\/#breadcrumb"},"inLanguage":"pl-PL","potentialAction":[{"@type":"ReadAction","target":["https:\/\/pans.krosno.pl\/csm\/aktualnosci-csm\/"]}]},{"@type":"BreadcrumbList","@id":"https:\/\/pans.krosno.pl\/csm\/aktualnosci-csm\/#breadcrumb","itemListElement":[{"@type":"ListItem","position":1,"name":"Strona g\u0142\u00f3wna","item":"https:\/\/pans.krosno.pl\/csm\/"},{"@type":"ListItem","position":2,"name":"Aktualno\u015bci CSM"}]},{"@type":"WebSite","@id":"https:\/\/pans.krosno.pl\/csm\/#website","url":"https:\/\/pans.krosno.pl\/csm\/","name":"PANS w Kro\u015bnie","description":"","publisher":{"@id":"https:\/\/pans.krosno.pl\/csm\/#organization"},"alternateName":"PANS Krosno","potentialAction":[{"@type":"SearchAction","target":{"@type":"EntryPoint","urlTemplate":"https:\/\/pans.krosno.pl\/csm\/?s={search_term_string}"},"query-input":{"@type":"PropertyValueSpecification","valueRequired":true,"valueName":"search_term_string"}}],"inLanguage":"pl-PL"},{"@type":"Organization","@id":"https:\/\/pans.krosno.pl\/csm\/#organization","name":"Pa\u0144stwowa Akademia Nauk Stosowanych w Kro\u015bnie","alternateName":"PANS Krosno","url":"https:\/\/pans.krosno.pl\/csm\/","logo":{"@type":"ImageObject","inLanguage":"pl-PL","@id":"https:\/\/pans.krosno.pl\/csm\/#\/schema\/logo\/image\/","url":"https:\/\/pans.krosno.pl\/wp-content\/uploads\/2023\/01\/Logo-PANS-2022-pelne-2-scaled.jpg","contentUrl":"https:\/\/pans.krosno.pl\/wp-content\/uploads\/2023\/01\/Logo-PANS-2022-pelne-2-scaled.jpg","width":2560,"height":576,"caption":"Pa\u0144stwowa Akademia Nauk Stosowanych w Kro\u015bnie"},"image":{"@id":"https:\/\/pans.krosno.pl\/csm\/#\/schema\/logo\/image\/"},"sameAs":["https:\/\/www.facebook.com\/StudiaKrosno\/","https:\/\/www.instagram.com\/pans.krosno\/","https:\/\/pl.linkedin.com\/company\/pwsz-krosno","https:\/\/www.youtube.com\/user\/pwszkrosno\/","https:\/\/pl.wikipedia.org\/wiki\/Pa\u0144stwowa_Wy\u017csza_Szko\u0142a_Zawodowa_im._Stanis\u0142awa_Pigonia_w_Kro\u015bnie"]}]}},"_links":{"self":[{"href":"https:\/\/pans.krosno.pl\/csm\/wp-json\/wp\/v2\/pages\/19","targetHints":{"allow":["GET"]}}],"collection":[{"href":"https:\/\/pans.krosno.pl\/csm\/wp-json\/wp\/v2\/pages"}],"about":[{"href":"https:\/\/pans.krosno.pl\/csm\/wp-json\/wp\/v2\/types\/page"}],"author":[{"embeddable":true,"href":"https:\/\/pans.krosno.pl\/csm\/wp-json\/wp\/v2\/users\/27"}],"replies":[{"embeddable":true,"href":"https:\/\/pans.krosno.pl\/csm\/wp-json\/wp\/v2\/comments?post=19"}],"version-history":[{"count":4,"href":"https:\/\/pans.krosno.pl\/csm\/wp-json\/wp\/v2\/pages\/19\/revisions"}],"predecessor-version":[{"id":414,"href":"https:\/\/pans.krosno.pl\/csm\/wp-json\/wp\/v2\/pages\/19\/revisions\/414"}],"wp:attachment":[{"href":"https:\/\/pans.krosno.pl\/csm\/wp-json\/wp\/v2\/media?parent=19"}],"curies":[{"name":"wp","href":"https:\/\/api.w.org\/{rel}","templated":true}]}}