{"id":19,"date":"2020-03-28T00:38:59","date_gmt":"2020-03-27T23:38:59","guid":{"rendered":"https:\/\/pans.krosno.pl\/bon\/?page_id=19"},"modified":"2025-09-30T12:53:25","modified_gmt":"2025-09-30T10:53:25","slug":"transporty-osoby-niepelnosprawnej","status":"publish","type":"page","link":"https:\/\/pans.krosno.pl\/bon\/transporty-osoby-niepelnosprawnej\/","title":{"rendered":"Transport osoby z niepe\u0142nosprawno\u015bci\u0105"},"content":{"rendered":"\n<p>Student\u00f3w z niepe\u0142nosprawno\u015bci\u0105 maj\u0105cych problemy z samodzielnym poruszaniem oraz posiadaj\u0105cych odpowiednie orzeczenie o niepe\u0142nosprawno\u015bci zapraszamy do zg\u0142aszania si\u0119 do Biura ds. Os\u00f3b z Niepe\u0142nosprawno\u015bciami w celu zorganizowania, oraz dofinansowania indywidualnych przejazd\u00f3w na zaj\u0119cia dydaktyczne, do biblioteki, na praktyki oraz na pozosta\u0142e zaj\u0119cia zwi\u0105zane z kszta\u0142ceniem w Pa\u0144stwowej Akademii Nauk Stosowanych w Kro\u015bnie.&nbsp;<\/p>\n\n\n\n<p>Osoby ch\u0119tne do skorzystania z us\u0142ug transportowych powinny wype\u0142ni\u0107 wniosek oraz dostarczy\u0107 go wraz z wa\u017cnym orzeczeniem o niepe\u0142nosprawno\u015bci do Biura ds. Os\u00f3b z Niepe\u0142nosprawno\u015bciami PANS w Kro\u015bnie.&nbsp;<\/p>\n\n\n\n<p><a href=\"https:\/\/pans.krosno.pl\/bon\/wp-content\/uploads\/sites\/43\/2023\/09\/Wniosek-o-transport-2023-BON-PANS-KROSNO.docx\">Wniosek o transport<\/a><\/p>\n\n\n\n<p><a href=\"https:\/\/pans.krosno.pl\/bon\/wp-content\/uploads\/sites\/43\/2023\/09\/Wniosek-o-transport-2023-BON-PANS-KROSNO.pdf\">Wniosek o transport<\/a><\/p>\n\n\n\n<p><a href=\"https:\/\/pans.krosno.pl\/bon\/wp-content\/uploads\/sites\/43\/2023\/09\/Raport-wykorzystania-transportu-2023_2024.pdf\">Raport wykorzystania transportu<\/a><\/p>\n\n\n\n<!--more-->\n\n\n\n<p><strong>Biuro ds. Os\u00f3b z Niepe\u0142nosprawno\u015bciami PANS w Kro\u015bnie<\/strong>&nbsp;<\/p>\n\n\n\n<p>e-mail: bon@pans.krosno.pl<br>tel: (013) 43-755-12<\/p>\n\n\n\n<p>godziny otwarcia:<br>poniedzia\u0142ek 8.00 &#8211; 16.00<br>wtorek 8.00 &#8211; 16.00<br>\u015broda 8.00 &#8211; 16.00<br>czwartek 8.00 &#8211; 16.00<br>pi\u0105tek 8.00 &#8211; 16.00<\/p>\n\n\n\n<p id=\"block-cd339300-f056-4491-9447-1330afc95a58\"><a href=\"http:\/\/www.pans.krosno.pl\/bon\/\">www.pans.krosno.pl\/bon<\/a><\/p>\n\n\n\n<figure class=\"wp-block-image is-resized\" id=\"block-d317b3a1-f8ba-483e-af23-e8d46a2b6fe8\"><img decoding=\"async\" src=\"https:\/\/pans.krosno.pl\/bon\/wp-content\/uploads\/sites\/43\/2021\/10\/Logo_2-1-1-1536x294-1.png\" alt=\"Obrazek posiada pusty atrybut alt; plik o nazwie Logo_2-1-1-1536x294-1.png\" style=\"width:77px;height:73px\"\/><\/figure>\n\n\n\n<p id=\"block-c9cfa1a4-86a7-4102-aedf-8e2e7b27cbd7\"><a href=\"https:\/\/www.facebook.com\/bonpanskrosno\/\">www.facebook.com\/bonpanskrosno<\/a><\/p>\n\n\n\n<figure class=\"wp-block-image is-resized\" id=\"block-e1e3dbfa-02eb-4927-9036-52e7912bf941\"><img decoding=\"async\" src=\"https:\/\/pans.krosno.pl\/bon\/wp-content\/uploads\/sites\/43\/2021\/10\/IKONA-FB-300x300-1.jpeg\" alt=\"Obrazek posiada pusty atrybut alt; plik o nazwie IKONA-FB-300x300-1.jpeg\" style=\"width:75px;height:75px\"\/><\/figure>\n\n\n\n<p>\ufeff<\/p>\n\n\n\n<p><\/p>\n","protected":false},"excerpt":{"rendered":"<p>Student\u00f3w z niepe\u0142nosprawno\u015bci\u0105 maj\u0105cych problemy z samodzielnym poruszaniem oraz posiadaj\u0105cych odpowiednie orzeczenie o niepe\u0142nosprawno\u015bci zapraszamy do zg\u0142aszania si\u0119 do Biura ds. Os\u00f3b z Niepe\u0142nosprawno\u015bciami w celu zorganizowania, oraz dofinansowania indywidualnych przejazd\u00f3w na zaj\u0119cia dydaktyczne, do biblioteki, na praktyki oraz na pozosta\u0142e zaj\u0119cia zwi\u0105zane z kszta\u0142ceniem w Pa\u0144stwowej Akademii Nauk Stosowanych [\u2026] <\/p>\n<div class=\"clear\"><\/div>\n<p><a class=\"more_link clearfix\" href=\"https:\/\/pans.krosno.pl\/bon\/transporty-osoby-niepelnosprawnej\/\" rel=\"nofollow\">Read More<\/a><\/p>\n","protected":false},"author":1,"featured_media":0,"parent":0,"menu_order":0,"comment_status":"closed","ping_status":"closed","template":"page-templates\/template-full-width.php","meta":{"ngg_post_thumbnail":0,"footnotes":""},"class_list":["post-19","page","type-page","status-publish","hentry"],"yoast_head":"<!-- This site is optimized with the Yoast SEO Premium plugin v27.3 (Yoast SEO v27.3) - https:\/\/yoast.com\/product\/yoast-seo-premium-wordpress\/ -->\n<title>Transport osoby z niepe\u0142nosprawno\u015bci\u0105 - Biuro ds. Os\u00f3b Niepe\u0142nosprawnych PANS w Kro\u015bnie<\/title>\n<meta name=\"description\" content=\"Niepe\u0142nosprawnych student\u00f3w maj\u0105cych problemy z samodzielnym poruszaniem oraz posiadaj\u0105cych odpowiednie orzeczenie o niepe\u0142nosprawno\u015bci zapraszamy do zg\u0142aszania si\u0119 do Biura ds.\" \/>\n<meta name=\"robots\" content=\"index, follow, max-snippet:-1, max-image-preview:large, max-video-preview:-1\" \/>\n<link rel=\"canonical\" href=\"https:\/\/pans.krosno.pl\/bon\/transporty-osoby-niepelnosprawnej\/\" \/>\n<meta property=\"og:locale\" content=\"pl_PL\" \/>\n<meta property=\"og:type\" content=\"article\" \/>\n<meta property=\"og:title\" content=\"Transport osoby z niepe\u0142nosprawno\u015bci\u0105\" \/>\n<meta property=\"og:description\" content=\"Niepe\u0142nosprawnych student\u00f3w maj\u0105cych problemy z samodzielnym poruszaniem oraz posiadaj\u0105cych odpowiednie orzeczenie o niepe\u0142nosprawno\u015bci zapraszamy do zg\u0142aszania si\u0119 do Biura ds.\" \/>\n<meta property=\"og:url\" content=\"https:\/\/pans.krosno.pl\/bon\/transporty-osoby-niepelnosprawnej\/\" \/>\n<meta property=\"og:site_name\" content=\"Biuro ds. Os\u00f3b Niepe\u0142nosprawnych PANS w Kro\u015bnie\" \/>\n<meta property=\"article:modified_time\" content=\"2025-09-30T10:53:25+00:00\" \/>\n<meta property=\"og:image\" content=\"https:\/\/pans.krosno.pl\/bon\/wp-content\/uploads\/sites\/43\/2021\/10\/Logo_2-1-1-1536x294-1.png\" \/>\n<meta name=\"twitter:card\" content=\"summary_large_image\" \/>\n<meta name=\"twitter:label1\" content=\"Szacowany czas czytania\" \/>\n\t<meta name=\"twitter:data1\" content=\"2 minuty\" \/>\n<script type=\"application\/ld+json\" class=\"yoast-schema-graph\">{\"@context\":\"https:\\\/\\\/schema.org\",\"@graph\":[{\"@type\":\"WebPage\",\"@id\":\"https:\\\/\\\/pans.krosno.pl\\\/bon\\\/transporty-osoby-niepelnosprawnej\\\/\",\"url\":\"https:\\\/\\\/pans.krosno.pl\\\/bon\\\/transporty-osoby-niepelnosprawnej\\\/\",\"name\":\"Transport osoby z niepe\u0142nosprawno\u015bci\u0105 - Biuro ds. Os\u00f3b Niepe\u0142nosprawnych PANS w Kro\u015bnie\",\"isPartOf\":{\"@id\":\"https:\\\/\\\/pans.krosno.pl\\\/bon\\\/#website\"},\"primaryImageOfPage\":{\"@id\":\"https:\\\/\\\/pans.krosno.pl\\\/bon\\\/transporty-osoby-niepelnosprawnej\\\/#primaryimage\"},\"image\":{\"@id\":\"https:\\\/\\\/pans.krosno.pl\\\/bon\\\/transporty-osoby-niepelnosprawnej\\\/#primaryimage\"},\"thumbnailUrl\":\"https:\\\/\\\/pans.krosno.pl\\\/bon\\\/wp-content\\\/uploads\\\/sites\\\/43\\\/2021\\\/10\\\/Logo_2-1-1-1536x294-1.png\",\"datePublished\":\"2020-03-27T23:38:59+00:00\",\"dateModified\":\"2025-09-30T10:53:25+00:00\",\"description\":\"Niepe\u0142nosprawnych student\u00f3w maj\u0105cych problemy z samodzielnym poruszaniem oraz posiadaj\u0105cych odpowiednie orzeczenie o niepe\u0142nosprawno\u015bci zapraszamy do zg\u0142aszania si\u0119 do Biura ds.\",\"breadcrumb\":{\"@id\":\"https:\\\/\\\/pans.krosno.pl\\\/bon\\\/transporty-osoby-niepelnosprawnej\\\/#breadcrumb\"},\"inLanguage\":\"pl-PL\",\"potentialAction\":[{\"@type\":\"ReadAction\",\"target\":[\"https:\\\/\\\/pans.krosno.pl\\\/bon\\\/transporty-osoby-niepelnosprawnej\\\/\"]}]},{\"@type\":\"ImageObject\",\"inLanguage\":\"pl-PL\",\"@id\":\"https:\\\/\\\/pans.krosno.pl\\\/bon\\\/transporty-osoby-niepelnosprawnej\\\/#primaryimage\",\"url\":\"https:\\\/\\\/pans.krosno.pl\\\/bon\\\/wp-content\\\/uploads\\\/sites\\\/43\\\/2021\\\/10\\\/Logo_2-1-1-1536x294-1.png\",\"contentUrl\":\"https:\\\/\\\/pans.krosno.pl\\\/bon\\\/wp-content\\\/uploads\\\/sites\\\/43\\\/2021\\\/10\\\/Logo_2-1-1-1536x294-1.png\",\"width\":308,\"height\":292},{\"@type\":\"BreadcrumbList\",\"@id\":\"https:\\\/\\\/pans.krosno.pl\\\/bon\\\/transporty-osoby-niepelnosprawnej\\\/#breadcrumb\",\"itemListElement\":[{\"@type\":\"ListItem\",\"position\":1,\"name\":\"Strona g\u0142\u00f3wna\",\"item\":\"https:\\\/\\\/pans.krosno.pl\\\/bon\\\/\"},{\"@type\":\"ListItem\",\"position\":2,\"name\":\"Transport osoby z niepe\u0142nosprawno\u015bci\u0105\"}]},{\"@type\":\"WebSite\",\"@id\":\"https:\\\/\\\/pans.krosno.pl\\\/bon\\\/#website\",\"url\":\"https:\\\/\\\/pans.krosno.pl\\\/bon\\\/\",\"name\":\"Biuro ds. Os\u00f3b Niepe\u0142nosprawnych PANS w Kro\u015bnie\",\"description\":\"Biuro ds. Os\u00f3b Niepe\u0142nosprawnych - Pa\u0144stwowa Akademia Nauk Stosowanych\",\"publisher\":{\"@id\":\"https:\\\/\\\/pans.krosno.pl\\\/bon\\\/#organization\"},\"potentialAction\":[{\"@type\":\"SearchAction\",\"target\":{\"@type\":\"EntryPoint\",\"urlTemplate\":\"https:\\\/\\\/pans.krosno.pl\\\/bon\\\/?s={search_term_string}\"},\"query-input\":{\"@type\":\"PropertyValueSpecification\",\"valueRequired\":true,\"valueName\":\"search_term_string\"}}],\"inLanguage\":\"pl-PL\"},{\"@type\":\"Organization\",\"@id\":\"https:\\\/\\\/pans.krosno.pl\\\/bon\\\/#organization\",\"name\":\"Biuro ds. Os\u00f3b Niepe\u0142nosprawnych PANS w Kro\u015bnie\",\"url\":\"https:\\\/\\\/pans.krosno.pl\\\/bon\\\/\",\"logo\":{\"@type\":\"ImageObject\",\"inLanguage\":\"pl-PL\",\"@id\":\"https:\\\/\\\/pans.krosno.pl\\\/bon\\\/#\\\/schema\\\/logo\\\/image\\\/\",\"url\":\"https:\\\/\\\/pans.krosno.pl\\\/bon\\\/wp-content\\\/uploads\\\/sites\\\/43\\\/2023\\\/01\\\/Logo-PANS-2022-pelne.png\",\"contentUrl\":\"https:\\\/\\\/pans.krosno.pl\\\/bon\\\/wp-content\\\/uploads\\\/sites\\\/43\\\/2023\\\/01\\\/Logo-PANS-2022-pelne.png\",\"width\":3096,\"height\":696,\"caption\":\"Biuro ds. Os\u00f3b Niepe\u0142nosprawnych PANS w Kro\u015bnie\"},\"image\":{\"@id\":\"https:\\\/\\\/pans.krosno.pl\\\/bon\\\/#\\\/schema\\\/logo\\\/image\\\/\"}}]}<\/script>\n<!-- \/ Yoast SEO Premium plugin. -->","yoast_head_json":{"title":"Transport osoby z niepe\u0142nosprawno\u015bci\u0105 - Biuro ds. Os\u00f3b Niepe\u0142nosprawnych PANS w Kro\u015bnie","description":"Niepe\u0142nosprawnych student\u00f3w maj\u0105cych problemy z samodzielnym poruszaniem oraz posiadaj\u0105cych odpowiednie orzeczenie o niepe\u0142nosprawno\u015bci zapraszamy do zg\u0142aszania si\u0119 do Biura ds.","robots":{"index":"index","follow":"follow","max-snippet":"max-snippet:-1","max-image-preview":"max-image-preview:large","max-video-preview":"max-video-preview:-1"},"canonical":"https:\/\/pans.krosno.pl\/bon\/transporty-osoby-niepelnosprawnej\/","og_locale":"pl_PL","og_type":"article","og_title":"Transport osoby z niepe\u0142nosprawno\u015bci\u0105","og_description":"Niepe\u0142nosprawnych student\u00f3w maj\u0105cych problemy z samodzielnym poruszaniem oraz posiadaj\u0105cych odpowiednie orzeczenie o niepe\u0142nosprawno\u015bci zapraszamy do zg\u0142aszania si\u0119 do Biura ds.","og_url":"https:\/\/pans.krosno.pl\/bon\/transporty-osoby-niepelnosprawnej\/","og_site_name":"Biuro ds. Os\u00f3b Niepe\u0142nosprawnych PANS w Kro\u015bnie","article_modified_time":"2025-09-30T10:53:25+00:00","og_image":[{"url":"https:\/\/pans.krosno.pl\/bon\/wp-content\/uploads\/sites\/43\/2021\/10\/Logo_2-1-1-1536x294-1.png","type":"","width":"","height":""}],"twitter_card":"summary_large_image","twitter_misc":{"Szacowany czas czytania":"2 minuty"},"schema":{"@context":"https:\/\/schema.org","@graph":[{"@type":"WebPage","@id":"https:\/\/pans.krosno.pl\/bon\/transporty-osoby-niepelnosprawnej\/","url":"https:\/\/pans.krosno.pl\/bon\/transporty-osoby-niepelnosprawnej\/","name":"Transport osoby z niepe\u0142nosprawno\u015bci\u0105 - Biuro ds. Os\u00f3b Niepe\u0142nosprawnych PANS w Kro\u015bnie","isPartOf":{"@id":"https:\/\/pans.krosno.pl\/bon\/#website"},"primaryImageOfPage":{"@id":"https:\/\/pans.krosno.pl\/bon\/transporty-osoby-niepelnosprawnej\/#primaryimage"},"image":{"@id":"https:\/\/pans.krosno.pl\/bon\/transporty-osoby-niepelnosprawnej\/#primaryimage"},"thumbnailUrl":"https:\/\/pans.krosno.pl\/bon\/wp-content\/uploads\/sites\/43\/2021\/10\/Logo_2-1-1-1536x294-1.png","datePublished":"2020-03-27T23:38:59+00:00","dateModified":"2025-09-30T10:53:25+00:00","description":"Niepe\u0142nosprawnych student\u00f3w maj\u0105cych problemy z samodzielnym poruszaniem oraz posiadaj\u0105cych odpowiednie orzeczenie o niepe\u0142nosprawno\u015bci zapraszamy do zg\u0142aszania si\u0119 do Biura ds.","breadcrumb":{"@id":"https:\/\/pans.krosno.pl\/bon\/transporty-osoby-niepelnosprawnej\/#breadcrumb"},"inLanguage":"pl-PL","potentialAction":[{"@type":"ReadAction","target":["https:\/\/pans.krosno.pl\/bon\/transporty-osoby-niepelnosprawnej\/"]}]},{"@type":"ImageObject","inLanguage":"pl-PL","@id":"https:\/\/pans.krosno.pl\/bon\/transporty-osoby-niepelnosprawnej\/#primaryimage","url":"https:\/\/pans.krosno.pl\/bon\/wp-content\/uploads\/sites\/43\/2021\/10\/Logo_2-1-1-1536x294-1.png","contentUrl":"https:\/\/pans.krosno.pl\/bon\/wp-content\/uploads\/sites\/43\/2021\/10\/Logo_2-1-1-1536x294-1.png","width":308,"height":292},{"@type":"BreadcrumbList","@id":"https:\/\/pans.krosno.pl\/bon\/transporty-osoby-niepelnosprawnej\/#breadcrumb","itemListElement":[{"@type":"ListItem","position":1,"name":"Strona g\u0142\u00f3wna","item":"https:\/\/pans.krosno.pl\/bon\/"},{"@type":"ListItem","position":2,"name":"Transport osoby z niepe\u0142nosprawno\u015bci\u0105"}]},{"@type":"WebSite","@id":"https:\/\/pans.krosno.pl\/bon\/#website","url":"https:\/\/pans.krosno.pl\/bon\/","name":"Biuro ds. Os\u00f3b Niepe\u0142nosprawnych PANS w Kro\u015bnie","description":"Biuro ds. Os\u00f3b Niepe\u0142nosprawnych - Pa\u0144stwowa Akademia Nauk Stosowanych","publisher":{"@id":"https:\/\/pans.krosno.pl\/bon\/#organization"},"potentialAction":[{"@type":"SearchAction","target":{"@type":"EntryPoint","urlTemplate":"https:\/\/pans.krosno.pl\/bon\/?s={search_term_string}"},"query-input":{"@type":"PropertyValueSpecification","valueRequired":true,"valueName":"search_term_string"}}],"inLanguage":"pl-PL"},{"@type":"Organization","@id":"https:\/\/pans.krosno.pl\/bon\/#organization","name":"Biuro ds. Os\u00f3b Niepe\u0142nosprawnych PANS w Kro\u015bnie","url":"https:\/\/pans.krosno.pl\/bon\/","logo":{"@type":"ImageObject","inLanguage":"pl-PL","@id":"https:\/\/pans.krosno.pl\/bon\/#\/schema\/logo\/image\/","url":"https:\/\/pans.krosno.pl\/bon\/wp-content\/uploads\/sites\/43\/2023\/01\/Logo-PANS-2022-pelne.png","contentUrl":"https:\/\/pans.krosno.pl\/bon\/wp-content\/uploads\/sites\/43\/2023\/01\/Logo-PANS-2022-pelne.png","width":3096,"height":696,"caption":"Biuro ds. Os\u00f3b Niepe\u0142nosprawnych PANS w Kro\u015bnie"},"image":{"@id":"https:\/\/pans.krosno.pl\/bon\/#\/schema\/logo\/image\/"}}]}},"_links":{"self":[{"href":"https:\/\/pans.krosno.pl\/bon\/wp-json\/wp\/v2\/pages\/19","targetHints":{"allow":["GET"]}}],"collection":[{"href":"https:\/\/pans.krosno.pl\/bon\/wp-json\/wp\/v2\/pages"}],"about":[{"href":"https:\/\/pans.krosno.pl\/bon\/wp-json\/wp\/v2\/types\/page"}],"author":[{"embeddable":true,"href":"https:\/\/pans.krosno.pl\/bon\/wp-json\/wp\/v2\/users\/1"}],"replies":[{"embeddable":true,"href":"https:\/\/pans.krosno.pl\/bon\/wp-json\/wp\/v2\/comments?post=19"}],"version-history":[{"count":17,"href":"https:\/\/pans.krosno.pl\/bon\/wp-json\/wp\/v2\/pages\/19\/revisions"}],"predecessor-version":[{"id":2690,"href":"https:\/\/pans.krosno.pl\/bon\/wp-json\/wp\/v2\/pages\/19\/revisions\/2690"}],"wp:attachment":[{"href":"https:\/\/pans.krosno.pl\/bon\/wp-json\/wp\/v2\/media?parent=19"}],"curies":[{"name":"wp","href":"https:\/\/api.w.org\/{rel}","templated":true}]}}