{"id":50,"date":"2019-09-16T09:36:33","date_gmt":"2019-09-16T07:36:33","guid":{"rendered":"https:\/\/pans.krosno.pl\/biblioteka\/?page_id=50"},"modified":"2025-04-10T11:13:14","modified_gmt":"2025-04-10T09:13:14","slug":"przydatne-linki","status":"publish","type":"page","link":"https:\/\/pans.krosno.pl\/biblioteka\/przydatne-linki\/","title":{"rendered":"Przydatne linki"},"content":{"rendered":"\n<p>BAZTECH &#8211; bazy danych o zawarto\u015bci polskich czasopism technicznych<br><a href=\"http:\/\/baztech.icm.edu.pl\/\">http:\/\/baztech.icm.edu.pl<\/a><\/p>\n\n\n\n<p>Google Scholar &#8211; bezp\u0142atna naukowa wyszukiwarka internetowa podaj\u0105ca liczb\u0119 cytowa\u0144 poszczeg\u00f3lnych publikacji<br><a href=\"http:\/\/scholar.google.com\/advanced_scholar_search\">http:\/\/scholar.google.com\/advanced_scholar_search<\/a><\/p>\n\n\n\n<p>Ministerstwo Nauki i Szkolnictwa Wy\u017cszego<br><a href=\"https:\/\/www.gov.pl\/web\/nauka\">https:\/\/www.gov.pl\/web\/nauka<\/a><\/p>\n\n\n\n<p>Og\u00f3lnodost\u0119pne bazy i informatory polskie<br><a href=\"https:\/\/bj.uj.edu.pl\/zasoby-cyfrowe\/ogolnodostepne\/informatory-polskie\">https:\/\/bj.uj.edu.pl\/zasoby-cyfrowe\/ogolnodostepne\/informatory-polskie<\/a><\/p>\n\n\n\n<p>Podkarpacki Portal Turystyczny<br><a href=\"http:\/\/www.epodkarpacie.com\/\">http:\/\/www.epodkarpacie.com<\/a><\/p>\n\n\n\n<p>Polska Bibliografia Literacka<br><a href=\"http:\/\/pbl.ibl.poznan.pl\/\">http:\/\/pbl.ibl.poznan.pl<\/a><\/p>\n\n\n\n<p>Portal Rolny<br><a href=\"http:\/\/www.ppr.pl\/index.html\">http:\/\/www.ppr.pl\/index.html<\/a><\/p>\n\n\n\n<p class=\"has-small-font-size\">aktualizacja: kwiecie\u0144 2025<\/p>\n\n\n\n<p><\/p>\n","protected":false},"excerpt":{"rendered":"<p>BAZTECH &#8211; bazy danych o zawarto\u015bci polskich czasopism technicznychhttp:\/\/baztech.icm.edu.pl Google Scholar &#8211; bezp\u0142atna naukowa wyszukiwarka internetowa podaj\u0105ca liczb\u0119 cytowa\u0144 poszczeg\u00f3lnych publikacjihttp:\/\/scholar.google.com\/advanced_scholar_search Ministerstwo Nauki i Szkolnictwa Wy\u017cszegohttps:\/\/www.gov.pl\/web\/nauka Og\u00f3lnodost\u0119pne bazy i informatory polskiehttps:\/\/bj.uj.edu.pl\/zasoby-cyfrowe\/ogolnodostepne\/informatory-polskie Podkarpacki Portal Turystycznyhttp:\/\/www.epodkarpacie.com Polska Bibliografia Literackahttp:\/\/pbl.ibl.poznan.pl Portal Rolnyhttp:\/\/www.ppr.pl\/index.html aktualizacja: kwiecie\u0144 2025<\/p>\n","protected":false},"author":1,"featured_media":0,"parent":0,"menu_order":0,"comment_status":"closed","ping_status":"closed","template":"page-templates\/template-full-width.php","meta":{"ngg_post_thumbnail":0,"footnotes":""},"class_list":["post-50","page","type-page","status-publish","hentry"],"yoast_head":"<!-- This site is optimized with the Yoast SEO Premium plugin v27.4 (Yoast SEO v27.4) - https:\/\/yoast.com\/product\/yoast-seo-premium-wordpress\/ -->\n<title>Przydatne linki - Biblioteka PANS w Kro\u015bnie<\/title>\n<meta name=\"description\" content=\"Ministerstwo Nauki i Szkolnictwa Wy\u017cszego - Biblioteka PANS w Kro\u015bnie - Przydatne linki\" \/>\n<meta name=\"robots\" content=\"index, follow, max-snippet:-1, max-image-preview:large, max-video-preview:-1\" \/>\n<link rel=\"canonical\" href=\"https:\/\/pans.krosno.pl\/biblioteka\/przydatne-linki\/\" \/>\n<meta property=\"og:locale\" content=\"pl_PL\" \/>\n<meta property=\"og:type\" content=\"article\" \/>\n<meta property=\"og:title\" content=\"Przydatne linki\" \/>\n<meta property=\"og:description\" content=\"Ministerstwo Nauki i Szkolnictwa Wy\u017cszego - Biblioteka PANS w Kro\u015bnie - Przydatne linki\" \/>\n<meta property=\"og:url\" content=\"https:\/\/pans.krosno.pl\/biblioteka\/przydatne-linki\/\" \/>\n<meta property=\"og:site_name\" content=\"Biblioteka PANS w Kro\u015bnie\" \/>\n<meta property=\"article:modified_time\" content=\"2025-04-10T09:13:14+00:00\" \/>\n<meta name=\"twitter:card\" content=\"summary_large_image\" \/>\n<meta name=\"twitter:label1\" content=\"Szacowany czas czytania\" \/>\n\t<meta name=\"twitter:data1\" content=\"1 minuta\" \/>\n<script type=\"application\/ld+json\" class=\"yoast-schema-graph\">{\"@context\":\"https:\\\/\\\/schema.org\",\"@graph\":[{\"@type\":\"WebPage\",\"@id\":\"https:\\\/\\\/pans.krosno.pl\\\/biblioteka\\\/przydatne-linki\\\/\",\"url\":\"https:\\\/\\\/pans.krosno.pl\\\/biblioteka\\\/przydatne-linki\\\/\",\"name\":\"Przydatne linki - Biblioteka PANS w Kro\u015bnie\",\"isPartOf\":{\"@id\":\"https:\\\/\\\/pans.krosno.pl\\\/biblioteka\\\/#website\"},\"datePublished\":\"2019-09-16T07:36:33+00:00\",\"dateModified\":\"2025-04-10T09:13:14+00:00\",\"description\":\"Ministerstwo Nauki i Szkolnictwa Wy\u017cszego - Biblioteka PANS w Kro\u015bnie - Przydatne linki\",\"breadcrumb\":{\"@id\":\"https:\\\/\\\/pans.krosno.pl\\\/biblioteka\\\/przydatne-linki\\\/#breadcrumb\"},\"inLanguage\":\"pl-PL\",\"potentialAction\":[{\"@type\":\"ReadAction\",\"target\":[\"https:\\\/\\\/pans.krosno.pl\\\/biblioteka\\\/przydatne-linki\\\/\"]}]},{\"@type\":\"BreadcrumbList\",\"@id\":\"https:\\\/\\\/pans.krosno.pl\\\/biblioteka\\\/przydatne-linki\\\/#breadcrumb\",\"itemListElement\":[{\"@type\":\"ListItem\",\"position\":1,\"name\":\"Strona g\u0142\u00f3wna\",\"item\":\"https:\\\/\\\/pans.krosno.pl\\\/biblioteka\\\/\"},{\"@type\":\"ListItem\",\"position\":2,\"name\":\"Przydatne linki\"}]},{\"@type\":\"WebSite\",\"@id\":\"https:\\\/\\\/pans.krosno.pl\\\/biblioteka\\\/#website\",\"url\":\"https:\\\/\\\/pans.krosno.pl\\\/biblioteka\\\/\",\"name\":\"Biblioteka PANS w Kro\u015bnie\",\"description\":\"Biblioteka - Pa\u0144stwowa Akademia Nauk Stosowanych\",\"publisher\":{\"@id\":\"https:\\\/\\\/pans.krosno.pl\\\/biblioteka\\\/#organization\"},\"potentialAction\":[{\"@type\":\"SearchAction\",\"target\":{\"@type\":\"EntryPoint\",\"urlTemplate\":\"https:\\\/\\\/pans.krosno.pl\\\/biblioteka\\\/?s={search_term_string}\"},\"query-input\":{\"@type\":\"PropertyValueSpecification\",\"valueRequired\":true,\"valueName\":\"search_term_string\"}}],\"inLanguage\":\"pl-PL\"},{\"@type\":\"Organization\",\"@id\":\"https:\\\/\\\/pans.krosno.pl\\\/biblioteka\\\/#organization\",\"name\":\"Biblioteka PANS w Kro\u015bnie\",\"url\":\"https:\\\/\\\/pans.krosno.pl\\\/biblioteka\\\/\",\"logo\":{\"@type\":\"ImageObject\",\"inLanguage\":\"pl-PL\",\"@id\":\"https:\\\/\\\/pans.krosno.pl\\\/biblioteka\\\/#\\\/schema\\\/logo\\\/image\\\/\",\"url\":\"https:\\\/\\\/pans.krosno.pl\\\/biblioteka\\\/wp-content\\\/uploads\\\/sites\\\/4\\\/2023\\\/01\\\/Logo-PANS-2022-pelne.png\",\"contentUrl\":\"https:\\\/\\\/pans.krosno.pl\\\/biblioteka\\\/wp-content\\\/uploads\\\/sites\\\/4\\\/2023\\\/01\\\/Logo-PANS-2022-pelne.png\",\"width\":3096,\"height\":696,\"caption\":\"Biblioteka PANS w Kro\u015bnie\"},\"image\":{\"@id\":\"https:\\\/\\\/pans.krosno.pl\\\/biblioteka\\\/#\\\/schema\\\/logo\\\/image\\\/\"}}]}<\/script>\n<!-- \/ Yoast SEO Premium plugin. -->","yoast_head_json":{"title":"Przydatne linki - Biblioteka PANS w Kro\u015bnie","description":"Ministerstwo Nauki i Szkolnictwa Wy\u017cszego - Biblioteka PANS w Kro\u015bnie - Przydatne linki","robots":{"index":"index","follow":"follow","max-snippet":"max-snippet:-1","max-image-preview":"max-image-preview:large","max-video-preview":"max-video-preview:-1"},"canonical":"https:\/\/pans.krosno.pl\/biblioteka\/przydatne-linki\/","og_locale":"pl_PL","og_type":"article","og_title":"Przydatne linki","og_description":"Ministerstwo Nauki i Szkolnictwa Wy\u017cszego - Biblioteka PANS w Kro\u015bnie - Przydatne linki","og_url":"https:\/\/pans.krosno.pl\/biblioteka\/przydatne-linki\/","og_site_name":"Biblioteka PANS w Kro\u015bnie","article_modified_time":"2025-04-10T09:13:14+00:00","twitter_card":"summary_large_image","twitter_misc":{"Szacowany czas czytania":"1 minuta"},"schema":{"@context":"https:\/\/schema.org","@graph":[{"@type":"WebPage","@id":"https:\/\/pans.krosno.pl\/biblioteka\/przydatne-linki\/","url":"https:\/\/pans.krosno.pl\/biblioteka\/przydatne-linki\/","name":"Przydatne linki - Biblioteka PANS w Kro\u015bnie","isPartOf":{"@id":"https:\/\/pans.krosno.pl\/biblioteka\/#website"},"datePublished":"2019-09-16T07:36:33+00:00","dateModified":"2025-04-10T09:13:14+00:00","description":"Ministerstwo Nauki i Szkolnictwa Wy\u017cszego - Biblioteka PANS w Kro\u015bnie - Przydatne linki","breadcrumb":{"@id":"https:\/\/pans.krosno.pl\/biblioteka\/przydatne-linki\/#breadcrumb"},"inLanguage":"pl-PL","potentialAction":[{"@type":"ReadAction","target":["https:\/\/pans.krosno.pl\/biblioteka\/przydatne-linki\/"]}]},{"@type":"BreadcrumbList","@id":"https:\/\/pans.krosno.pl\/biblioteka\/przydatne-linki\/#breadcrumb","itemListElement":[{"@type":"ListItem","position":1,"name":"Strona g\u0142\u00f3wna","item":"https:\/\/pans.krosno.pl\/biblioteka\/"},{"@type":"ListItem","position":2,"name":"Przydatne linki"}]},{"@type":"WebSite","@id":"https:\/\/pans.krosno.pl\/biblioteka\/#website","url":"https:\/\/pans.krosno.pl\/biblioteka\/","name":"Biblioteka PANS w Kro\u015bnie","description":"Biblioteka - Pa\u0144stwowa Akademia Nauk Stosowanych","publisher":{"@id":"https:\/\/pans.krosno.pl\/biblioteka\/#organization"},"potentialAction":[{"@type":"SearchAction","target":{"@type":"EntryPoint","urlTemplate":"https:\/\/pans.krosno.pl\/biblioteka\/?s={search_term_string}"},"query-input":{"@type":"PropertyValueSpecification","valueRequired":true,"valueName":"search_term_string"}}],"inLanguage":"pl-PL"},{"@type":"Organization","@id":"https:\/\/pans.krosno.pl\/biblioteka\/#organization","name":"Biblioteka PANS w Kro\u015bnie","url":"https:\/\/pans.krosno.pl\/biblioteka\/","logo":{"@type":"ImageObject","inLanguage":"pl-PL","@id":"https:\/\/pans.krosno.pl\/biblioteka\/#\/schema\/logo\/image\/","url":"https:\/\/pans.krosno.pl\/biblioteka\/wp-content\/uploads\/sites\/4\/2023\/01\/Logo-PANS-2022-pelne.png","contentUrl":"https:\/\/pans.krosno.pl\/biblioteka\/wp-content\/uploads\/sites\/4\/2023\/01\/Logo-PANS-2022-pelne.png","width":3096,"height":696,"caption":"Biblioteka PANS w Kro\u015bnie"},"image":{"@id":"https:\/\/pans.krosno.pl\/biblioteka\/#\/schema\/logo\/image\/"}}]}},"_links":{"self":[{"href":"https:\/\/pans.krosno.pl\/biblioteka\/wp-json\/wp\/v2\/pages\/50","targetHints":{"allow":["GET"]}}],"collection":[{"href":"https:\/\/pans.krosno.pl\/biblioteka\/wp-json\/wp\/v2\/pages"}],"about":[{"href":"https:\/\/pans.krosno.pl\/biblioteka\/wp-json\/wp\/v2\/types\/page"}],"author":[{"embeddable":true,"href":"https:\/\/pans.krosno.pl\/biblioteka\/wp-json\/wp\/v2\/users\/1"}],"replies":[{"embeddable":true,"href":"https:\/\/pans.krosno.pl\/biblioteka\/wp-json\/wp\/v2\/comments?post=50"}],"version-history":[{"count":13,"href":"https:\/\/pans.krosno.pl\/biblioteka\/wp-json\/wp\/v2\/pages\/50\/revisions"}],"predecessor-version":[{"id":13203,"href":"https:\/\/pans.krosno.pl\/biblioteka\/wp-json\/wp\/v2\/pages\/50\/revisions\/13203"}],"wp:attachment":[{"href":"https:\/\/pans.krosno.pl\/biblioteka\/wp-json\/wp\/v2\/media?parent=50"}],"curies":[{"name":"wp","href":"https:\/\/api.w.org\/{rel}","templated":true}]}}