{"id":39,"date":"2019-09-16T09:06:33","date_gmt":"2019-09-16T07:06:33","guid":{"rendered":"https:\/\/pans.krosno.pl\/biblioteka\/?page_id=39"},"modified":"2025-04-10T11:11:39","modified_gmt":"2025-04-10T09:11:39","slug":"rada-bibliteczna","status":"publish","type":"page","link":"https:\/\/pans.krosno.pl\/biblioteka\/rada-bibliteczna\/","title":{"rendered":"Rada biblioteczna"},"content":{"rendered":"\n<p>Rada Biblioteczna jest organem opiniodawczym Rektora Pa\u0144stwowej Akademii Nauk Stosowanych w Kro\u015bnie. Kadencja Rady Bibliotecznej jest zgodna z kadencj\u0105 Rektora.<br><br>Do kompetencji Rady Bibliotecznej nale\u017cy opiniowanie spraw dotycz\u0105cych organizacji i funkcjonowania jednolitego systemu biblioteczno-informacyjnego:<\/p>\n\n\n\n<ul class=\"wp-block-list\">\n<li>okre\u015blenie zasad gromadzenia zbior\u00f3w bibliotecznych<\/li>\n\n\n\n<li>wyra\u017canie opinii w sprawach zwi\u0105zanych z kierunkami dzia\u0142alno\u015bci oraz rozwojem biblioteki uczelnianej<\/li>\n\n\n\n<li>opiniowanie sprawozda\u0144 Kierownika biblioteki uczelnianej sk\u0142adanych Rektorowi<\/li>\n<\/ul>\n\n\n\n<p><strong>Sk\u0142ad Rady Bibliotecznej:<\/strong><\/p>\n\n\n\n<p>dr hab. Piotr \u0141opatkiewicz &#8211; przewodnicz\u0105cy,<br>dr Katarzyna Dziemian &#8211; przedstawiciel nauczycieli akademickich,<br>mgr in\u017c. Paulina Kustro\u0144-Mleczak &#8211; przedstawiciel nauczycieli akademickich,<br>mgr Judyta Zajdel &#8211; kierownik Biblioteki PANS,<br>mgr Jolanta Witko\u015b &#8211; przedstawiciel pracownik\u00f3w biblioteki,<br>przedstawiciel student\u00f3w zg\u0142aszany pisemnie przez Samorz\u0105d Studencki na pocz\u0105tku roku akademickiego.<\/p>\n\n\n\n<p><a href=\"https:\/\/pans.krosno.pl\/biblioteka\/wp-content\/uploads\/sites\/4\/2025\/04\/Zalacznik-do-zarzadzenia-nr-123_24-5.pdf\">Regulamin Rady Bibliotecznej<\/a> PDF<\/p>\n\n\n\n<p><a href=\"https:\/\/pans.krosno.pl\/biblioteka\/wp-content\/uploads\/sites\/4\/2025\/04\/Zalacznik-do-zarzadzenia-nr-123_24-22.docx\">Regulamin Rady Bibliotecznej<\/a> WORD<\/p>\n\n\n\n<p class=\"has-small-font-size\">aktualizacja: kwiecie\u0144 2025<\/p>\n","protected":false},"excerpt":{"rendered":"<p>Rada Biblioteczna jest organem opiniodawczym Rektora Pa\u0144stwowej Akademii Nauk Stosowanych w Kro\u015bnie. Kadencja Rady Bibliotecznej jest zgodna z kadencj\u0105 Rektora. Do kompetencji Rady Bibliotecznej nale\u017cy opiniowanie spraw dotycz\u0105cych organizacji i funkcjonowania jednolitego systemu biblioteczno-informacyjnego: Sk\u0142ad Rady Bibliotecznej: dr hab. Piotr \u0141opatkiewicz &#8211; przewodnicz\u0105cy,dr Katarzyna Dziemian &#8211; przedstawiciel nauczycieli akademickich,mgr in\u017c. [\u2026] <\/p>\n<div class=\"clear\"><\/div>\n<p><a class=\"more_link clearfix\" href=\"https:\/\/pans.krosno.pl\/biblioteka\/rada-bibliteczna\/\" rel=\"nofollow\">Read More<\/a><\/p>\n","protected":false},"author":1,"featured_media":0,"parent":0,"menu_order":0,"comment_status":"closed","ping_status":"closed","template":"page-templates\/template-full-width.php","meta":{"ngg_post_thumbnail":0,"footnotes":""},"class_list":["post-39","page","type-page","status-publish","hentry"],"yoast_head":"<!-- This site is optimized with the Yoast SEO Premium plugin v27.4 (Yoast SEO v27.4) - https:\/\/yoast.com\/product\/yoast-seo-premium-wordpress\/ -->\n<title>Rada biblioteczna - Biblioteka PANS w Kro\u015bnie<\/title>\n<meta name=\"description\" content=\"Rada Biblioteczna jest organem opiniodawczym Rektora Karpackiej Pa\u0144stwowej Uczelni w Kro\u015bnie. Kadencja Rady Bibliotecznej jest zgodna z kadencj\u0105 Rektora.\" \/>\n<meta name=\"robots\" content=\"index, follow, max-snippet:-1, max-image-preview:large, max-video-preview:-1\" \/>\n<link rel=\"canonical\" href=\"https:\/\/pans.krosno.pl\/biblioteka\/rada-bibliteczna\/\" \/>\n<meta property=\"og:locale\" content=\"pl_PL\" \/>\n<meta property=\"og:type\" content=\"article\" \/>\n<meta property=\"og:title\" content=\"Rada biblioteczna\" \/>\n<meta property=\"og:description\" content=\"Rada Biblioteczna jest organem opiniodawczym Rektora Karpackiej Pa\u0144stwowej Uczelni w Kro\u015bnie. Kadencja Rady Bibliotecznej jest zgodna z kadencj\u0105 Rektora.\" \/>\n<meta property=\"og:url\" content=\"https:\/\/pans.krosno.pl\/biblioteka\/rada-bibliteczna\/\" \/>\n<meta property=\"og:site_name\" content=\"Biblioteka PANS w Kro\u015bnie\" \/>\n<meta property=\"article:modified_time\" content=\"2025-04-10T09:11:39+00:00\" \/>\n<meta name=\"twitter:card\" content=\"summary_large_image\" \/>\n<meta name=\"twitter:label1\" content=\"Szacowany czas czytania\" \/>\n\t<meta name=\"twitter:data1\" content=\"1 minuta\" \/>\n<script type=\"application\/ld+json\" class=\"yoast-schema-graph\">{\"@context\":\"https:\\\/\\\/schema.org\",\"@graph\":[{\"@type\":\"WebPage\",\"@id\":\"https:\\\/\\\/pans.krosno.pl\\\/biblioteka\\\/rada-bibliteczna\\\/\",\"url\":\"https:\\\/\\\/pans.krosno.pl\\\/biblioteka\\\/rada-bibliteczna\\\/\",\"name\":\"Rada biblioteczna - Biblioteka PANS w Kro\u015bnie\",\"isPartOf\":{\"@id\":\"https:\\\/\\\/pans.krosno.pl\\\/biblioteka\\\/#website\"},\"datePublished\":\"2019-09-16T07:06:33+00:00\",\"dateModified\":\"2025-04-10T09:11:39+00:00\",\"description\":\"Rada Biblioteczna jest organem opiniodawczym Rektora Karpackiej Pa\u0144stwowej Uczelni w Kro\u015bnie. Kadencja Rady Bibliotecznej jest zgodna z kadencj\u0105 Rektora.\",\"breadcrumb\":{\"@id\":\"https:\\\/\\\/pans.krosno.pl\\\/biblioteka\\\/rada-bibliteczna\\\/#breadcrumb\"},\"inLanguage\":\"pl-PL\",\"potentialAction\":[{\"@type\":\"ReadAction\",\"target\":[\"https:\\\/\\\/pans.krosno.pl\\\/biblioteka\\\/rada-bibliteczna\\\/\"]}]},{\"@type\":\"BreadcrumbList\",\"@id\":\"https:\\\/\\\/pans.krosno.pl\\\/biblioteka\\\/rada-bibliteczna\\\/#breadcrumb\",\"itemListElement\":[{\"@type\":\"ListItem\",\"position\":1,\"name\":\"Strona g\u0142\u00f3wna\",\"item\":\"https:\\\/\\\/pans.krosno.pl\\\/biblioteka\\\/\"},{\"@type\":\"ListItem\",\"position\":2,\"name\":\"Rada biblioteczna\"}]},{\"@type\":\"WebSite\",\"@id\":\"https:\\\/\\\/pans.krosno.pl\\\/biblioteka\\\/#website\",\"url\":\"https:\\\/\\\/pans.krosno.pl\\\/biblioteka\\\/\",\"name\":\"Biblioteka PANS w Kro\u015bnie\",\"description\":\"Biblioteka - Pa\u0144stwowa Akademia Nauk Stosowanych\",\"publisher\":{\"@id\":\"https:\\\/\\\/pans.krosno.pl\\\/biblioteka\\\/#organization\"},\"potentialAction\":[{\"@type\":\"SearchAction\",\"target\":{\"@type\":\"EntryPoint\",\"urlTemplate\":\"https:\\\/\\\/pans.krosno.pl\\\/biblioteka\\\/?s={search_term_string}\"},\"query-input\":{\"@type\":\"PropertyValueSpecification\",\"valueRequired\":true,\"valueName\":\"search_term_string\"}}],\"inLanguage\":\"pl-PL\"},{\"@type\":\"Organization\",\"@id\":\"https:\\\/\\\/pans.krosno.pl\\\/biblioteka\\\/#organization\",\"name\":\"Biblioteka PANS w Kro\u015bnie\",\"url\":\"https:\\\/\\\/pans.krosno.pl\\\/biblioteka\\\/\",\"logo\":{\"@type\":\"ImageObject\",\"inLanguage\":\"pl-PL\",\"@id\":\"https:\\\/\\\/pans.krosno.pl\\\/biblioteka\\\/#\\\/schema\\\/logo\\\/image\\\/\",\"url\":\"https:\\\/\\\/pans.krosno.pl\\\/biblioteka\\\/wp-content\\\/uploads\\\/sites\\\/4\\\/2023\\\/01\\\/Logo-PANS-2022-pelne.png\",\"contentUrl\":\"https:\\\/\\\/pans.krosno.pl\\\/biblioteka\\\/wp-content\\\/uploads\\\/sites\\\/4\\\/2023\\\/01\\\/Logo-PANS-2022-pelne.png\",\"width\":3096,\"height\":696,\"caption\":\"Biblioteka PANS w Kro\u015bnie\"},\"image\":{\"@id\":\"https:\\\/\\\/pans.krosno.pl\\\/biblioteka\\\/#\\\/schema\\\/logo\\\/image\\\/\"}}]}<\/script>\n<!-- \/ Yoast SEO Premium plugin. -->","yoast_head_json":{"title":"Rada biblioteczna - Biblioteka PANS w Kro\u015bnie","description":"Rada Biblioteczna jest organem opiniodawczym Rektora Karpackiej Pa\u0144stwowej Uczelni w Kro\u015bnie. Kadencja Rady Bibliotecznej jest zgodna z kadencj\u0105 Rektora.","robots":{"index":"index","follow":"follow","max-snippet":"max-snippet:-1","max-image-preview":"max-image-preview:large","max-video-preview":"max-video-preview:-1"},"canonical":"https:\/\/pans.krosno.pl\/biblioteka\/rada-bibliteczna\/","og_locale":"pl_PL","og_type":"article","og_title":"Rada biblioteczna","og_description":"Rada Biblioteczna jest organem opiniodawczym Rektora Karpackiej Pa\u0144stwowej Uczelni w Kro\u015bnie. Kadencja Rady Bibliotecznej jest zgodna z kadencj\u0105 Rektora.","og_url":"https:\/\/pans.krosno.pl\/biblioteka\/rada-bibliteczna\/","og_site_name":"Biblioteka PANS w Kro\u015bnie","article_modified_time":"2025-04-10T09:11:39+00:00","twitter_card":"summary_large_image","twitter_misc":{"Szacowany czas czytania":"1 minuta"},"schema":{"@context":"https:\/\/schema.org","@graph":[{"@type":"WebPage","@id":"https:\/\/pans.krosno.pl\/biblioteka\/rada-bibliteczna\/","url":"https:\/\/pans.krosno.pl\/biblioteka\/rada-bibliteczna\/","name":"Rada biblioteczna - Biblioteka PANS w Kro\u015bnie","isPartOf":{"@id":"https:\/\/pans.krosno.pl\/biblioteka\/#website"},"datePublished":"2019-09-16T07:06:33+00:00","dateModified":"2025-04-10T09:11:39+00:00","description":"Rada Biblioteczna jest organem opiniodawczym Rektora Karpackiej Pa\u0144stwowej Uczelni w Kro\u015bnie. Kadencja Rady Bibliotecznej jest zgodna z kadencj\u0105 Rektora.","breadcrumb":{"@id":"https:\/\/pans.krosno.pl\/biblioteka\/rada-bibliteczna\/#breadcrumb"},"inLanguage":"pl-PL","potentialAction":[{"@type":"ReadAction","target":["https:\/\/pans.krosno.pl\/biblioteka\/rada-bibliteczna\/"]}]},{"@type":"BreadcrumbList","@id":"https:\/\/pans.krosno.pl\/biblioteka\/rada-bibliteczna\/#breadcrumb","itemListElement":[{"@type":"ListItem","position":1,"name":"Strona g\u0142\u00f3wna","item":"https:\/\/pans.krosno.pl\/biblioteka\/"},{"@type":"ListItem","position":2,"name":"Rada biblioteczna"}]},{"@type":"WebSite","@id":"https:\/\/pans.krosno.pl\/biblioteka\/#website","url":"https:\/\/pans.krosno.pl\/biblioteka\/","name":"Biblioteka PANS w Kro\u015bnie","description":"Biblioteka - Pa\u0144stwowa Akademia Nauk Stosowanych","publisher":{"@id":"https:\/\/pans.krosno.pl\/biblioteka\/#organization"},"potentialAction":[{"@type":"SearchAction","target":{"@type":"EntryPoint","urlTemplate":"https:\/\/pans.krosno.pl\/biblioteka\/?s={search_term_string}"},"query-input":{"@type":"PropertyValueSpecification","valueRequired":true,"valueName":"search_term_string"}}],"inLanguage":"pl-PL"},{"@type":"Organization","@id":"https:\/\/pans.krosno.pl\/biblioteka\/#organization","name":"Biblioteka PANS w Kro\u015bnie","url":"https:\/\/pans.krosno.pl\/biblioteka\/","logo":{"@type":"ImageObject","inLanguage":"pl-PL","@id":"https:\/\/pans.krosno.pl\/biblioteka\/#\/schema\/logo\/image\/","url":"https:\/\/pans.krosno.pl\/biblioteka\/wp-content\/uploads\/sites\/4\/2023\/01\/Logo-PANS-2022-pelne.png","contentUrl":"https:\/\/pans.krosno.pl\/biblioteka\/wp-content\/uploads\/sites\/4\/2023\/01\/Logo-PANS-2022-pelne.png","width":3096,"height":696,"caption":"Biblioteka PANS w Kro\u015bnie"},"image":{"@id":"https:\/\/pans.krosno.pl\/biblioteka\/#\/schema\/logo\/image\/"}}]}},"_links":{"self":[{"href":"https:\/\/pans.krosno.pl\/biblioteka\/wp-json\/wp\/v2\/pages\/39","targetHints":{"allow":["GET"]}}],"collection":[{"href":"https:\/\/pans.krosno.pl\/biblioteka\/wp-json\/wp\/v2\/pages"}],"about":[{"href":"https:\/\/pans.krosno.pl\/biblioteka\/wp-json\/wp\/v2\/types\/page"}],"author":[{"embeddable":true,"href":"https:\/\/pans.krosno.pl\/biblioteka\/wp-json\/wp\/v2\/users\/1"}],"replies":[{"embeddable":true,"href":"https:\/\/pans.krosno.pl\/biblioteka\/wp-json\/wp\/v2\/comments?post=39"}],"version-history":[{"count":21,"href":"https:\/\/pans.krosno.pl\/biblioteka\/wp-json\/wp\/v2\/pages\/39\/revisions"}],"predecessor-version":[{"id":13202,"href":"https:\/\/pans.krosno.pl\/biblioteka\/wp-json\/wp\/v2\/pages\/39\/revisions\/13202"}],"wp:attachment":[{"href":"https:\/\/pans.krosno.pl\/biblioteka\/wp-json\/wp\/v2\/media?parent=39"}],"curies":[{"name":"wp","href":"https:\/\/api.w.org\/{rel}","templated":true}]}}