{"id":38,"date":"2019-09-16T09:06:33","date_gmt":"2019-09-16T07:06:33","guid":{"rendered":"https:\/\/pans.krosno.pl\/biblioteka\/?page_id=38"},"modified":"2025-04-10T11:16:55","modified_gmt":"2025-04-10T09:16:55","slug":"wypozyczenia-miedzybiblioteczne","status":"publish","type":"page","link":"https:\/\/pans.krosno.pl\/biblioteka\/wypozyczenia-miedzybiblioteczne\/","title":{"rendered":"Wypo\u017cyczenia mi\u0119dzybiblioteczne"},"content":{"rendered":"\n<p>W Bibliotece Pa\u0144stwowej Akademii Nauk Stosowanych w Kro\u015bnie funkcjonuje Wypo\u017cyczalnia Mi\u0119dzybiblioteczna. Korzysta\u0107 z niej mog\u0105 pracownicy oraz studenci Uczelni. Umo\u017cliwia sprowadzenie ksi\u0105\u017cek, kserokopii artyku\u0142\u00f3w lub skan\u00f3w z innych bibliotek.<br><\/p>\n\n\n\n<p>Osoba, kt\u00f3ra chce skorzysta\u0107 z Wypo\u017cyczalni Mi\u0119dzybibliotecznej przed z\u0142o\u017ceniem zam\u00f3wienia powinna upewni\u0107 si\u0119 czy poszukiwana pozycja nie znajduje si\u0119 w zbiorach Biblioteki PANS a tak\u017ce w pozosta\u0142ych bibliotekach kro\u015bnie\u0144skich.<br><\/p>\n\n\n\n<p>W celu ustalenia lokalizacji poszukiwanych materia\u0142\u00f3w mo\u017cna skorzysta\u0107 z katalog\u00f3w on-line innych polskich bibliotek lub katalog\u00f3w centralnych:<\/p>\n\n\n\n<ul class=\"wp-block-list\">\n<li>&nbsp;&nbsp;&nbsp;<a href=\"http:\/\/193.0.118.56\/cgi-bin\/gw_48_1_14\/chameleon?skin=default&amp;lng=en\">&nbsp;<\/a><a href=\"https:\/\/centrum.nukat.edu.pl\/pl\/\">NUKAT&nbsp;<\/a>&#8211; Narodowy Uniwersalny Katalog Centralny www.nukat.edu.pl<\/li>\n\n\n\n<li>&nbsp;&nbsp;&nbsp;&nbsp;<a href=\"http:\/\/karo.umk.pl\/Karo\/\">KaRo<\/a>&nbsp;&#8211; Katalog Rozproszonych Bibliotek Polskich http:\/\/karo.umk.pl\/Karo\/<\/li>\n<\/ul>\n\n\n\n<p><\/p>\n\n\n\n<p>W przypadku zam\u00f3wienia wybranej pozycji nale\u017cy poda\u0107 pe\u0142ne dane bibliograficzne:<\/p>\n\n\n\n<ul class=\"wp-block-list\">\n<li>&nbsp;&nbsp;&nbsp; ksi\u0105\u017cka (nazwisko autora, redaktora, tytu\u0142, miejsce i rok wydania, wydawnictwo),<\/li>\n\n\n\n<li>&nbsp;&nbsp;&nbsp; kserokopia (nazwisko autora, redaktora, tytu\u0142 artyku\u0142u, tytu\u0142 i numer czasopisma, rok wydania, numery stron).<\/li>\n<\/ul>\n\n\n\n<p><strong>Czas realizacji zam\u00f3wienia: 1-2 tygodni<\/strong><br>Materia\u0142y sprowadza si\u0119 na czas okre\u015blony przez bibliotek\u0119 wypo\u017cyczaj\u0105c\u0105, a prolongata mo\u017ce by\u0107 dokonana tylko za zgod\u0105 tej biblioteki. Wypo\u017cyczone ksi\u0105\u017cki udost\u0119pnia si\u0119 wy\u0142\u0105cznie na miejscu w Czytelni G\u0142\u00f3wnej.<br><br><strong>Szczeg\u00f3\u0142y dotycz\u0105ce zamawiania ksi\u0105\u017cek z innych bibliotek okre\u015blaj\u0105 paragrafy od 19 do 26 :<\/strong><br><\/p>\n\n\n\n<p><a href=\"https:\/\/pans.krosno.pl\/biblioteka\/wp-content\/uploads\/sites\/4\/2024\/11\/Zalacznik-do-zarzadzenia-nr-122_241.pdf\">Regulamin systemu biblioteczno-informacyjnego w Pa\u0144stwowej Akademii Nauk Stosowanych w Kro\u015bnie<\/a> PDF<\/p>\n\n\n\n<p><a href=\"https:\/\/pans.krosno.pl\/biblioteka\/wp-content\/uploads\/sites\/4\/2025\/04\/Zalacznik-do-zarzadzenia-nr-122_2412-1.docx\">Regulamin systemu biblioteczno-informacyjnego w Pa\u0144stwowej Akademii Nauk Stosowanych w Kro\u015bnie <\/a>WORD<\/p>\n\n\n\n<p class=\"has-medium-font-size\"><strong>Kontakt:<\/strong> wmb@pans.krosno.pl<\/p>\n\n\n\n<p class=\"has-small-font-size\">aktualizacja: kwiecie\u0144 2025<\/p>\n\n\n","protected":false},"excerpt":{"rendered":"<p>W Bibliotece Pa\u0144stwowej Akademii Nauk Stosowanych w Kro\u015bnie funkcjonuje Wypo\u017cyczalnia Mi\u0119dzybiblioteczna. Korzysta\u0107 z niej mog\u0105 pracownicy oraz studenci Uczelni. Umo\u017cliwia sprowadzenie ksi\u0105\u017cek, kserokopii artyku\u0142\u00f3w lub skan\u00f3w z innych bibliotek. Osoba, kt\u00f3ra chce skorzysta\u0107 z Wypo\u017cyczalni Mi\u0119dzybibliotecznej przed z\u0142o\u017ceniem zam\u00f3wienia powinna upewni\u0107 si\u0119 czy poszukiwana pozycja nie znajduje si\u0119 w zbiorach [\u2026] <\/p>\n<div class=\"clear\"><\/div>\n<p><a class=\"more_link clearfix\" href=\"https:\/\/pans.krosno.pl\/biblioteka\/wypozyczenia-miedzybiblioteczne\/\" rel=\"nofollow\">Read More<\/a><\/p>\n","protected":false},"author":1,"featured_media":0,"parent":0,"menu_order":0,"comment_status":"closed","ping_status":"closed","template":"page-templates\/template-full-width.php","meta":{"ngg_post_thumbnail":0,"footnotes":""},"class_list":["post-38","page","type-page","status-publish","hentry"],"yoast_head":"<!-- This site is optimized with the Yoast SEO Premium plugin v27.3 (Yoast SEO v27.3) - https:\/\/yoast.com\/product\/yoast-seo-premium-wordpress\/ -->\n<title>Wypo\u017cyczenia mi\u0119dzybiblioteczne - Biblioteka PANS w Kro\u015bnie<\/title>\n<meta name=\"description\" content=\"W Bibliotece Karpackiej Pa\u0144stwowej Uczelni w Kro\u015bnie funkcjonuje Wypo\u017cyczalnia Mi\u0119dzybiblioteczna. Korzysta\u0107 z niej mog\u0105 pracownicy oraz studenci Uczelni.\" \/>\n<meta name=\"robots\" content=\"index, follow, max-snippet:-1, max-image-preview:large, max-video-preview:-1\" \/>\n<link rel=\"canonical\" href=\"https:\/\/pans.krosno.pl\/biblioteka\/wypozyczenia-miedzybiblioteczne\/\" \/>\n<meta property=\"og:locale\" content=\"pl_PL\" \/>\n<meta property=\"og:type\" content=\"article\" \/>\n<meta property=\"og:title\" content=\"Wypo\u017cyczenia mi\u0119dzybiblioteczne\" \/>\n<meta property=\"og:description\" content=\"W Bibliotece Karpackiej Pa\u0144stwowej Uczelni w Kro\u015bnie funkcjonuje Wypo\u017cyczalnia Mi\u0119dzybiblioteczna. Korzysta\u0107 z niej mog\u0105 pracownicy oraz studenci Uczelni.\" \/>\n<meta property=\"og:url\" content=\"https:\/\/pans.krosno.pl\/biblioteka\/wypozyczenia-miedzybiblioteczne\/\" \/>\n<meta property=\"og:site_name\" content=\"Biblioteka PANS w Kro\u015bnie\" \/>\n<meta property=\"article:modified_time\" content=\"2025-04-10T09:16:55+00:00\" \/>\n<meta name=\"twitter:card\" content=\"summary_large_image\" \/>\n<meta name=\"twitter:label1\" content=\"Szacowany czas czytania\" \/>\n\t<meta name=\"twitter:data1\" content=\"2 minuty\" \/>\n<script type=\"application\/ld+json\" class=\"yoast-schema-graph\">{\"@context\":\"https:\\\/\\\/schema.org\",\"@graph\":[{\"@type\":\"WebPage\",\"@id\":\"https:\\\/\\\/pans.krosno.pl\\\/biblioteka\\\/wypozyczenia-miedzybiblioteczne\\\/\",\"url\":\"https:\\\/\\\/pans.krosno.pl\\\/biblioteka\\\/wypozyczenia-miedzybiblioteczne\\\/\",\"name\":\"Wypo\u017cyczenia mi\u0119dzybiblioteczne - Biblioteka PANS w Kro\u015bnie\",\"isPartOf\":{\"@id\":\"https:\\\/\\\/pans.krosno.pl\\\/biblioteka\\\/#website\"},\"datePublished\":\"2019-09-16T07:06:33+00:00\",\"dateModified\":\"2025-04-10T09:16:55+00:00\",\"description\":\"W Bibliotece Karpackiej Pa\u0144stwowej Uczelni w Kro\u015bnie funkcjonuje Wypo\u017cyczalnia Mi\u0119dzybiblioteczna. Korzysta\u0107 z niej mog\u0105 pracownicy oraz studenci Uczelni.\",\"breadcrumb\":{\"@id\":\"https:\\\/\\\/pans.krosno.pl\\\/biblioteka\\\/wypozyczenia-miedzybiblioteczne\\\/#breadcrumb\"},\"inLanguage\":\"pl-PL\",\"potentialAction\":[{\"@type\":\"ReadAction\",\"target\":[\"https:\\\/\\\/pans.krosno.pl\\\/biblioteka\\\/wypozyczenia-miedzybiblioteczne\\\/\"]}]},{\"@type\":\"BreadcrumbList\",\"@id\":\"https:\\\/\\\/pans.krosno.pl\\\/biblioteka\\\/wypozyczenia-miedzybiblioteczne\\\/#breadcrumb\",\"itemListElement\":[{\"@type\":\"ListItem\",\"position\":1,\"name\":\"Strona g\u0142\u00f3wna\",\"item\":\"https:\\\/\\\/pans.krosno.pl\\\/biblioteka\\\/\"},{\"@type\":\"ListItem\",\"position\":2,\"name\":\"Wypo\u017cyczenia mi\u0119dzybiblioteczne\"}]},{\"@type\":\"WebSite\",\"@id\":\"https:\\\/\\\/pans.krosno.pl\\\/biblioteka\\\/#website\",\"url\":\"https:\\\/\\\/pans.krosno.pl\\\/biblioteka\\\/\",\"name\":\"Biblioteka PANS w Kro\u015bnie\",\"description\":\"Biblioteka - Pa\u0144stwowa Akademia Nauk Stosowanych\",\"publisher\":{\"@id\":\"https:\\\/\\\/pans.krosno.pl\\\/biblioteka\\\/#organization\"},\"potentialAction\":[{\"@type\":\"SearchAction\",\"target\":{\"@type\":\"EntryPoint\",\"urlTemplate\":\"https:\\\/\\\/pans.krosno.pl\\\/biblioteka\\\/?s={search_term_string}\"},\"query-input\":{\"@type\":\"PropertyValueSpecification\",\"valueRequired\":true,\"valueName\":\"search_term_string\"}}],\"inLanguage\":\"pl-PL\"},{\"@type\":\"Organization\",\"@id\":\"https:\\\/\\\/pans.krosno.pl\\\/biblioteka\\\/#organization\",\"name\":\"Biblioteka PANS w Kro\u015bnie\",\"url\":\"https:\\\/\\\/pans.krosno.pl\\\/biblioteka\\\/\",\"logo\":{\"@type\":\"ImageObject\",\"inLanguage\":\"pl-PL\",\"@id\":\"https:\\\/\\\/pans.krosno.pl\\\/biblioteka\\\/#\\\/schema\\\/logo\\\/image\\\/\",\"url\":\"https:\\\/\\\/pans.krosno.pl\\\/biblioteka\\\/wp-content\\\/uploads\\\/sites\\\/4\\\/2023\\\/01\\\/Logo-PANS-2022-pelne.png\",\"contentUrl\":\"https:\\\/\\\/pans.krosno.pl\\\/biblioteka\\\/wp-content\\\/uploads\\\/sites\\\/4\\\/2023\\\/01\\\/Logo-PANS-2022-pelne.png\",\"width\":3096,\"height\":696,\"caption\":\"Biblioteka PANS w Kro\u015bnie\"},\"image\":{\"@id\":\"https:\\\/\\\/pans.krosno.pl\\\/biblioteka\\\/#\\\/schema\\\/logo\\\/image\\\/\"}}]}<\/script>\n<!-- \/ Yoast SEO Premium plugin. -->","yoast_head_json":{"title":"Wypo\u017cyczenia mi\u0119dzybiblioteczne - Biblioteka PANS w Kro\u015bnie","description":"W Bibliotece Karpackiej Pa\u0144stwowej Uczelni w Kro\u015bnie funkcjonuje Wypo\u017cyczalnia Mi\u0119dzybiblioteczna. Korzysta\u0107 z niej mog\u0105 pracownicy oraz studenci Uczelni.","robots":{"index":"index","follow":"follow","max-snippet":"max-snippet:-1","max-image-preview":"max-image-preview:large","max-video-preview":"max-video-preview:-1"},"canonical":"https:\/\/pans.krosno.pl\/biblioteka\/wypozyczenia-miedzybiblioteczne\/","og_locale":"pl_PL","og_type":"article","og_title":"Wypo\u017cyczenia mi\u0119dzybiblioteczne","og_description":"W Bibliotece Karpackiej Pa\u0144stwowej Uczelni w Kro\u015bnie funkcjonuje Wypo\u017cyczalnia Mi\u0119dzybiblioteczna. Korzysta\u0107 z niej mog\u0105 pracownicy oraz studenci Uczelni.","og_url":"https:\/\/pans.krosno.pl\/biblioteka\/wypozyczenia-miedzybiblioteczne\/","og_site_name":"Biblioteka PANS w Kro\u015bnie","article_modified_time":"2025-04-10T09:16:55+00:00","twitter_card":"summary_large_image","twitter_misc":{"Szacowany czas czytania":"2 minuty"},"schema":{"@context":"https:\/\/schema.org","@graph":[{"@type":"WebPage","@id":"https:\/\/pans.krosno.pl\/biblioteka\/wypozyczenia-miedzybiblioteczne\/","url":"https:\/\/pans.krosno.pl\/biblioteka\/wypozyczenia-miedzybiblioteczne\/","name":"Wypo\u017cyczenia mi\u0119dzybiblioteczne - Biblioteka PANS w Kro\u015bnie","isPartOf":{"@id":"https:\/\/pans.krosno.pl\/biblioteka\/#website"},"datePublished":"2019-09-16T07:06:33+00:00","dateModified":"2025-04-10T09:16:55+00:00","description":"W Bibliotece Karpackiej Pa\u0144stwowej Uczelni w Kro\u015bnie funkcjonuje Wypo\u017cyczalnia Mi\u0119dzybiblioteczna. Korzysta\u0107 z niej mog\u0105 pracownicy oraz studenci Uczelni.","breadcrumb":{"@id":"https:\/\/pans.krosno.pl\/biblioteka\/wypozyczenia-miedzybiblioteczne\/#breadcrumb"},"inLanguage":"pl-PL","potentialAction":[{"@type":"ReadAction","target":["https:\/\/pans.krosno.pl\/biblioteka\/wypozyczenia-miedzybiblioteczne\/"]}]},{"@type":"BreadcrumbList","@id":"https:\/\/pans.krosno.pl\/biblioteka\/wypozyczenia-miedzybiblioteczne\/#breadcrumb","itemListElement":[{"@type":"ListItem","position":1,"name":"Strona g\u0142\u00f3wna","item":"https:\/\/pans.krosno.pl\/biblioteka\/"},{"@type":"ListItem","position":2,"name":"Wypo\u017cyczenia mi\u0119dzybiblioteczne"}]},{"@type":"WebSite","@id":"https:\/\/pans.krosno.pl\/biblioteka\/#website","url":"https:\/\/pans.krosno.pl\/biblioteka\/","name":"Biblioteka PANS w Kro\u015bnie","description":"Biblioteka - Pa\u0144stwowa Akademia Nauk Stosowanych","publisher":{"@id":"https:\/\/pans.krosno.pl\/biblioteka\/#organization"},"potentialAction":[{"@type":"SearchAction","target":{"@type":"EntryPoint","urlTemplate":"https:\/\/pans.krosno.pl\/biblioteka\/?s={search_term_string}"},"query-input":{"@type":"PropertyValueSpecification","valueRequired":true,"valueName":"search_term_string"}}],"inLanguage":"pl-PL"},{"@type":"Organization","@id":"https:\/\/pans.krosno.pl\/biblioteka\/#organization","name":"Biblioteka PANS w Kro\u015bnie","url":"https:\/\/pans.krosno.pl\/biblioteka\/","logo":{"@type":"ImageObject","inLanguage":"pl-PL","@id":"https:\/\/pans.krosno.pl\/biblioteka\/#\/schema\/logo\/image\/","url":"https:\/\/pans.krosno.pl\/biblioteka\/wp-content\/uploads\/sites\/4\/2023\/01\/Logo-PANS-2022-pelne.png","contentUrl":"https:\/\/pans.krosno.pl\/biblioteka\/wp-content\/uploads\/sites\/4\/2023\/01\/Logo-PANS-2022-pelne.png","width":3096,"height":696,"caption":"Biblioteka PANS w Kro\u015bnie"},"image":{"@id":"https:\/\/pans.krosno.pl\/biblioteka\/#\/schema\/logo\/image\/"}}]}},"_links":{"self":[{"href":"https:\/\/pans.krosno.pl\/biblioteka\/wp-json\/wp\/v2\/pages\/38","targetHints":{"allow":["GET"]}}],"collection":[{"href":"https:\/\/pans.krosno.pl\/biblioteka\/wp-json\/wp\/v2\/pages"}],"about":[{"href":"https:\/\/pans.krosno.pl\/biblioteka\/wp-json\/wp\/v2\/types\/page"}],"author":[{"embeddable":true,"href":"https:\/\/pans.krosno.pl\/biblioteka\/wp-json\/wp\/v2\/users\/1"}],"replies":[{"embeddable":true,"href":"https:\/\/pans.krosno.pl\/biblioteka\/wp-json\/wp\/v2\/comments?post=38"}],"version-history":[{"count":28,"href":"https:\/\/pans.krosno.pl\/biblioteka\/wp-json\/wp\/v2\/pages\/38\/revisions"}],"predecessor-version":[{"id":13206,"href":"https:\/\/pans.krosno.pl\/biblioteka\/wp-json\/wp\/v2\/pages\/38\/revisions\/13206"}],"wp:attachment":[{"href":"https:\/\/pans.krosno.pl\/biblioteka\/wp-json\/wp\/v2\/media?parent=38"}],"curies":[{"name":"wp","href":"https:\/\/api.w.org\/{rel}","templated":true}]}}