{"id":13,"date":"2019-09-16T09:02:24","date_gmt":"2019-09-16T07:02:24","guid":{"rendered":"https:\/\/pans.krosno.pl\/biblioteka\/?page_id=13"},"modified":"2025-10-06T08:43:45","modified_gmt":"2025-10-06T06:43:45","slug":"informacje-o-bibliotece","status":"publish","type":"page","link":"https:\/\/pans.krosno.pl\/biblioteka\/informacje-o-bibliotece\/","title":{"rendered":"Informacje o bibliotece"},"content":{"rendered":"<\/p>\n\n\n<p>W ramach Pa\u0144stwowej Akademii Nauk Stosowanych w Kro\u015bnie funkcjonuje Biblioteka Uczelniana. Bibliotek\u0119 tworz\u0105 trzy agendy mieszcz\u0105ce si\u0119 w poszczeg\u00f3lnych obiektach dydaktycznych szko\u0142y:<\/p>\n\n\n\n<ul class=\"wp-block-list\">\n<li><strong>Biblioteka G\u0142\u00f3wna<\/strong>&nbsp;(Wypo\u017cyczalnia, Czytelnia G\u0142\u00f3wna z Czytelni\u0105 Internetow\u0105<\/li>\n\n\n\n<li><strong>Czytelnia Instytutowa w Turasz\u00f3wce<\/strong><\/li>\n\n\n\n<li><strong>Czytelnia Instytutowa w Suchodole<\/strong><br><br><a href=\"https:\/\/pans.krosno.pl\/biblioteka\/informacje-o-bibliotece\/\">Czytaj wi\u0119cej<\/a><\/li>\n<\/ul>\n\n\n\n<!--more-->\n<!--noteaser-->\n\n\n\n<p>W ramach Pa\u0144stwowej Akademii Nauk Stosowanych w Kro\u015bnie funkcjonuje Biblioteka Uczelniana. Bibliotek\u0119 tworz\u0105 trzy agendy mieszcz\u0105ce si\u0119 w poszczeg\u00f3lnych obiektach dydaktycznych szko\u0142y:<\/p>\n\n\n\n<ul class=\"wp-block-list\">\n<li>&nbsp;<strong>Biblioteka G\u0142\u00f3wna<\/strong>&nbsp;(Wypo\u017cyczalnia, Czytelnia G\u0142\u00f3wna z Czytelni\u0105 Internetow\u0105)<\/li>\n\n\n\n<li>&nbsp;<strong>Czytelnia Instytutowa w Turasz\u00f3wce<\/strong><\/li>\n\n\n\n<li>&nbsp;<strong>Czytelnia Instytutowa w Suchodole<br><\/strong><\/li>\n<\/ul>\n\n\n\n<p>Biblioteka udost\u0119pnia swoje zbiory przez 6 dni w tygodniu (od poniedzia\u0142ku do soboty). Z wypo\u017cyczalni mog\u0105 korzysta\u0107 tylko studenci i pracownicy uczelni, natomiast czytelnie maj\u0105 charakter otwarty i udost\u0119pniaj\u0105 swoje zbiory wszystkim zainteresowanym.<br><br>Biblioteka wspomaga proces kszta\u0142cenia oferuj\u0105c ksi\u0119gozbi\u00f3r \u015bci\u015ble dostosowany do potrzeb student\u00f3w. Obecnie zbi\u00f3r biblioteczny liczy ponad 91 tys. wolumin\u00f3w i 6 tys. zbior\u00f3w specjalnych. Prenumerata obejmuje ponad 80 tytu\u0142\u00f3w gazet i czasopism (tak\u017ce obcoj\u0119zycznych).<br><br>Od 2006 roku prace zwi\u0105zane z opracowaniem i obs\u0142ug\u0105 czytelnik\u00f3w odbywa\u0142y si\u0119 za pomoc\u0105 systemu Libra 2000. Od 2021 roku opracowanie i obs\u0142uga czytelnik\u00f3w prowadzone s\u0105 za pomoc\u0105 systemu PROLIB. Udost\u0119pniony w Internecie w postaci serwisu WWW katalog umo\u017cliwia u\u017cytkownikom nieprzerwany, bezpo\u015bredni dost\u0119p do zasob\u00f3w informacyjnych biblioteki z dowolnego komputera pod\u0142\u0105czonego do sieci.<\/p>\n\n\n<p><strong>Biblioteka G\u0142\u00f3wna<br \/><\/strong>Rynek 1 (wej\u015bcie od ul. Blich)<br \/>38-400 Krosno<br \/>tel. 13 43 755 46 Wypo\u017cyczalnia<br \/>tel. 13 43 755 48 Czytelnia G\u0142\u00f3wna<br \/>bg@pans.krosno.pl<\/p>\n<p><strong>Czytelnia Instytutowa w Turasz\u00f3wce<br \/><\/strong>ul. Wyspia\u0144skiego 20<br \/>38-400 Krosno<br \/>tel. 13 43 755 66<\/p>\n<p><strong>Czytelnia Instytutowa w Suchodole<br \/><\/strong>ul. Dmochowskiego 12<br \/>38-400 Krosno<br \/>tel. 13 43 755 43<\/p>\n\n\n<p><strong>Pracownicy Biblioteki PANS w Kro\u015bnie<\/strong><br>mgr Judyta Zajdel &#8211; Kierownik Biblioteki<br>mgr Patrycja Bek &#8211; Kustosz<br>mgr Dorota Kubit &#8211; Kustosz<br>mgr Renata Kucharska &#8211; Kustosz<br>mgr Katarzyna Mercik &#8211;&nbsp;Kustosz<br>mgr Agnieszka Suska &#8211; Kustosz<br>mgr Jolanta Witko\u015b &#8211; Kustosz<\/p>\n\n\n\n<figure class=\"wp-block-table\"><table class=\"has-background\" style=\"background-color:#f3f4f5\"><tbody><tr><td>mgr Agnieszka Krasicka-Zaj\u0105c (1999 -2009)<\/td><\/tr><\/tbody><\/table><\/figure>\n\n\n\n<p><\/p>\n\n\n\n<p><strong>Godziny otwarcia Biblioteki PANS<\/strong><\/p>\n\n\n\n<p><strong>Wypo\u017cyczalnia<\/strong><\/p>\n\n\n\n<p>od poniedzia\u0142ku do pi\u0105tku 10<sup>00<\/sup> \u2013 18<sup>00<\/sup><\/p>\n\n\n\n<p>sobota  9<sup>00<\/sup> \u2013 13<sup>00<\/sup><\/p>\n\n\n\n<p><strong>Czytelnia G\u0142\u00f3wna z Czytelni\u0105 Internetow\u0105<\/strong><\/p>\n\n\n\n<p>od poniedzia\u0142ku do pi\u0105tku  8<sup>00<\/sup> \u2013 18<sup>00<\/sup><\/p>\n\n\n\n<p><strong>Czytelnia Instytutowa w Suchodole<\/strong><\/p>\n\n\n\n<p>od wtorku do pi\u0105tku  8<sup>00<\/sup> \u2013 15<sup>00<\/sup><\/p>\n\n\n\n<p><strong>Czytelnia Instytutowa w Turasz\u00f3wce<\/strong><\/p>\n\n\n\n<p>wtorek i czwartek  8<sup>00<\/sup> \u2013 15<sup>00<\/sup>  <\/p>\n\n\n\n<p class=\"has-small-font-size\">aktualizacja: pa\u017adziernik 2025<\/p>\n","protected":false},"excerpt":{"rendered":"<p>W ramach Pa\u0144stwowej Akademii Nauk Stosowanych w Kro\u015bnie funkcjonuje Biblioteka Uczelniana. Bibliotek\u0119 tworz\u0105 trzy agendy mieszcz\u0105ce si\u0119 w poszczeg\u00f3lnych obiektach dydaktycznych szko\u0142y:<\/p>\n","protected":false},"author":1,"featured_media":0,"parent":0,"menu_order":0,"comment_status":"closed","ping_status":"closed","template":"page-templates\/template-full-width.php","meta":{"ngg_post_thumbnail":0,"footnotes":""},"class_list":["post-13","page","type-page","status-publish","hentry"],"yoast_head":"<!-- This site is optimized with the Yoast SEO Premium plugin v27.3 (Yoast SEO v27.3) - https:\/\/yoast.com\/product\/yoast-seo-premium-wordpress\/ -->\n<title>Informacje o bibliotece - Biblioteka PANS w Kro\u015bnie<\/title>\n<meta name=\"description\" content=\"W ramach Karpackiej Pa\u0144stwowej Uczelni Kro\u015bnie funkcjonuje Biblioteka Uczelniana. Biblioteka PANS w Kro\u015bnie Informacje o bibliotece\" \/>\n<meta name=\"robots\" content=\"index, follow, max-snippet:-1, max-image-preview:large, max-video-preview:-1\" \/>\n<link rel=\"canonical\" href=\"https:\/\/pans.krosno.pl\/biblioteka\/informacje-o-bibliotece\/\" \/>\n<meta property=\"og:locale\" content=\"pl_PL\" \/>\n<meta property=\"og:type\" content=\"article\" \/>\n<meta property=\"og:title\" content=\"Informacje o bibliotece\" \/>\n<meta property=\"og:description\" content=\"W ramach Karpackiej Pa\u0144stwowej Uczelni Kro\u015bnie funkcjonuje Biblioteka Uczelniana. Biblioteka PANS w Kro\u015bnie Informacje o bibliotece\" \/>\n<meta property=\"og:url\" content=\"https:\/\/pans.krosno.pl\/biblioteka\/informacje-o-bibliotece\/\" \/>\n<meta property=\"og:site_name\" content=\"Biblioteka PANS w Kro\u015bnie\" \/>\n<meta property=\"article:modified_time\" content=\"2025-10-06T06:43:45+00:00\" \/>\n<meta name=\"twitter:card\" content=\"summary_large_image\" \/>\n<meta name=\"twitter:label1\" content=\"Szacowany czas czytania\" \/>\n\t<meta name=\"twitter:data1\" content=\"3 minuty\" \/>\n<script type=\"application\/ld+json\" class=\"yoast-schema-graph\">{\"@context\":\"https:\\\/\\\/schema.org\",\"@graph\":[{\"@type\":\"WebPage\",\"@id\":\"https:\\\/\\\/pans.krosno.pl\\\/biblioteka\\\/informacje-o-bibliotece\\\/\",\"url\":\"https:\\\/\\\/pans.krosno.pl\\\/biblioteka\\\/informacje-o-bibliotece\\\/\",\"name\":\"Informacje o bibliotece - Biblioteka PANS w Kro\u015bnie\",\"isPartOf\":{\"@id\":\"https:\\\/\\\/pans.krosno.pl\\\/biblioteka\\\/#website\"},\"datePublished\":\"2019-09-16T07:02:24+00:00\",\"dateModified\":\"2025-10-06T06:43:45+00:00\",\"description\":\"W ramach Karpackiej Pa\u0144stwowej Uczelni Kro\u015bnie funkcjonuje Biblioteka Uczelniana. Biblioteka PANS w Kro\u015bnie Informacje o bibliotece\",\"breadcrumb\":{\"@id\":\"https:\\\/\\\/pans.krosno.pl\\\/biblioteka\\\/informacje-o-bibliotece\\\/#breadcrumb\"},\"inLanguage\":\"pl-PL\",\"potentialAction\":[{\"@type\":\"ReadAction\",\"target\":[\"https:\\\/\\\/pans.krosno.pl\\\/biblioteka\\\/informacje-o-bibliotece\\\/\"]}]},{\"@type\":\"BreadcrumbList\",\"@id\":\"https:\\\/\\\/pans.krosno.pl\\\/biblioteka\\\/informacje-o-bibliotece\\\/#breadcrumb\",\"itemListElement\":[{\"@type\":\"ListItem\",\"position\":1,\"name\":\"Strona g\u0142\u00f3wna\",\"item\":\"https:\\\/\\\/pans.krosno.pl\\\/biblioteka\\\/\"},{\"@type\":\"ListItem\",\"position\":2,\"name\":\"Informacje o bibliotece\"}]},{\"@type\":\"WebSite\",\"@id\":\"https:\\\/\\\/pans.krosno.pl\\\/biblioteka\\\/#website\",\"url\":\"https:\\\/\\\/pans.krosno.pl\\\/biblioteka\\\/\",\"name\":\"Biblioteka PANS w Kro\u015bnie\",\"description\":\"Biblioteka - Pa\u0144stwowa Akademia Nauk Stosowanych\",\"publisher\":{\"@id\":\"https:\\\/\\\/pans.krosno.pl\\\/biblioteka\\\/#organization\"},\"potentialAction\":[{\"@type\":\"SearchAction\",\"target\":{\"@type\":\"EntryPoint\",\"urlTemplate\":\"https:\\\/\\\/pans.krosno.pl\\\/biblioteka\\\/?s={search_term_string}\"},\"query-input\":{\"@type\":\"PropertyValueSpecification\",\"valueRequired\":true,\"valueName\":\"search_term_string\"}}],\"inLanguage\":\"pl-PL\"},{\"@type\":\"Organization\",\"@id\":\"https:\\\/\\\/pans.krosno.pl\\\/biblioteka\\\/#organization\",\"name\":\"Biblioteka PANS w Kro\u015bnie\",\"url\":\"https:\\\/\\\/pans.krosno.pl\\\/biblioteka\\\/\",\"logo\":{\"@type\":\"ImageObject\",\"inLanguage\":\"pl-PL\",\"@id\":\"https:\\\/\\\/pans.krosno.pl\\\/biblioteka\\\/#\\\/schema\\\/logo\\\/image\\\/\",\"url\":\"https:\\\/\\\/pans.krosno.pl\\\/biblioteka\\\/wp-content\\\/uploads\\\/sites\\\/4\\\/2023\\\/01\\\/Logo-PANS-2022-pelne.png\",\"contentUrl\":\"https:\\\/\\\/pans.krosno.pl\\\/biblioteka\\\/wp-content\\\/uploads\\\/sites\\\/4\\\/2023\\\/01\\\/Logo-PANS-2022-pelne.png\",\"width\":3096,\"height\":696,\"caption\":\"Biblioteka PANS w Kro\u015bnie\"},\"image\":{\"@id\":\"https:\\\/\\\/pans.krosno.pl\\\/biblioteka\\\/#\\\/schema\\\/logo\\\/image\\\/\"}}]}<\/script>\n<!-- \/ Yoast SEO Premium plugin. -->","yoast_head_json":{"title":"Informacje o bibliotece - Biblioteka PANS w Kro\u015bnie","description":"W ramach Karpackiej Pa\u0144stwowej Uczelni Kro\u015bnie funkcjonuje Biblioteka Uczelniana. Biblioteka PANS w Kro\u015bnie Informacje o bibliotece","robots":{"index":"index","follow":"follow","max-snippet":"max-snippet:-1","max-image-preview":"max-image-preview:large","max-video-preview":"max-video-preview:-1"},"canonical":"https:\/\/pans.krosno.pl\/biblioteka\/informacje-o-bibliotece\/","og_locale":"pl_PL","og_type":"article","og_title":"Informacje o bibliotece","og_description":"W ramach Karpackiej Pa\u0144stwowej Uczelni Kro\u015bnie funkcjonuje Biblioteka Uczelniana. Biblioteka PANS w Kro\u015bnie Informacje o bibliotece","og_url":"https:\/\/pans.krosno.pl\/biblioteka\/informacje-o-bibliotece\/","og_site_name":"Biblioteka PANS w Kro\u015bnie","article_modified_time":"2025-10-06T06:43:45+00:00","twitter_card":"summary_large_image","twitter_misc":{"Szacowany czas czytania":"3 minuty"},"schema":{"@context":"https:\/\/schema.org","@graph":[{"@type":"WebPage","@id":"https:\/\/pans.krosno.pl\/biblioteka\/informacje-o-bibliotece\/","url":"https:\/\/pans.krosno.pl\/biblioteka\/informacje-o-bibliotece\/","name":"Informacje o bibliotece - Biblioteka PANS w Kro\u015bnie","isPartOf":{"@id":"https:\/\/pans.krosno.pl\/biblioteka\/#website"},"datePublished":"2019-09-16T07:02:24+00:00","dateModified":"2025-10-06T06:43:45+00:00","description":"W ramach Karpackiej Pa\u0144stwowej Uczelni Kro\u015bnie funkcjonuje Biblioteka Uczelniana. Biblioteka PANS w Kro\u015bnie Informacje o bibliotece","breadcrumb":{"@id":"https:\/\/pans.krosno.pl\/biblioteka\/informacje-o-bibliotece\/#breadcrumb"},"inLanguage":"pl-PL","potentialAction":[{"@type":"ReadAction","target":["https:\/\/pans.krosno.pl\/biblioteka\/informacje-o-bibliotece\/"]}]},{"@type":"BreadcrumbList","@id":"https:\/\/pans.krosno.pl\/biblioteka\/informacje-o-bibliotece\/#breadcrumb","itemListElement":[{"@type":"ListItem","position":1,"name":"Strona g\u0142\u00f3wna","item":"https:\/\/pans.krosno.pl\/biblioteka\/"},{"@type":"ListItem","position":2,"name":"Informacje o bibliotece"}]},{"@type":"WebSite","@id":"https:\/\/pans.krosno.pl\/biblioteka\/#website","url":"https:\/\/pans.krosno.pl\/biblioteka\/","name":"Biblioteka PANS w Kro\u015bnie","description":"Biblioteka - Pa\u0144stwowa Akademia Nauk Stosowanych","publisher":{"@id":"https:\/\/pans.krosno.pl\/biblioteka\/#organization"},"potentialAction":[{"@type":"SearchAction","target":{"@type":"EntryPoint","urlTemplate":"https:\/\/pans.krosno.pl\/biblioteka\/?s={search_term_string}"},"query-input":{"@type":"PropertyValueSpecification","valueRequired":true,"valueName":"search_term_string"}}],"inLanguage":"pl-PL"},{"@type":"Organization","@id":"https:\/\/pans.krosno.pl\/biblioteka\/#organization","name":"Biblioteka PANS w Kro\u015bnie","url":"https:\/\/pans.krosno.pl\/biblioteka\/","logo":{"@type":"ImageObject","inLanguage":"pl-PL","@id":"https:\/\/pans.krosno.pl\/biblioteka\/#\/schema\/logo\/image\/","url":"https:\/\/pans.krosno.pl\/biblioteka\/wp-content\/uploads\/sites\/4\/2023\/01\/Logo-PANS-2022-pelne.png","contentUrl":"https:\/\/pans.krosno.pl\/biblioteka\/wp-content\/uploads\/sites\/4\/2023\/01\/Logo-PANS-2022-pelne.png","width":3096,"height":696,"caption":"Biblioteka PANS w Kro\u015bnie"},"image":{"@id":"https:\/\/pans.krosno.pl\/biblioteka\/#\/schema\/logo\/image\/"}}]}},"_links":{"self":[{"href":"https:\/\/pans.krosno.pl\/biblioteka\/wp-json\/wp\/v2\/pages\/13","targetHints":{"allow":["GET"]}}],"collection":[{"href":"https:\/\/pans.krosno.pl\/biblioteka\/wp-json\/wp\/v2\/pages"}],"about":[{"href":"https:\/\/pans.krosno.pl\/biblioteka\/wp-json\/wp\/v2\/types\/page"}],"author":[{"embeddable":true,"href":"https:\/\/pans.krosno.pl\/biblioteka\/wp-json\/wp\/v2\/users\/1"}],"replies":[{"embeddable":true,"href":"https:\/\/pans.krosno.pl\/biblioteka\/wp-json\/wp\/v2\/comments?post=13"}],"version-history":[{"count":63,"href":"https:\/\/pans.krosno.pl\/biblioteka\/wp-json\/wp\/v2\/pages\/13\/revisions"}],"predecessor-version":[{"id":14355,"href":"https:\/\/pans.krosno.pl\/biblioteka\/wp-json\/wp\/v2\/pages\/13\/revisions\/14355"}],"wp:attachment":[{"href":"https:\/\/pans.krosno.pl\/biblioteka\/wp-json\/wp\/v2\/media?parent=13"}],"curies":[{"name":"wp","href":"https:\/\/api.w.org\/{rel}","templated":true}]}}