{"id":138,"date":"2020-01-17T11:53:36","date_gmt":"2020-01-17T10:53:36","guid":{"rendered":"https:\/\/pans.krosno.pl\/b\/?page_id=138"},"modified":"2025-06-03T09:52:21","modified_gmt":"2025-06-03T07:52:21","slug":"opiekunowie-rocznikow","status":"publish","type":"page","link":"https:\/\/pans.krosno.pl\/b\/opiekunowie-rocznikow\/","title":{"rendered":"Opiekunowie rocznik\u00f3w"},"content":{"rendered":"\n<p><strong>Opiekunowie poszczeg\u00f3lnych rocznik\u00f3w oraz kontakt<\/strong><\/p>\n\n\n\n<figure class=\"wp-block-table is-style-stripes\"><table><thead><tr><th class=\"has-text-align-center\" data-align=\"center\">Rok<\/th><th>Rodzaj<\/th><th class=\"has-text-align-left\" data-align=\"left\">Opiekun<\/th><th>Kontakt<\/th><\/tr><\/thead><tbody><tr><td class=\"has-text-align-center\" data-align=\"center\">I<\/td><td>stacjonarne<\/td><td class=\"has-text-align-left\" data-align=\"left\"><a href=\"https:\/\/pans.krosno.pl\/pracownicy\/wojciech-radwanski\/\" target=\"_blank\" rel=\"noreferrer noopener\">dr in\u017c. Wojciech Radwa\u0144ski<\/a><\/td><td>wojciech.radwanski@pans.krosno.pl<\/td><\/tr><tr><td class=\"has-text-align-center\" data-align=\"center\">II<\/td><td>stacjonarne<\/td><td class=\"has-text-align-left\" data-align=\"left\"><a href=\"https:\/\/pans.krosno.pl\/pracownicy\/dariusz-len\/\" target=\"_blank\" rel=\"noreferrer noopener\">dr in\u017c.\u00a0Dariusz Le\u0144<\/a><\/td><td>dariusz.len@pans.krosno.pl<\/td><\/tr><tr><td class=\"has-text-align-center\" data-align=\"center\">III<\/td><td>stacjonarne<\/td><td class=\"has-text-align-left\" data-align=\"left\"><a href=\"https:\/\/pans.krosno.pl\/pracownicy\/bartlomiej-czado\/\" target=\"_blank\" rel=\"noreferrer noopener\">dr inz. Bart\u0142omiej Czado<\/a>\u00a0<\/td><td>bartlomiej.czado@pans.krosno.pl<\/td><\/tr><tr><td class=\"has-text-align-center\" data-align=\"center\">IV<\/td><td>stacjonarne<\/td><td class=\"has-text-align-left\" data-align=\"left\"><a href=\"https:\/\/pans.krosno.pl\/pracownicy\/wojciech-radwanski\/\" target=\"_blank\" rel=\"noreferrer noopener\">dr in\u017c. Wojciech Radwa\u0144ski<\/a><\/td><td>wojciech.radwanski@pans.krosno.pl<\/td><\/tr><\/tbody><\/table><\/figure>\n\n\n\n<hr class=\"wp-block-separator has-css-opacity\" \/>\n\n\n\n<figure class=\"wp-block-table is-style-stripes\"><table><thead><tr><th>Nazwisko i Imi\u0119<\/th><th>Dzie\u0144<\/th><th>Godziny<\/th><th>Adres<\/th><\/tr><\/thead><tbody><tr><td><em><a href=\"https:\/\/pans.krosno.pl\/pracownicy\/wojciech-radwanski\/\">dr in\u017c. Wojciech Radwa\u0144ski<\/a><\/em><\/td><td><em>Pi\u0105tek (parzysty B)<\/em><br><em>Sobota (nieparzysta A)<\/em><\/td><td>15.30-16.30<br>12.00-13.30<\/td><td><em>DM B2 p.24<\/em><\/td><\/tr><tr><td><em><a href=\"https:\/\/pans.krosno.pl\/pracownicy\/dariusz-len\/\" target=\"_blank\" rel=\"noreferrer noopener\">dr in\u017c. Dariusz Le\u0144<\/a><\/em><\/td><td><em>Wtorek (parzysty B)<\/em><br><em>Sobota (parzysta B)<\/em><\/td><td>14.45-16.15<br>13.15-14.45<\/td><td><em><em>DM B2 p.24<\/em><br><em>DM B2 p.24<\/em><\/em><\/td><\/tr><tr><td><a href=\"https:\/\/pans.krosno.pl\/pracownicy\/bartlomiej-czado\/\" target=\"_blank\" rel=\"noreferrer noopener\"><em>dr in\u017c. Bart\u0142omiej Czado<\/em><\/a>\u00a0<\/td><td><em>Wtorek (parzysty B)<\/em><\/td><td>16.00-17.00<\/td><td><em><em>DM B2 p.24<\/em><\/em><\/td><\/tr><\/tbody><\/table><\/figure>\n","protected":false},"excerpt":{"rendered":"<p>Opiekunowie poszczeg\u00f3lnych rocznik\u00f3w oraz kontakt Rok Rodzaj Opiekun Kontakt I stacjonarne dr in\u017c. Wojciech Radwa\u0144ski wojciech.radwanski@pans.krosno.pl II stacjonarne dr in\u017c.\u00a0Dariusz Le\u0144 dariusz.len@pans.krosno.pl III stacjonarne dr inz. Bart\u0142omiej Czado\u00a0 bartlomiej.czado@pans.krosno.pl IV stacjonarne dr in\u017c. Wojciech Radwa\u0144ski wojciech.radwanski@pans.krosno.pl Nazwisko i Imi\u0119 Dzie\u0144 Godziny Adres dr in\u017c. Wojciech Radwa\u0144ski Pi\u0105tek (parzysty B)Sobota (nieparzysta [\u2026] <\/p>\n<div class=\"clear\"><\/div>\n<p><a class=\"more_link clearfix\" href=\"https:\/\/pans.krosno.pl\/b\/opiekunowie-rocznikow\/\" rel=\"nofollow\">Read More<\/a><\/p>\n","protected":false},"author":1,"featured_media":0,"parent":0,"menu_order":0,"comment_status":"closed","ping_status":"closed","template":"page-templates\/template-full-width.php","meta":{"ngg_post_thumbnail":0,"footnotes":""},"class_list":["post-138","page","type-page","status-publish","hentry"],"yoast_head":"<!-- This site is optimized with the Yoast SEO Premium plugin v27.4 (Yoast SEO v27.4) - https:\/\/yoast.com\/product\/yoast-seo-premium-wordpress\/ -->\n<title>Opiekunowie rocznik\u00f3w - Budownictwo PANS w Kro\u015bnie<\/title>\n<meta name=\"description\" content=\"Opiekunowie poszczeg\u00f3lnych rocznik\u00f3w oraz kontakt\" \/>\n<meta name=\"robots\" content=\"index, follow, max-snippet:-1, max-image-preview:large, max-video-preview:-1\" \/>\n<link rel=\"canonical\" href=\"https:\/\/pans.krosno.pl\/b\/opiekunowie-rocznikow\/\" \/>\n<meta property=\"og:locale\" content=\"pl_PL\" \/>\n<meta property=\"og:type\" content=\"article\" \/>\n<meta property=\"og:title\" content=\"Opiekunowie rocznik\u00f3w\" \/>\n<meta property=\"og:description\" content=\"Opiekunowie poszczeg\u00f3lnych rocznik\u00f3w oraz kontakt\" \/>\n<meta property=\"og:url\" content=\"https:\/\/pans.krosno.pl\/b\/opiekunowie-rocznikow\/\" \/>\n<meta property=\"og:site_name\" content=\"Budownictwo PANS w Kro\u015bnie\" \/>\n<meta property=\"article:modified_time\" content=\"2025-06-03T07:52:21+00:00\" \/>\n<meta name=\"twitter:card\" content=\"summary_large_image\" \/>\n<meta name=\"twitter:label1\" content=\"Szacowany czas czytania\" \/>\n\t<meta name=\"twitter:data1\" content=\"1 minuta\" \/>\n<script type=\"application\/ld+json\" class=\"yoast-schema-graph\">{\"@context\":\"https:\\\/\\\/schema.org\",\"@graph\":[{\"@type\":\"WebPage\",\"@id\":\"https:\\\/\\\/pans.krosno.pl\\\/b\\\/opiekunowie-rocznikow\\\/\",\"url\":\"https:\\\/\\\/pans.krosno.pl\\\/b\\\/opiekunowie-rocznikow\\\/\",\"name\":\"Opiekunowie rocznik\u00f3w - Budownictwo PANS w Kro\u015bnie\",\"isPartOf\":{\"@id\":\"https:\\\/\\\/pans.krosno.pl\\\/b\\\/#website\"},\"datePublished\":\"2020-01-17T10:53:36+00:00\",\"dateModified\":\"2025-06-03T07:52:21+00:00\",\"description\":\"Opiekunowie poszczeg\u00f3lnych rocznik\u00f3w oraz kontakt\",\"breadcrumb\":{\"@id\":\"https:\\\/\\\/pans.krosno.pl\\\/b\\\/opiekunowie-rocznikow\\\/#breadcrumb\"},\"inLanguage\":\"pl-PL\",\"potentialAction\":[{\"@type\":\"ReadAction\",\"target\":[\"https:\\\/\\\/pans.krosno.pl\\\/b\\\/opiekunowie-rocznikow\\\/\"]}]},{\"@type\":\"BreadcrumbList\",\"@id\":\"https:\\\/\\\/pans.krosno.pl\\\/b\\\/opiekunowie-rocznikow\\\/#breadcrumb\",\"itemListElement\":[{\"@type\":\"ListItem\",\"position\":1,\"name\":\"Strona g\u0142\u00f3wna\",\"item\":\"https:\\\/\\\/pans.krosno.pl\\\/b\\\/\"},{\"@type\":\"ListItem\",\"position\":2,\"name\":\"Opiekunowie rocznik\u00f3w\"}]},{\"@type\":\"WebSite\",\"@id\":\"https:\\\/\\\/pans.krosno.pl\\\/b\\\/#website\",\"url\":\"https:\\\/\\\/pans.krosno.pl\\\/b\\\/\",\"name\":\"Budownictwo PANS w Kro\u015bnie\",\"description\":\"Budownictwo - Pa\u0144stwowa Akademia Nauk Stosowanych\",\"publisher\":{\"@id\":\"https:\\\/\\\/pans.krosno.pl\\\/b\\\/#organization\"},\"potentialAction\":[{\"@type\":\"SearchAction\",\"target\":{\"@type\":\"EntryPoint\",\"urlTemplate\":\"https:\\\/\\\/pans.krosno.pl\\\/b\\\/?s={search_term_string}\"},\"query-input\":{\"@type\":\"PropertyValueSpecification\",\"valueRequired\":true,\"valueName\":\"search_term_string\"}}],\"inLanguage\":\"pl-PL\"},{\"@type\":\"Organization\",\"@id\":\"https:\\\/\\\/pans.krosno.pl\\\/b\\\/#organization\",\"name\":\"Budownictwo PANS w Kro\u015bnie\",\"url\":\"https:\\\/\\\/pans.krosno.pl\\\/b\\\/\",\"logo\":{\"@type\":\"ImageObject\",\"inLanguage\":\"pl-PL\",\"@id\":\"https:\\\/\\\/pans.krosno.pl\\\/b\\\/#\\\/schema\\\/logo\\\/image\\\/\",\"url\":\"https:\\\/\\\/pans.krosno.pl\\\/b\\\/wp-content\\\/uploads\\\/sites\\\/21\\\/2023\\\/01\\\/Logo-PANS-2022-pelne.png\",\"contentUrl\":\"https:\\\/\\\/pans.krosno.pl\\\/b\\\/wp-content\\\/uploads\\\/sites\\\/21\\\/2023\\\/01\\\/Logo-PANS-2022-pelne.png\",\"width\":3096,\"height\":696,\"caption\":\"Budownictwo PANS w Kro\u015bnie\"},\"image\":{\"@id\":\"https:\\\/\\\/pans.krosno.pl\\\/b\\\/#\\\/schema\\\/logo\\\/image\\\/\"}}]}<\/script>\n<!-- \/ Yoast SEO Premium plugin. -->","yoast_head_json":{"title":"Opiekunowie rocznik\u00f3w - Budownictwo PANS w Kro\u015bnie","description":"Opiekunowie poszczeg\u00f3lnych rocznik\u00f3w oraz kontakt","robots":{"index":"index","follow":"follow","max-snippet":"max-snippet:-1","max-image-preview":"max-image-preview:large","max-video-preview":"max-video-preview:-1"},"canonical":"https:\/\/pans.krosno.pl\/b\/opiekunowie-rocznikow\/","og_locale":"pl_PL","og_type":"article","og_title":"Opiekunowie rocznik\u00f3w","og_description":"Opiekunowie poszczeg\u00f3lnych rocznik\u00f3w oraz kontakt","og_url":"https:\/\/pans.krosno.pl\/b\/opiekunowie-rocznikow\/","og_site_name":"Budownictwo PANS w Kro\u015bnie","article_modified_time":"2025-06-03T07:52:21+00:00","twitter_card":"summary_large_image","twitter_misc":{"Szacowany czas czytania":"1 minuta"},"schema":{"@context":"https:\/\/schema.org","@graph":[{"@type":"WebPage","@id":"https:\/\/pans.krosno.pl\/b\/opiekunowie-rocznikow\/","url":"https:\/\/pans.krosno.pl\/b\/opiekunowie-rocznikow\/","name":"Opiekunowie rocznik\u00f3w - Budownictwo PANS w Kro\u015bnie","isPartOf":{"@id":"https:\/\/pans.krosno.pl\/b\/#website"},"datePublished":"2020-01-17T10:53:36+00:00","dateModified":"2025-06-03T07:52:21+00:00","description":"Opiekunowie poszczeg\u00f3lnych rocznik\u00f3w oraz kontakt","breadcrumb":{"@id":"https:\/\/pans.krosno.pl\/b\/opiekunowie-rocznikow\/#breadcrumb"},"inLanguage":"pl-PL","potentialAction":[{"@type":"ReadAction","target":["https:\/\/pans.krosno.pl\/b\/opiekunowie-rocznikow\/"]}]},{"@type":"BreadcrumbList","@id":"https:\/\/pans.krosno.pl\/b\/opiekunowie-rocznikow\/#breadcrumb","itemListElement":[{"@type":"ListItem","position":1,"name":"Strona g\u0142\u00f3wna","item":"https:\/\/pans.krosno.pl\/b\/"},{"@type":"ListItem","position":2,"name":"Opiekunowie rocznik\u00f3w"}]},{"@type":"WebSite","@id":"https:\/\/pans.krosno.pl\/b\/#website","url":"https:\/\/pans.krosno.pl\/b\/","name":"Budownictwo PANS w Kro\u015bnie","description":"Budownictwo - Pa\u0144stwowa Akademia Nauk Stosowanych","publisher":{"@id":"https:\/\/pans.krosno.pl\/b\/#organization"},"potentialAction":[{"@type":"SearchAction","target":{"@type":"EntryPoint","urlTemplate":"https:\/\/pans.krosno.pl\/b\/?s={search_term_string}"},"query-input":{"@type":"PropertyValueSpecification","valueRequired":true,"valueName":"search_term_string"}}],"inLanguage":"pl-PL"},{"@type":"Organization","@id":"https:\/\/pans.krosno.pl\/b\/#organization","name":"Budownictwo PANS w Kro\u015bnie","url":"https:\/\/pans.krosno.pl\/b\/","logo":{"@type":"ImageObject","inLanguage":"pl-PL","@id":"https:\/\/pans.krosno.pl\/b\/#\/schema\/logo\/image\/","url":"https:\/\/pans.krosno.pl\/b\/wp-content\/uploads\/sites\/21\/2023\/01\/Logo-PANS-2022-pelne.png","contentUrl":"https:\/\/pans.krosno.pl\/b\/wp-content\/uploads\/sites\/21\/2023\/01\/Logo-PANS-2022-pelne.png","width":3096,"height":696,"caption":"Budownictwo PANS w Kro\u015bnie"},"image":{"@id":"https:\/\/pans.krosno.pl\/b\/#\/schema\/logo\/image\/"}}]}},"_links":{"self":[{"href":"https:\/\/pans.krosno.pl\/b\/wp-json\/wp\/v2\/pages\/138","targetHints":{"allow":["GET"]}}],"collection":[{"href":"https:\/\/pans.krosno.pl\/b\/wp-json\/wp\/v2\/pages"}],"about":[{"href":"https:\/\/pans.krosno.pl\/b\/wp-json\/wp\/v2\/types\/page"}],"author":[{"embeddable":true,"href":"https:\/\/pans.krosno.pl\/b\/wp-json\/wp\/v2\/users\/1"}],"replies":[{"embeddable":true,"href":"https:\/\/pans.krosno.pl\/b\/wp-json\/wp\/v2\/comments?post=138"}],"version-history":[{"count":12,"href":"https:\/\/pans.krosno.pl\/b\/wp-json\/wp\/v2\/pages\/138\/revisions"}],"predecessor-version":[{"id":1745,"href":"https:\/\/pans.krosno.pl\/b\/wp-json\/wp\/v2\/pages\/138\/revisions\/1745"}],"wp:attachment":[{"href":"https:\/\/pans.krosno.pl\/b\/wp-json\/wp\/v2\/media?parent=138"}],"curies":[{"name":"wp","href":"https:\/\/api.w.org\/{rel}","templated":true}]}}

Opiekunowie roczników

<p><strong>Opiekunowie poszczególnych roczników oraz kontakt</strong></p>



<figure class="wp-block-table is-style-stripes"><table><thead><tr><th class="has-text-align-center" data-align="center">Rok</th><th>Rodzaj</th><th class="has-text-align-left" data-align="left">Opiekun</th><th>Kontakt</th></tr></thead><tbody><tr><td class="has-text-align-center" data-align="center">I</td><td>stacjonarne</td><td class="has-text-align-left" data-align="left"><a href="https://pans.krosno.pl/pracownicy/wojciech-radwanski/" target="_blank" rel="noreferrer noopener">dr inż. Wojciech Radwański</a></td><td>wojciech.radwanski@pans.krosno.pl</td></tr><tr><td class="has-text-align-center" data-align="center">II</td><td>stacjonarne</td><td class="has-text-align-left" data-align="left"><a href="https://pans.krosno.pl/pracownicy/dariusz-len/" target="_blank" rel="noreferrer noopener">dr inż. Dariusz Leń</a></td><td>dariusz.len@pans.krosno.pl</td></tr><tr><td class="has-text-align-center" data-align="center">III</td><td>stacjonarne</td><td class="has-text-align-left" data-align="left"><a href="https://pans.krosno.pl/pracownicy/bartlomiej-czado/" target="_blank" rel="noreferrer noopener">dr inz. Bartłomiej Czado</a> </td><td>bartlomiej.czado@pans.krosno.pl</td></tr><tr><td class="has-text-align-center" data-align="center">IV</td><td>stacjonarne</td><td class="has-text-align-left" data-align="left"><a href="https://pans.krosno.pl/pracownicy/wojciech-radwanski/" target="_blank" rel="noreferrer noopener">dr inż. Wojciech Radwański</a></td><td>wojciech.radwanski@pans.krosno.pl</td></tr></tbody></table></figure>



<hr class="wp-block-separator has-css-opacity" />



<figure class="wp-block-table is-style-stripes"><table><thead><tr><th>Nazwisko i Imię</th><th>Dzień</th><th>Godziny</th><th>Adres</th></tr></thead><tbody><tr><td><em><a href="https://pans.krosno.pl/pracownicy/wojciech-radwanski/">dr inż. Wojciech Radwański</a></em></td><td><em>Piątek (parzysty B)</em><br><em>Sobota (nieparzysta A)</em></td><td>15.30-16.30<br>12.00-13.30</td><td><em>DM B2 p.24</em></td></tr><tr><td><em><a href="https://pans.krosno.pl/pracownicy/dariusz-len/" target="_blank" rel="noreferrer noopener">dr inż. Dariusz Leń</a></em></td><td><em>Wtorek (parzysty B)</em><br><em>Sobota (parzysta B)</em></td><td>14.45-16.15<br>13.15-14.45</td><td><em><em>DM B2 p.24</em><br><em>DM B2 p.24</em></em></td></tr><tr><td><a href="https://pans.krosno.pl/pracownicy/bartlomiej-czado/" target="_blank" rel="noreferrer noopener"><em>dr inż. Bartłomiej Czado</em></a> </td><td><em>Wtorek (parzysty B)</em></td><td>16.00-17.00</td><td><em><em>DM B2 p.24</em></em></td></tr></tbody></table></figure>

<p>Opiekunowie poszczególnych roczników oraz kontakt Rok Rodzaj Opiekun Kontakt I stacjonarne dr inż. Wojciech Radwański wojciech.radwanski@pans.krosno.pl II stacjonarne dr inż. Dariusz Leń dariusz.len@pans.krosno.pl III stacjonarne dr inz. Bartłomiej Czado  bartlomiej.czado@pans.krosno.pl IV stacjonarne dr inż. Wojciech Radwański wojciech.radwanski@pans.krosno.pl Nazwisko i Imię Dzień Godziny Adres dr inż. Wojciech Radwański Piątek (parzysty B)Sobota (nieparzysta […] </p>
<div class="clear"></div>
<p><a class="more_link clearfix" href="https://pans.krosno.pl/b/opiekunowie-rocznikow/" rel="nofollow">Read More</a></p>

<!-- This site is optimized with the Yoast SEO Premium plugin v27.4 (Yoast SEO v27.4) - https://yoast.com/product/yoast-seo-premium-wordpress/ -->
<title>Opiekunowie roczników - Budownictwo PANS w Krośnie</title>
<meta name="description" content="Opiekunowie poszczególnych roczników oraz kontakt" />
<meta name="robots" content="index, follow, max-snippet:-1, max-image-preview:large, max-video-preview:-1" />
<link rel="canonical" href="https://pans.krosno.pl/b/opiekunowie-rocznikow/" />
<meta property="og:locale" content="pl_PL" />
<meta property="og:type" content="article" />
<meta property="og:title" content="Opiekunowie roczników" />
<meta property="og:description" content="Opiekunowie poszczególnych roczników oraz kontakt" />
<meta property="og:url" content="https://pans.krosno.pl/b/opiekunowie-rocznikow/" />
<meta property="og:site_name" content="Budownictwo PANS w Krośnie" />
<meta property="article:modified_time" content="2025-06-03T07:52:21+00:00" />
<meta name="twitter:card" content="summary_large_image" />
<meta name="twitter:label1" content="Szacowany czas czytania" />
	<meta name="twitter:data1" content="1 minuta" />
<script type="application/ld+json" class="yoast-schema-graph">{"@context":"https:\/\/schema.org","@graph":[{"@type":"WebPage","@id":"https:\/\/pans.krosno.pl\/b\/opiekunowie-rocznikow\/","url":"https:\/\/pans.krosno.pl\/b\/opiekunowie-rocznikow\/","name":"Opiekunowie roczników - Budownictwo PANS w Krośnie","isPartOf":{"@id":"https:\/\/pans.krosno.pl\/b\/#website"},"datePublished":"2020-01-17T10:53:36+00:00","dateModified":"2025-06-03T07:52:21+00:00","description":"Opiekunowie poszczególnych roczników oraz kontakt","breadcrumb":{"@id":"https:\/\/pans.krosno.pl\/b\/opiekunowie-rocznikow\/#breadcrumb"},"inLanguage":"pl-PL","potentialAction":[{"@type":"ReadAction","target":["https:\/\/pans.krosno.pl\/b\/opiekunowie-rocznikow\/"]}]},{"@type":"BreadcrumbList","@id":"https:\/\/pans.krosno.pl\/b\/opiekunowie-rocznikow\/#breadcrumb","itemListElement":[{"@type":"ListItem","position":1,"name":"Strona główna","item":"https:\/\/pans.krosno.pl\/b\/"},{"@type":"ListItem","position":2,"name":"Opiekunowie roczników"}]},{"@type":"WebSite","@id":"https:\/\/pans.krosno.pl\/b\/#website","url":"https:\/\/pans.krosno.pl\/b\/","name":"Budownictwo PANS w Krośnie","description":"Budownictwo - Państwowa Akademia Nauk Stosowanych","publisher":{"@id":"https:\/\/pans.krosno.pl\/b\/#organization"},"potentialAction":[{"@type":"SearchAction","target":{"@type":"EntryPoint","urlTemplate":"https:\/\/pans.krosno.pl\/b\/?s={search_term_string}"},"query-input":{"@type":"PropertyValueSpecification","valueRequired":true,"valueName":"search_term_string"}}],"inLanguage":"pl-PL"},{"@type":"Organization","@id":"https:\/\/pans.krosno.pl\/b\/#organization","name":"Budownictwo PANS w Krośnie","url":"https:\/\/pans.krosno.pl\/b\/","logo":{"@type":"ImageObject","inLanguage":"pl-PL","@id":"https:\/\/pans.krosno.pl\/b\/#\/schema\/logo\/image\/","url":"https:\/\/pans.krosno.pl\/b\/wp-content\/uploads\/sites\/21\/2023\/01\/Logo-PANS-2022-pelne.png","contentUrl":"https:\/\/pans.krosno.pl\/b\/wp-content\/uploads\/sites\/21\/2023\/01\/Logo-PANS-2022-pelne.png","width":3096,"height":696,"caption":"Budownictwo PANS w Krośnie"},"image":{"@id":"https:\/\/pans.krosno.pl\/b\/#\/schema\/logo\/image\/"}}]}</script>
<!-- / Yoast SEO Premium plugin. -->

Opiekunowie roczników - Budownictwo PANS w Krośnie

Opiekunowie poszczególnych roczników oraz kontakt

Budownictwo PANS w Krośnie

Strona główna

Budownictwo - Państwowa Akademia Nauk Stosowanych
