{"id":2458,"date":"2021-06-18T09:31:56","date_gmt":"2021-06-18T07:31:56","guid":{"rendered":"https:\/\/pans.krosno.pl\/azs\/?page_id=2458"},"modified":"2021-06-18T09:36:07","modified_gmt":"2021-06-18T07:36:07","slug":"bieg-tropem-wilczym-trasa","status":"publish","type":"page","link":"https:\/\/pans.krosno.pl\/azs\/bieg-tropem-wilczym\/bieg-tropem-wilczym-trasa\/","title":{"rendered":"Bieg Tropem Wilczym &#8211; trasa"},"content":{"rendered":"\n<p>1.&nbsp;&nbsp;&nbsp;&nbsp;&nbsp;Symboliczny bieg na&nbsp;<strong>1963 m<\/strong>.<\/p>\n\n\n\n<p>2.&nbsp;&nbsp;&nbsp;&nbsp;&nbsp;Trasa p\u0142aska,<\/p>\n\n\n\n<p>3.&nbsp;&nbsp;&nbsp;&nbsp;&nbsp;Nawierzchnia brukowa, asfaltowa.<\/p>\n\n\n\n<p>4.&nbsp;&nbsp;&nbsp;Pozostawanie na trasie biegu po up\u0142ywie wyznaczonego czasu jak r\u00f3wnie\u017c nie stosowanie si\u0119 do decyzji s\u0119dzi\u00f3w przenosi na uczestnik\u00f3w odpowiedzialno\u015b\u0107 stosownie do obowi\u0105zuj\u0105cych przepis\u00f3w ruchu drogowego oraz Kodeksu Cywilnego<\/p>\n\n\n\n<p>5. Trasa Biegu:<\/p>\n\n\n\n<figure class=\"wp-block-image size-full\"><img loading=\"lazy\" decoding=\"async\" width=\"1467\" height=\"899\" src=\"https:\/\/pans.krosno.pl\/azs\/wp-content\/uploads\/sites\/47\/2021\/06\/image-3.png\" alt=\"\" class=\"wp-image-2459\" srcset=\"https:\/\/pans.krosno.pl\/azs\/wp-content\/uploads\/sites\/47\/2021\/06\/image-3.png 1467w, https:\/\/pans.krosno.pl\/azs\/wp-content\/uploads\/sites\/47\/2021\/06\/image-3-300x184.png 300w, https:\/\/pans.krosno.pl\/azs\/wp-content\/uploads\/sites\/47\/2021\/06\/image-3-1024x628.png 1024w, https:\/\/pans.krosno.pl\/azs\/wp-content\/uploads\/sites\/47\/2021\/06\/image-3-768x471.png 768w, https:\/\/pans.krosno.pl\/azs\/wp-content\/uploads\/sites\/47\/2021\/06\/image-3-800x490.png 800w, https:\/\/pans.krosno.pl\/azs\/wp-content\/uploads\/sites\/47\/2021\/06\/image-3-580x355.png 580w\" sizes=\"auto, (max-width: 1467px) 100vw, 1467px\" \/><\/figure>\n","protected":false},"excerpt":{"rendered":"<p>1.&nbsp;&nbsp;&nbsp;&nbsp;&nbsp;Symboliczny bieg na&nbsp;1963 m. 2.&nbsp;&nbsp;&nbsp;&nbsp;&nbsp;Trasa p\u0142aska, 3.&nbsp;&nbsp;&nbsp;&nbsp;&nbsp;Nawierzchnia brukowa, asfaltowa. 4.&nbsp;&nbsp;&nbsp;Pozostawanie na trasie biegu po up\u0142ywie wyznaczonego czasu jak r\u00f3wnie\u017c nie stosowanie si\u0119 do decyzji s\u0119dzi\u00f3w przenosi na uczestnik\u00f3w odpowiedzialno\u015b\u0107 stosownie do obowi\u0105zuj\u0105cych przepis\u00f3w ruchu drogowego oraz Kodeksu Cywilnego 5. Trasa Biegu:<\/p>\n","protected":false},"author":27,"featured_media":0,"parent":2425,"menu_order":0,"comment_status":"closed","ping_status":"closed","template":"page-templates\/template-full-width.php","meta":{"ngg_post_thumbnail":0,"footnotes":""},"class_list":["post-2458","page","type-page","status-publish","hentry"],"yoast_head":"<!-- This site is optimized with the Yoast SEO Premium plugin v27.4 (Yoast SEO v27.4) - https:\/\/yoast.com\/product\/yoast-seo-premium-wordpress\/ -->\n<title>Bieg Tropem Wilczym - trasa - Sport, turystyka, AZS PANS w Kro\u015bnie<\/title>\n<meta name=\"robots\" content=\"index, follow, max-snippet:-1, max-image-preview:large, max-video-preview:-1\" \/>\n<link rel=\"canonical\" href=\"https:\/\/pans.krosno.pl\/azs\/bieg-tropem-wilczym\/bieg-tropem-wilczym-trasa\/\" \/>\n<meta property=\"og:locale\" content=\"pl_PL\" \/>\n<meta property=\"og:type\" content=\"article\" \/>\n<meta property=\"og:title\" content=\"Bieg Tropem Wilczym - trasa\" \/>\n<meta property=\"og:description\" content=\"1.&nbsp;&nbsp;&nbsp;&nbsp;&nbsp;Symboliczny bieg na&nbsp;1963 m. 2.&nbsp;&nbsp;&nbsp;&nbsp;&nbsp;Trasa p\u0142aska, 3.&nbsp;&nbsp;&nbsp;&nbsp;&nbsp;Nawierzchnia brukowa, asfaltowa. 4.&nbsp;&nbsp;&nbsp;Pozostawanie na trasie biegu po up\u0142ywie wyznaczonego czasu jak r\u00f3wnie\u017c nie stosowanie si\u0119 do decyzji s\u0119dzi\u00f3w przenosi na uczestnik\u00f3w odpowiedzialno\u015b\u0107 stosownie do obowi\u0105zuj\u0105cych przepis\u00f3w ruchu drogowego oraz Kodeksu Cywilnego 5. Trasa Biegu:\" \/>\n<meta property=\"og:url\" content=\"https:\/\/pans.krosno.pl\/azs\/bieg-tropem-wilczym\/bieg-tropem-wilczym-trasa\/\" \/>\n<meta property=\"og:site_name\" content=\"Sport, turystyka, AZS PANS w Kro\u015bnie\" \/>\n<meta property=\"article:modified_time\" content=\"2021-06-18T07:36:07+00:00\" \/>\n<meta property=\"og:image\" content=\"https:\/\/pans.krosno.pl\/azs\/wp-content\/uploads\/sites\/47\/2021\/06\/image-3.png\" \/>\n<meta name=\"twitter:card\" content=\"summary_large_image\" \/>\n<script type=\"application\/ld+json\" class=\"yoast-schema-graph\">{\"@context\":\"https:\\\/\\\/schema.org\",\"@graph\":[{\"@type\":\"WebPage\",\"@id\":\"https:\\\/\\\/pans.krosno.pl\\\/azs\\\/bieg-tropem-wilczym\\\/bieg-tropem-wilczym-trasa\\\/\",\"url\":\"https:\\\/\\\/pans.krosno.pl\\\/azs\\\/bieg-tropem-wilczym\\\/bieg-tropem-wilczym-trasa\\\/\",\"name\":\"Bieg Tropem Wilczym - trasa - Sport, turystyka, AZS PANS w Kro\u015bnie\",\"isPartOf\":{\"@id\":\"https:\\\/\\\/pans.krosno.pl\\\/azs\\\/#website\"},\"primaryImageOfPage\":{\"@id\":\"https:\\\/\\\/pans.krosno.pl\\\/azs\\\/bieg-tropem-wilczym\\\/bieg-tropem-wilczym-trasa\\\/#primaryimage\"},\"image\":{\"@id\":\"https:\\\/\\\/pans.krosno.pl\\\/azs\\\/bieg-tropem-wilczym\\\/bieg-tropem-wilczym-trasa\\\/#primaryimage\"},\"thumbnailUrl\":\"https:\\\/\\\/pans.krosno.pl\\\/azs\\\/wp-content\\\/uploads\\\/sites\\\/47\\\/2021\\\/06\\\/image-3.png\",\"datePublished\":\"2021-06-18T07:31:56+00:00\",\"dateModified\":\"2021-06-18T07:36:07+00:00\",\"breadcrumb\":{\"@id\":\"https:\\\/\\\/pans.krosno.pl\\\/azs\\\/bieg-tropem-wilczym\\\/bieg-tropem-wilczym-trasa\\\/#breadcrumb\"},\"inLanguage\":\"pl-PL\",\"potentialAction\":[{\"@type\":\"ReadAction\",\"target\":[\"https:\\\/\\\/pans.krosno.pl\\\/azs\\\/bieg-tropem-wilczym\\\/bieg-tropem-wilczym-trasa\\\/\"]}]},{\"@type\":\"ImageObject\",\"inLanguage\":\"pl-PL\",\"@id\":\"https:\\\/\\\/pans.krosno.pl\\\/azs\\\/bieg-tropem-wilczym\\\/bieg-tropem-wilczym-trasa\\\/#primaryimage\",\"url\":\"https:\\\/\\\/pans.krosno.pl\\\/azs\\\/wp-content\\\/uploads\\\/sites\\\/47\\\/2021\\\/06\\\/image-3.png\",\"contentUrl\":\"https:\\\/\\\/pans.krosno.pl\\\/azs\\\/wp-content\\\/uploads\\\/sites\\\/47\\\/2021\\\/06\\\/image-3.png\",\"width\":1467,\"height\":899},{\"@type\":\"BreadcrumbList\",\"@id\":\"https:\\\/\\\/pans.krosno.pl\\\/azs\\\/bieg-tropem-wilczym\\\/bieg-tropem-wilczym-trasa\\\/#breadcrumb\",\"itemListElement\":[{\"@type\":\"ListItem\",\"position\":1,\"name\":\"Strona g\u0142\u00f3wna\",\"item\":\"https:\\\/\\\/pans.krosno.pl\\\/azs\\\/\"},{\"@type\":\"ListItem\",\"position\":2,\"name\":\"Bieg Tropem Wilczym\",\"item\":\"https:\\\/\\\/pans.krosno.pl\\\/azs\\\/bieg-tropem-wilczym\\\/\"},{\"@type\":\"ListItem\",\"position\":3,\"name\":\"Bieg Tropem Wilczym &#8211; trasa\"}]},{\"@type\":\"WebSite\",\"@id\":\"https:\\\/\\\/pans.krosno.pl\\\/azs\\\/#website\",\"url\":\"https:\\\/\\\/pans.krosno.pl\\\/azs\\\/\",\"name\":\"Sport, turystyka, AZS PANS w Kro\u015bnie\",\"description\":\"Sport, turystyka, AZS PANS - Pa\u0144stwowa Akademia Nauk Stosowanych\",\"publisher\":{\"@id\":\"https:\\\/\\\/pans.krosno.pl\\\/azs\\\/#organization\"},\"potentialAction\":[{\"@type\":\"SearchAction\",\"target\":{\"@type\":\"EntryPoint\",\"urlTemplate\":\"https:\\\/\\\/pans.krosno.pl\\\/azs\\\/?s={search_term_string}\"},\"query-input\":{\"@type\":\"PropertyValueSpecification\",\"valueRequired\":true,\"valueName\":\"search_term_string\"}}],\"inLanguage\":\"pl-PL\"},{\"@type\":\"Organization\",\"@id\":\"https:\\\/\\\/pans.krosno.pl\\\/azs\\\/#organization\",\"name\":\"Sport, turystyka, AZS PANS w Kro\u015bnie\",\"url\":\"https:\\\/\\\/pans.krosno.pl\\\/azs\\\/\",\"logo\":{\"@type\":\"ImageObject\",\"inLanguage\":\"pl-PL\",\"@id\":\"https:\\\/\\\/pans.krosno.pl\\\/azs\\\/#\\\/schema\\\/logo\\\/image\\\/\",\"url\":\"https:\\\/\\\/pans.krosno.pl\\\/azs\\\/wp-content\\\/uploads\\\/sites\\\/47\\\/2023\\\/01\\\/Logo-PANS-2022-pelne.png\",\"contentUrl\":\"https:\\\/\\\/pans.krosno.pl\\\/azs\\\/wp-content\\\/uploads\\\/sites\\\/47\\\/2023\\\/01\\\/Logo-PANS-2022-pelne.png\",\"width\":3096,\"height\":696,\"caption\":\"Sport, turystyka, AZS PANS w Kro\u015bnie\"},\"image\":{\"@id\":\"https:\\\/\\\/pans.krosno.pl\\\/azs\\\/#\\\/schema\\\/logo\\\/image\\\/\"}}]}<\/script>\n<!-- \/ Yoast SEO Premium plugin. -->","yoast_head_json":{"title":"Bieg Tropem Wilczym - trasa - Sport, turystyka, AZS PANS w Kro\u015bnie","robots":{"index":"index","follow":"follow","max-snippet":"max-snippet:-1","max-image-preview":"max-image-preview:large","max-video-preview":"max-video-preview:-1"},"canonical":"https:\/\/pans.krosno.pl\/azs\/bieg-tropem-wilczym\/bieg-tropem-wilczym-trasa\/","og_locale":"pl_PL","og_type":"article","og_title":"Bieg Tropem Wilczym - trasa","og_description":"1.&nbsp;&nbsp;&nbsp;&nbsp;&nbsp;Symboliczny bieg na&nbsp;1963 m. 2.&nbsp;&nbsp;&nbsp;&nbsp;&nbsp;Trasa p\u0142aska, 3.&nbsp;&nbsp;&nbsp;&nbsp;&nbsp;Nawierzchnia brukowa, asfaltowa. 4.&nbsp;&nbsp;&nbsp;Pozostawanie na trasie biegu po up\u0142ywie wyznaczonego czasu jak r\u00f3wnie\u017c nie stosowanie si\u0119 do decyzji s\u0119dzi\u00f3w przenosi na uczestnik\u00f3w odpowiedzialno\u015b\u0107 stosownie do obowi\u0105zuj\u0105cych przepis\u00f3w ruchu drogowego oraz Kodeksu Cywilnego 5. Trasa Biegu:","og_url":"https:\/\/pans.krosno.pl\/azs\/bieg-tropem-wilczym\/bieg-tropem-wilczym-trasa\/","og_site_name":"Sport, turystyka, AZS PANS w Kro\u015bnie","article_modified_time":"2021-06-18T07:36:07+00:00","og_image":[{"url":"https:\/\/pans.krosno.pl\/azs\/wp-content\/uploads\/sites\/47\/2021\/06\/image-3.png","type":"","width":"","height":""}],"twitter_card":"summary_large_image","schema":{"@context":"https:\/\/schema.org","@graph":[{"@type":"WebPage","@id":"https:\/\/pans.krosno.pl\/azs\/bieg-tropem-wilczym\/bieg-tropem-wilczym-trasa\/","url":"https:\/\/pans.krosno.pl\/azs\/bieg-tropem-wilczym\/bieg-tropem-wilczym-trasa\/","name":"Bieg Tropem Wilczym - trasa - Sport, turystyka, AZS PANS w Kro\u015bnie","isPartOf":{"@id":"https:\/\/pans.krosno.pl\/azs\/#website"},"primaryImageOfPage":{"@id":"https:\/\/pans.krosno.pl\/azs\/bieg-tropem-wilczym\/bieg-tropem-wilczym-trasa\/#primaryimage"},"image":{"@id":"https:\/\/pans.krosno.pl\/azs\/bieg-tropem-wilczym\/bieg-tropem-wilczym-trasa\/#primaryimage"},"thumbnailUrl":"https:\/\/pans.krosno.pl\/azs\/wp-content\/uploads\/sites\/47\/2021\/06\/image-3.png","datePublished":"2021-06-18T07:31:56+00:00","dateModified":"2021-06-18T07:36:07+00:00","breadcrumb":{"@id":"https:\/\/pans.krosno.pl\/azs\/bieg-tropem-wilczym\/bieg-tropem-wilczym-trasa\/#breadcrumb"},"inLanguage":"pl-PL","potentialAction":[{"@type":"ReadAction","target":["https:\/\/pans.krosno.pl\/azs\/bieg-tropem-wilczym\/bieg-tropem-wilczym-trasa\/"]}]},{"@type":"ImageObject","inLanguage":"pl-PL","@id":"https:\/\/pans.krosno.pl\/azs\/bieg-tropem-wilczym\/bieg-tropem-wilczym-trasa\/#primaryimage","url":"https:\/\/pans.krosno.pl\/azs\/wp-content\/uploads\/sites\/47\/2021\/06\/image-3.png","contentUrl":"https:\/\/pans.krosno.pl\/azs\/wp-content\/uploads\/sites\/47\/2021\/06\/image-3.png","width":1467,"height":899},{"@type":"BreadcrumbList","@id":"https:\/\/pans.krosno.pl\/azs\/bieg-tropem-wilczym\/bieg-tropem-wilczym-trasa\/#breadcrumb","itemListElement":[{"@type":"ListItem","position":1,"name":"Strona g\u0142\u00f3wna","item":"https:\/\/pans.krosno.pl\/azs\/"},{"@type":"ListItem","position":2,"name":"Bieg Tropem Wilczym","item":"https:\/\/pans.krosno.pl\/azs\/bieg-tropem-wilczym\/"},{"@type":"ListItem","position":3,"name":"Bieg Tropem Wilczym &#8211; trasa"}]},{"@type":"WebSite","@id":"https:\/\/pans.krosno.pl\/azs\/#website","url":"https:\/\/pans.krosno.pl\/azs\/","name":"Sport, turystyka, AZS PANS w Kro\u015bnie","description":"Sport, turystyka, AZS PANS - Pa\u0144stwowa Akademia Nauk Stosowanych","publisher":{"@id":"https:\/\/pans.krosno.pl\/azs\/#organization"},"potentialAction":[{"@type":"SearchAction","target":{"@type":"EntryPoint","urlTemplate":"https:\/\/pans.krosno.pl\/azs\/?s={search_term_string}"},"query-input":{"@type":"PropertyValueSpecification","valueRequired":true,"valueName":"search_term_string"}}],"inLanguage":"pl-PL"},{"@type":"Organization","@id":"https:\/\/pans.krosno.pl\/azs\/#organization","name":"Sport, turystyka, AZS PANS w Kro\u015bnie","url":"https:\/\/pans.krosno.pl\/azs\/","logo":{"@type":"ImageObject","inLanguage":"pl-PL","@id":"https:\/\/pans.krosno.pl\/azs\/#\/schema\/logo\/image\/","url":"https:\/\/pans.krosno.pl\/azs\/wp-content\/uploads\/sites\/47\/2023\/01\/Logo-PANS-2022-pelne.png","contentUrl":"https:\/\/pans.krosno.pl\/azs\/wp-content\/uploads\/sites\/47\/2023\/01\/Logo-PANS-2022-pelne.png","width":3096,"height":696,"caption":"Sport, turystyka, AZS PANS w Kro\u015bnie"},"image":{"@id":"https:\/\/pans.krosno.pl\/azs\/#\/schema\/logo\/image\/"}}]}},"_links":{"self":[{"href":"https:\/\/pans.krosno.pl\/azs\/wp-json\/wp\/v2\/pages\/2458","targetHints":{"allow":["GET"]}}],"collection":[{"href":"https:\/\/pans.krosno.pl\/azs\/wp-json\/wp\/v2\/pages"}],"about":[{"href":"https:\/\/pans.krosno.pl\/azs\/wp-json\/wp\/v2\/types\/page"}],"author":[{"embeddable":true,"href":"https:\/\/pans.krosno.pl\/azs\/wp-json\/wp\/v2\/users\/27"}],"replies":[{"embeddable":true,"href":"https:\/\/pans.krosno.pl\/azs\/wp-json\/wp\/v2\/comments?post=2458"}],"version-history":[{"count":1,"href":"https:\/\/pans.krosno.pl\/azs\/wp-json\/wp\/v2\/pages\/2458\/revisions"}],"predecessor-version":[{"id":2460,"href":"https:\/\/pans.krosno.pl\/azs\/wp-json\/wp\/v2\/pages\/2458\/revisions\/2460"}],"up":[{"embeddable":true,"href":"https:\/\/pans.krosno.pl\/azs\/wp-json\/wp\/v2\/pages\/2425"}],"wp:attachment":[{"href":"https:\/\/pans.krosno.pl\/azs\/wp-json\/wp\/v2\/media?parent=2458"}],"curies":[{"name":"wp","href":"https:\/\/api.w.org\/{rel}","templated":true}]}}