{"id":35,"date":"2020-03-11T14:36:36","date_gmt":"2020-03-11T13:36:36","guid":{"rendered":"https:\/\/pans.krosno.pl\/akjo\/?page_id=35"},"modified":"2025-07-11T08:29:31","modified_gmt":"2025-07-11T06:29:31","slug":"oferta-academii","status":"publish","type":"page","link":"https:\/\/pans.krosno.pl\/akjo\/oferta-academii\/","title":{"rendered":"Oferta Academii"},"content":{"rendered":"<p>Oferujemy p\u0142atne kursy j\u0119zyk\u00f3w obcych (angielskiego, niemieckiego, hiszpa\u0144skiego, francuskiego i rosyjskiego) na wszystkich poziomach zaawansowania dla dzieci, m\u0142odzie\u017cy i doros\u0142ych. <a href=\"https:\/\/pans.krosno.pl\/akjo\/oferta-academii\/\">Czytaj wi\u0119cej<\/a><\/p>\n\n\n<hr class=\"wp-block-separator has-css-opacity\"\/>\n\n\n<p><strong>Studium J\u0119zyk\u00f3w Obcych przy PANS w Kro\u015bnie<\/strong><br>38-400 Krosno, ul. Kazimierza Wielkiego 8, pok\u00f3j 23<br>Tel. 13 437 5555<\/p>\n<p><strong>Informacja o kursach<\/strong><\/p>\n<p>Pa\u0144stwowa Akademia Nauk Stosowanych w Kro\u015bnie<br>Academia Kursy J\u0119zyk\u00f3w Obcych<br>38-400 Krosno<br>ul.&nbsp;Kazimierza Wielkiego 8, pok\u00f3j 23<br><strong>Poniedzia\u0142ek \u2013 pi\u0105tek: godz. 12.00 \u2013 15.00<br><\/strong>Tel. 505 668 132<br><a href=\"mailto:academia@pans.krosno.pl\"><strong>academia@pans.krosno.pl<br><\/strong><\/a>Facebook : <a href=\"https:\/\/pl-pl.facebook.com\/AcademiaPWSZ\/\">AcademiaPWSZ<\/a><\/p>\n\n\n<!--more-->\n<!--noteaser-->\n\n\n<p style=\"text-align: justify\">Oferujemy p\u0142atne kursy j\u0119zyk\u00f3w obcych (angielskiego, niemieckiego, hiszpa\u0144skiego, francuskiego i rosyjskiego) na wszystkich poziomach zaawansowania dla dzieci, m\u0142odzie\u017cy i doros\u0142ych.<\/p>\n<p style=\"text-align: justify\">Dbamy o jak najwy\u017cszy standard i&nbsp; dostosowujemy ofert\u0119 do potrzeb naszych kursant\u00f3w. Przygotowujemy do egzamin\u00f3w szkolnych i mi\u0119dzynarodowych Cambridge English.<\/p>\n<p style=\"text-align: justify\">Stworzyli\u015bmy warunki do nauki j\u0119zyk\u00f3w obcych por\u00f3wnywalne do presti\u017cowych szk\u00f3\u0142 j\u0119zykowych w wielkich metropoliach. Nasze starania zosta\u0142y wyr\u00f3\u017cnione przez og\u00f3lnopolskie i mi\u0119dzynarodowe instytucje. W maju 2019 roku uczniowie Academii zwyci\u0119\u017cyli w europejskim konkursie <em>\u2018Our Future\u2019<\/em>, zdobywaj\u0105c tytu\u0142 <em>European Regional Winner<\/em> za prezentacj\u0119 wizji szko\u0142y przysz\u0142o\u015bci, nagran\u0105 w j\u0119zyku angielskim w formie filmu wideo.&nbsp; W styczniu 2020 roku PWSZ w Kro\u015bnie zosta\u0142a wyr\u00f3\u017cniona przez British Council za najbardziej wyj\u0105tkow\u0105 kampani\u0119 reklamow\u0105.<\/p>\n<p style=\"text-align: justify\">&nbsp;Ju\u017c wkr\u00f3tce Academia stanie si\u0119 cz\u0119\u015bci\u0105 profesjonalnego i nowoczesnego Centrum Dydaktyki J\u0119zyk\u00f3w Obcych, na miar\u0119 XXII wieku.<\/p>\n\n\n<figure class=\"wp-block-image size-large\"><img loading=\"lazy\" decoding=\"async\" width=\"719\" height=\"1024\" src=\"https:\/\/pans.krosno.pl\/akjo\/wp-content\/uploads\/sites\/40\/2020\/08\/plakat-719x1024.png\" alt=\"\" class=\"wp-image-961\" srcset=\"https:\/\/pans.krosno.pl\/akjo\/wp-content\/uploads\/sites\/40\/2020\/08\/plakat-719x1024.png 719w, https:\/\/pans.krosno.pl\/akjo\/wp-content\/uploads\/sites\/40\/2020\/08\/plakat-211x300.png 211w, https:\/\/pans.krosno.pl\/akjo\/wp-content\/uploads\/sites\/40\/2020\/08\/plakat-768x1094.png 768w, https:\/\/pans.krosno.pl\/akjo\/wp-content\/uploads\/sites\/40\/2020\/08\/plakat-800x1140.png 800w, https:\/\/pans.krosno.pl\/akjo\/wp-content\/uploads\/sites\/40\/2020\/08\/plakat-580x826.png 580w, https:\/\/pans.krosno.pl\/akjo\/wp-content\/uploads\/sites\/40\/2020\/08\/plakat.png 834w\" sizes=\"auto, (max-width: 719px) 100vw, 719px\" \/><\/figure>\n","protected":false},"excerpt":{"rendered":"<p>Oferujemy p\u0142atne kursy j\u0119zyk\u00f3w obcych (angielskiego, niemieckiego, hiszpa\u0144skiego, francuskiego i rosyjskiego) na wszystkich poziomach zaawansowania dla dzieci, m\u0142odzie\u017cy i doros\u0142ych. Czytaj wi\u0119cej Studium J\u0119zyk\u00f3w Obcych przy PANS w Kro\u015bnie38-400 Krosno, ul. Kazimierza Wielkiego 8, pok\u00f3j 23Tel. 13 437 5555 Informacja o kursach Pa\u0144stwowa Akademia Nauk Stosowanych w Kro\u015bnieAcademia Kursy J\u0119zyk\u00f3w [\u2026] <\/p>\n<div class=\"clear\"><\/div>\n<p><a class=\"more_link clearfix\" href=\"https:\/\/pans.krosno.pl\/akjo\/oferta-academii\/\" rel=\"nofollow\">Read More<\/a><\/p>\n","protected":false},"author":1,"featured_media":4752,"parent":0,"menu_order":0,"comment_status":"closed","ping_status":"closed","template":"page-templates\/template-full-width.php","meta":{"ngg_post_thumbnail":0,"footnotes":""},"class_list":["post-35","page","type-page","status-publish","has-post-thumbnail","hentry"],"yoast_head":"<!-- This site is optimized with the Yoast SEO Premium plugin v27.4 (Yoast SEO v27.4) - https:\/\/yoast.com\/product\/yoast-seo-premium-wordpress\/ -->\n<title>Oferta Academii - Academia - Kursy J\u0119zyk\u00f3w Obcych PANS w Kro\u015bnie<\/title>\n<meta name=\"description\" content=\"Oferujemy p\u0142atne kursy j\u0119zyk\u00f3w obcych ( angielskiego, niemieckiego, hiszpa\u0144skiego, francuskiego i rosyjskiego)\" \/>\n<meta name=\"robots\" content=\"index, follow, max-snippet:-1, max-image-preview:large, max-video-preview:-1\" \/>\n<link rel=\"canonical\" href=\"https:\/\/pans.krosno.pl\/akjo\/oferta-academii\/\" \/>\n<meta property=\"og:locale\" content=\"pl_PL\" \/>\n<meta property=\"og:type\" content=\"article\" \/>\n<meta property=\"og:title\" content=\"Oferta Academii\" \/>\n<meta property=\"og:description\" content=\"Oferujemy p\u0142atne kursy j\u0119zyk\u00f3w obcych ( angielskiego, niemieckiego, hiszpa\u0144skiego, francuskiego i rosyjskiego)\" \/>\n<meta property=\"og:url\" content=\"https:\/\/pans.krosno.pl\/akjo\/oferta-academii\/\" \/>\n<meta property=\"og:site_name\" content=\"Academia - Kursy J\u0119zyk\u00f3w Obcych PANS w Kro\u015bnie\" \/>\n<meta property=\"article:modified_time\" content=\"2025-07-11T06:29:31+00:00\" \/>\n<meta property=\"og:image\" content=\"https:\/\/pans.krosno.pl\/akjo\/wp-content\/uploads\/sites\/40\/2025\/03\/DSCF9153.jpg\" \/>\n\t<meta property=\"og:image:width\" content=\"2500\" \/>\n\t<meta property=\"og:image:height\" content=\"1667\" \/>\n\t<meta property=\"og:image:type\" content=\"image\/jpeg\" \/>\n<meta name=\"twitter:card\" content=\"summary_large_image\" \/>\n<meta name=\"twitter:label1\" content=\"Szacowany czas czytania\" \/>\n\t<meta name=\"twitter:data1\" content=\"2 minuty\" \/>\n<script type=\"application\/ld+json\" class=\"yoast-schema-graph\">{\"@context\":\"https:\\\/\\\/schema.org\",\"@graph\":[{\"@type\":\"WebPage\",\"@id\":\"https:\\\/\\\/pans.krosno.pl\\\/akjo\\\/oferta-academii\\\/\",\"url\":\"https:\\\/\\\/pans.krosno.pl\\\/akjo\\\/oferta-academii\\\/\",\"name\":\"Oferta Academii - Academia - Kursy J\u0119zyk\u00f3w Obcych PANS w Kro\u015bnie\",\"isPartOf\":{\"@id\":\"https:\\\/\\\/pans.krosno.pl\\\/akjo\\\/#website\"},\"primaryImageOfPage\":{\"@id\":\"https:\\\/\\\/pans.krosno.pl\\\/akjo\\\/oferta-academii\\\/#primaryimage\"},\"image\":{\"@id\":\"https:\\\/\\\/pans.krosno.pl\\\/akjo\\\/oferta-academii\\\/#primaryimage\"},\"thumbnailUrl\":\"https:\\\/\\\/pans.krosno.pl\\\/akjo\\\/wp-content\\\/uploads\\\/sites\\\/40\\\/2025\\\/03\\\/DSCF9153.jpg\",\"datePublished\":\"2020-03-11T13:36:36+00:00\",\"dateModified\":\"2025-07-11T06:29:31+00:00\",\"description\":\"Oferujemy p\u0142atne kursy j\u0119zyk\u00f3w obcych ( angielskiego, niemieckiego, hiszpa\u0144skiego, francuskiego i rosyjskiego)\",\"breadcrumb\":{\"@id\":\"https:\\\/\\\/pans.krosno.pl\\\/akjo\\\/oferta-academii\\\/#breadcrumb\"},\"inLanguage\":\"pl-PL\",\"potentialAction\":[{\"@type\":\"ReadAction\",\"target\":[\"https:\\\/\\\/pans.krosno.pl\\\/akjo\\\/oferta-academii\\\/\"]}]},{\"@type\":\"ImageObject\",\"inLanguage\":\"pl-PL\",\"@id\":\"https:\\\/\\\/pans.krosno.pl\\\/akjo\\\/oferta-academii\\\/#primaryimage\",\"url\":\"https:\\\/\\\/pans.krosno.pl\\\/akjo\\\/wp-content\\\/uploads\\\/sites\\\/40\\\/2025\\\/03\\\/DSCF9153.jpg\",\"contentUrl\":\"https:\\\/\\\/pans.krosno.pl\\\/akjo\\\/wp-content\\\/uploads\\\/sites\\\/40\\\/2025\\\/03\\\/DSCF9153.jpg\",\"width\":2500,\"height\":1667},{\"@type\":\"BreadcrumbList\",\"@id\":\"https:\\\/\\\/pans.krosno.pl\\\/akjo\\\/oferta-academii\\\/#breadcrumb\",\"itemListElement\":[{\"@type\":\"ListItem\",\"position\":1,\"name\":\"Strona g\u0142\u00f3wna\",\"item\":\"https:\\\/\\\/pans.krosno.pl\\\/akjo\\\/\"},{\"@type\":\"ListItem\",\"position\":2,\"name\":\"Oferta Academii\"}]},{\"@type\":\"WebSite\",\"@id\":\"https:\\\/\\\/pans.krosno.pl\\\/akjo\\\/#website\",\"url\":\"https:\\\/\\\/pans.krosno.pl\\\/akjo\\\/\",\"name\":\"Academia - Kursy J\u0119zyk\u00f3w Obcych PANS w Kro\u015bnie\",\"description\":\"Academia - Kursy J\u0119zyk\u00f3w Obcych - Pa\u0144stwowa Akademia Nauk Stosowanych\",\"publisher\":{\"@id\":\"https:\\\/\\\/pans.krosno.pl\\\/akjo\\\/#organization\"},\"potentialAction\":[{\"@type\":\"SearchAction\",\"target\":{\"@type\":\"EntryPoint\",\"urlTemplate\":\"https:\\\/\\\/pans.krosno.pl\\\/akjo\\\/?s={search_term_string}\"},\"query-input\":{\"@type\":\"PropertyValueSpecification\",\"valueRequired\":true,\"valueName\":\"search_term_string\"}}],\"inLanguage\":\"pl-PL\"},{\"@type\":\"Organization\",\"@id\":\"https:\\\/\\\/pans.krosno.pl\\\/akjo\\\/#organization\",\"name\":\"Academia - Kursy J\u0119zyk\u00f3w Obcych PANS w Kro\u015bnie\",\"url\":\"https:\\\/\\\/pans.krosno.pl\\\/akjo\\\/\",\"logo\":{\"@type\":\"ImageObject\",\"inLanguage\":\"pl-PL\",\"@id\":\"https:\\\/\\\/pans.krosno.pl\\\/akjo\\\/#\\\/schema\\\/logo\\\/image\\\/\",\"url\":\"https:\\\/\\\/pans.krosno.pl\\\/akjo\\\/wp-content\\\/uploads\\\/sites\\\/40\\\/2023\\\/01\\\/Logo-PANS-2022-pelne.png\",\"contentUrl\":\"https:\\\/\\\/pans.krosno.pl\\\/akjo\\\/wp-content\\\/uploads\\\/sites\\\/40\\\/2023\\\/01\\\/Logo-PANS-2022-pelne.png\",\"width\":3096,\"height\":696,\"caption\":\"Academia - Kursy J\u0119zyk\u00f3w Obcych PANS w Kro\u015bnie\"},\"image\":{\"@id\":\"https:\\\/\\\/pans.krosno.pl\\\/akjo\\\/#\\\/schema\\\/logo\\\/image\\\/\"}}]}<\/script>\n<!-- \/ Yoast SEO Premium plugin. -->","yoast_head_json":{"title":"Oferta Academii - Academia - Kursy J\u0119zyk\u00f3w Obcych PANS w Kro\u015bnie","description":"Oferujemy p\u0142atne kursy j\u0119zyk\u00f3w obcych ( angielskiego, niemieckiego, hiszpa\u0144skiego, francuskiego i rosyjskiego)","robots":{"index":"index","follow":"follow","max-snippet":"max-snippet:-1","max-image-preview":"max-image-preview:large","max-video-preview":"max-video-preview:-1"},"canonical":"https:\/\/pans.krosno.pl\/akjo\/oferta-academii\/","og_locale":"pl_PL","og_type":"article","og_title":"Oferta Academii","og_description":"Oferujemy p\u0142atne kursy j\u0119zyk\u00f3w obcych ( angielskiego, niemieckiego, hiszpa\u0144skiego, francuskiego i rosyjskiego)","og_url":"https:\/\/pans.krosno.pl\/akjo\/oferta-academii\/","og_site_name":"Academia - Kursy J\u0119zyk\u00f3w Obcych PANS w Kro\u015bnie","article_modified_time":"2025-07-11T06:29:31+00:00","og_image":[{"width":2500,"height":1667,"url":"https:\/\/pans.krosno.pl\/akjo\/wp-content\/uploads\/sites\/40\/2025\/03\/DSCF9153.jpg","type":"image\/jpeg"}],"twitter_card":"summary_large_image","twitter_misc":{"Szacowany czas czytania":"2 minuty"},"schema":{"@context":"https:\/\/schema.org","@graph":[{"@type":"WebPage","@id":"https:\/\/pans.krosno.pl\/akjo\/oferta-academii\/","url":"https:\/\/pans.krosno.pl\/akjo\/oferta-academii\/","name":"Oferta Academii - Academia - Kursy J\u0119zyk\u00f3w Obcych PANS w Kro\u015bnie","isPartOf":{"@id":"https:\/\/pans.krosno.pl\/akjo\/#website"},"primaryImageOfPage":{"@id":"https:\/\/pans.krosno.pl\/akjo\/oferta-academii\/#primaryimage"},"image":{"@id":"https:\/\/pans.krosno.pl\/akjo\/oferta-academii\/#primaryimage"},"thumbnailUrl":"https:\/\/pans.krosno.pl\/akjo\/wp-content\/uploads\/sites\/40\/2025\/03\/DSCF9153.jpg","datePublished":"2020-03-11T13:36:36+00:00","dateModified":"2025-07-11T06:29:31+00:00","description":"Oferujemy p\u0142atne kursy j\u0119zyk\u00f3w obcych ( angielskiego, niemieckiego, hiszpa\u0144skiego, francuskiego i rosyjskiego)","breadcrumb":{"@id":"https:\/\/pans.krosno.pl\/akjo\/oferta-academii\/#breadcrumb"},"inLanguage":"pl-PL","potentialAction":[{"@type":"ReadAction","target":["https:\/\/pans.krosno.pl\/akjo\/oferta-academii\/"]}]},{"@type":"ImageObject","inLanguage":"pl-PL","@id":"https:\/\/pans.krosno.pl\/akjo\/oferta-academii\/#primaryimage","url":"https:\/\/pans.krosno.pl\/akjo\/wp-content\/uploads\/sites\/40\/2025\/03\/DSCF9153.jpg","contentUrl":"https:\/\/pans.krosno.pl\/akjo\/wp-content\/uploads\/sites\/40\/2025\/03\/DSCF9153.jpg","width":2500,"height":1667},{"@type":"BreadcrumbList","@id":"https:\/\/pans.krosno.pl\/akjo\/oferta-academii\/#breadcrumb","itemListElement":[{"@type":"ListItem","position":1,"name":"Strona g\u0142\u00f3wna","item":"https:\/\/pans.krosno.pl\/akjo\/"},{"@type":"ListItem","position":2,"name":"Oferta Academii"}]},{"@type":"WebSite","@id":"https:\/\/pans.krosno.pl\/akjo\/#website","url":"https:\/\/pans.krosno.pl\/akjo\/","name":"Academia - Kursy J\u0119zyk\u00f3w Obcych PANS w Kro\u015bnie","description":"Academia - Kursy J\u0119zyk\u00f3w Obcych - Pa\u0144stwowa Akademia Nauk Stosowanych","publisher":{"@id":"https:\/\/pans.krosno.pl\/akjo\/#organization"},"potentialAction":[{"@type":"SearchAction","target":{"@type":"EntryPoint","urlTemplate":"https:\/\/pans.krosno.pl\/akjo\/?s={search_term_string}"},"query-input":{"@type":"PropertyValueSpecification","valueRequired":true,"valueName":"search_term_string"}}],"inLanguage":"pl-PL"},{"@type":"Organization","@id":"https:\/\/pans.krosno.pl\/akjo\/#organization","name":"Academia - Kursy J\u0119zyk\u00f3w Obcych PANS w Kro\u015bnie","url":"https:\/\/pans.krosno.pl\/akjo\/","logo":{"@type":"ImageObject","inLanguage":"pl-PL","@id":"https:\/\/pans.krosno.pl\/akjo\/#\/schema\/logo\/image\/","url":"https:\/\/pans.krosno.pl\/akjo\/wp-content\/uploads\/sites\/40\/2023\/01\/Logo-PANS-2022-pelne.png","contentUrl":"https:\/\/pans.krosno.pl\/akjo\/wp-content\/uploads\/sites\/40\/2023\/01\/Logo-PANS-2022-pelne.png","width":3096,"height":696,"caption":"Academia - Kursy J\u0119zyk\u00f3w Obcych PANS w Kro\u015bnie"},"image":{"@id":"https:\/\/pans.krosno.pl\/akjo\/#\/schema\/logo\/image\/"}}]}},"_links":{"self":[{"href":"https:\/\/pans.krosno.pl\/akjo\/wp-json\/wp\/v2\/pages\/35","targetHints":{"allow":["GET"]}}],"collection":[{"href":"https:\/\/pans.krosno.pl\/akjo\/wp-json\/wp\/v2\/pages"}],"about":[{"href":"https:\/\/pans.krosno.pl\/akjo\/wp-json\/wp\/v2\/types\/page"}],"author":[{"embeddable":true,"href":"https:\/\/pans.krosno.pl\/akjo\/wp-json\/wp\/v2\/users\/1"}],"replies":[{"embeddable":true,"href":"https:\/\/pans.krosno.pl\/akjo\/wp-json\/wp\/v2\/comments?post=35"}],"version-history":[{"count":25,"href":"https:\/\/pans.krosno.pl\/akjo\/wp-json\/wp\/v2\/pages\/35\/revisions"}],"predecessor-version":[{"id":4942,"href":"https:\/\/pans.krosno.pl\/akjo\/wp-json\/wp\/v2\/pages\/35\/revisions\/4942"}],"wp:featuredmedia":[{"embeddable":true,"href":"https:\/\/pans.krosno.pl\/akjo\/wp-json\/wp\/v2\/media\/4752"}],"wp:attachment":[{"href":"https:\/\/pans.krosno.pl\/akjo\/wp-json\/wp\/v2\/media?parent=35"}],"curies":[{"name":"wp","href":"https:\/\/api.w.org\/{rel}","templated":true}]}}