{"id":33,"date":"2020-03-11T14:36:36","date_gmt":"2020-03-11T13:36:36","guid":{"rendered":"https:\/\/pans.krosno.pl\/akjo\/?page_id=33"},"modified":"2025-07-16T10:40:43","modified_gmt":"2025-07-16T08:40:43","slug":"cennik","status":"publish","type":"page","link":"https:\/\/pans.krosno.pl\/akjo\/cennik\/","title":{"rendered":"Cennik"},"content":{"rendered":"<h3 class=\"tytul4\">Academia &#8211; odp\u0142atno\u015b\u0107 za kursy j\u0119zykowe w roku 2024\/2025<\/h3>\n<p>Zaj\u0119cia grupowe odbywaj\u0105 si\u0119 raz w tygodniu, z kr\u00f3tk\u0105 przerw\u0105 pomi\u0119dzy godzinami lekcyjnymi dla dzieci (po 30 lub 45 minutach).<\/p>\n<p>Grupy dzieci\u0119ce (0, 1, 2 klasa) &#8211; 20 z\u0142\/ 30 min od osoby<\/p>\n<p>Grupy w klasach 3-6 &#8211; 25 z\u0142\/ 45 min od osoby<\/p>\n<p>Grupy od klasy 7 w g\u00f3r\u0119 i doros\u0142e &#8211; 30 z\u0142 \/ 45 min od osoby<\/p>\n<p>Zaj\u0119cia indywidualne:<br \/>\n100 z\u0142\/ 45 minut<br \/>\n130 z\u0142\/ 60 minut<\/p>\n<p>W przypadku grup licz\u0105cych mniej ni\u017c 5 os\u00f3b op\u0142ata mo\u017ce by\u0107 dostosowana w zale\u017cno\u015bci od grupy.<\/p>\n","protected":false},"excerpt":{"rendered":"<p>Academia &#8211; odp\u0142atno\u015b\u0107 za kursy j\u0119zykowe w roku 2024\/2025 Zaj\u0119cia grupowe odbywaj\u0105 si\u0119 raz w tygodniu, z kr\u00f3tk\u0105 przerw\u0105 pomi\u0119dzy godzinami lekcyjnymi dla dzieci (po 30 lub 45 minutach). Grupy dzieci\u0119ce (0, 1, 2 klasa) &#8211; 20 z\u0142\/ 30 min od osoby Grupy w klasach 3-6 &#8211; 25 z\u0142\/ 45 [\u2026] <\/p>\n<div class=\"clear\"><\/div>\n<p><a class=\"more_link clearfix\" href=\"https:\/\/pans.krosno.pl\/akjo\/cennik\/\" rel=\"nofollow\">Read More<\/a><\/p>\n","protected":false},"author":1,"featured_media":0,"parent":0,"menu_order":0,"comment_status":"closed","ping_status":"closed","template":"page-templates\/template-full-width.php","meta":{"ngg_post_thumbnail":0,"footnotes":""},"class_list":["post-33","page","type-page","status-publish","hentry"],"yoast_head":"<!-- This site is optimized with the Yoast SEO Premium plugin v27.3 (Yoast SEO v27.3) - https:\/\/yoast.com\/product\/yoast-seo-premium-wordpress\/ -->\n<title>Cennik - Academia - Kursy J\u0119zyk\u00f3w Obcych PANS w Kro\u015bnie<\/title>\n<meta name=\"robots\" content=\"index, follow, max-snippet:-1, max-image-preview:large, max-video-preview:-1\" \/>\n<link rel=\"canonical\" href=\"https:\/\/pans.krosno.pl\/akjo\/cennik\/\" \/>\n<meta property=\"og:locale\" content=\"pl_PL\" \/>\n<meta property=\"og:type\" content=\"article\" \/>\n<meta property=\"og:title\" content=\"Cennik\" \/>\n<meta property=\"og:description\" content=\"Academia &#8211; odp\u0142atno\u015b\u0107 za kursy j\u0119zykowe w roku 2024\/2025 Zaj\u0119cia grupowe odbywaj\u0105 si\u0119 raz w tygodniu, z kr\u00f3tk\u0105 przerw\u0105 pomi\u0119dzy godzinami lekcyjnymi dla dzieci (po 30 lub 45 minutach). Grupy dzieci\u0119ce (0, 1, 2 klasa) &#8211; 20 z\u0142\/ 30 min od osoby Grupy w klasach 3-6 &#8211; 25 z\u0142\/ 45 [\u2026] Read More\" \/>\n<meta property=\"og:url\" content=\"https:\/\/pans.krosno.pl\/akjo\/cennik\/\" \/>\n<meta property=\"og:site_name\" content=\"Academia - Kursy J\u0119zyk\u00f3w Obcych PANS w Kro\u015bnie\" \/>\n<meta property=\"article:modified_time\" content=\"2025-07-16T08:40:43+00:00\" \/>\n<meta name=\"twitter:card\" content=\"summary_large_image\" \/>\n<meta name=\"twitter:label1\" content=\"Szacowany czas czytania\" \/>\n\t<meta name=\"twitter:data1\" content=\"1 minuta\" \/>\n<script type=\"application\/ld+json\" class=\"yoast-schema-graph\">{\"@context\":\"https:\\\/\\\/schema.org\",\"@graph\":[{\"@type\":\"WebPage\",\"@id\":\"https:\\\/\\\/pans.krosno.pl\\\/akjo\\\/cennik\\\/\",\"url\":\"https:\\\/\\\/pans.krosno.pl\\\/akjo\\\/cennik\\\/\",\"name\":\"Cennik - Academia - Kursy J\u0119zyk\u00f3w Obcych PANS w Kro\u015bnie\",\"isPartOf\":{\"@id\":\"https:\\\/\\\/pans.krosno.pl\\\/akjo\\\/#website\"},\"datePublished\":\"2020-03-11T13:36:36+00:00\",\"dateModified\":\"2025-07-16T08:40:43+00:00\",\"breadcrumb\":{\"@id\":\"https:\\\/\\\/pans.krosno.pl\\\/akjo\\\/cennik\\\/#breadcrumb\"},\"inLanguage\":\"pl-PL\",\"potentialAction\":[{\"@type\":\"ReadAction\",\"target\":[\"https:\\\/\\\/pans.krosno.pl\\\/akjo\\\/cennik\\\/\"]}]},{\"@type\":\"BreadcrumbList\",\"@id\":\"https:\\\/\\\/pans.krosno.pl\\\/akjo\\\/cennik\\\/#breadcrumb\",\"itemListElement\":[{\"@type\":\"ListItem\",\"position\":1,\"name\":\"Strona g\u0142\u00f3wna\",\"item\":\"https:\\\/\\\/pans.krosno.pl\\\/akjo\\\/\"},{\"@type\":\"ListItem\",\"position\":2,\"name\":\"Cennik\"}]},{\"@type\":\"WebSite\",\"@id\":\"https:\\\/\\\/pans.krosno.pl\\\/akjo\\\/#website\",\"url\":\"https:\\\/\\\/pans.krosno.pl\\\/akjo\\\/\",\"name\":\"Academia - Kursy J\u0119zyk\u00f3w Obcych PANS w Kro\u015bnie\",\"description\":\"Academia - Kursy J\u0119zyk\u00f3w Obcych - Pa\u0144stwowa Akademia Nauk Stosowanych\",\"publisher\":{\"@id\":\"https:\\\/\\\/pans.krosno.pl\\\/akjo\\\/#organization\"},\"potentialAction\":[{\"@type\":\"SearchAction\",\"target\":{\"@type\":\"EntryPoint\",\"urlTemplate\":\"https:\\\/\\\/pans.krosno.pl\\\/akjo\\\/?s={search_term_string}\"},\"query-input\":{\"@type\":\"PropertyValueSpecification\",\"valueRequired\":true,\"valueName\":\"search_term_string\"}}],\"inLanguage\":\"pl-PL\"},{\"@type\":\"Organization\",\"@id\":\"https:\\\/\\\/pans.krosno.pl\\\/akjo\\\/#organization\",\"name\":\"Academia - Kursy J\u0119zyk\u00f3w Obcych PANS w Kro\u015bnie\",\"url\":\"https:\\\/\\\/pans.krosno.pl\\\/akjo\\\/\",\"logo\":{\"@type\":\"ImageObject\",\"inLanguage\":\"pl-PL\",\"@id\":\"https:\\\/\\\/pans.krosno.pl\\\/akjo\\\/#\\\/schema\\\/logo\\\/image\\\/\",\"url\":\"https:\\\/\\\/pans.krosno.pl\\\/akjo\\\/wp-content\\\/uploads\\\/sites\\\/40\\\/2023\\\/01\\\/Logo-PANS-2022-pelne.png\",\"contentUrl\":\"https:\\\/\\\/pans.krosno.pl\\\/akjo\\\/wp-content\\\/uploads\\\/sites\\\/40\\\/2023\\\/01\\\/Logo-PANS-2022-pelne.png\",\"width\":3096,\"height\":696,\"caption\":\"Academia - Kursy J\u0119zyk\u00f3w Obcych PANS w Kro\u015bnie\"},\"image\":{\"@id\":\"https:\\\/\\\/pans.krosno.pl\\\/akjo\\\/#\\\/schema\\\/logo\\\/image\\\/\"}}]}<\/script>\n<!-- \/ Yoast SEO Premium plugin. -->","yoast_head_json":{"title":"Cennik - Academia - Kursy J\u0119zyk\u00f3w Obcych PANS w Kro\u015bnie","robots":{"index":"index","follow":"follow","max-snippet":"max-snippet:-1","max-image-preview":"max-image-preview:large","max-video-preview":"max-video-preview:-1"},"canonical":"https:\/\/pans.krosno.pl\/akjo\/cennik\/","og_locale":"pl_PL","og_type":"article","og_title":"Cennik","og_description":"Academia &#8211; odp\u0142atno\u015b\u0107 za kursy j\u0119zykowe w roku 2024\/2025 Zaj\u0119cia grupowe odbywaj\u0105 si\u0119 raz w tygodniu, z kr\u00f3tk\u0105 przerw\u0105 pomi\u0119dzy godzinami lekcyjnymi dla dzieci (po 30 lub 45 minutach). Grupy dzieci\u0119ce (0, 1, 2 klasa) &#8211; 20 z\u0142\/ 30 min od osoby Grupy w klasach 3-6 &#8211; 25 z\u0142\/ 45 [\u2026] Read More","og_url":"https:\/\/pans.krosno.pl\/akjo\/cennik\/","og_site_name":"Academia - Kursy J\u0119zyk\u00f3w Obcych PANS w Kro\u015bnie","article_modified_time":"2025-07-16T08:40:43+00:00","twitter_card":"summary_large_image","twitter_misc":{"Szacowany czas czytania":"1 minuta"},"schema":{"@context":"https:\/\/schema.org","@graph":[{"@type":"WebPage","@id":"https:\/\/pans.krosno.pl\/akjo\/cennik\/","url":"https:\/\/pans.krosno.pl\/akjo\/cennik\/","name":"Cennik - Academia - Kursy J\u0119zyk\u00f3w Obcych PANS w Kro\u015bnie","isPartOf":{"@id":"https:\/\/pans.krosno.pl\/akjo\/#website"},"datePublished":"2020-03-11T13:36:36+00:00","dateModified":"2025-07-16T08:40:43+00:00","breadcrumb":{"@id":"https:\/\/pans.krosno.pl\/akjo\/cennik\/#breadcrumb"},"inLanguage":"pl-PL","potentialAction":[{"@type":"ReadAction","target":["https:\/\/pans.krosno.pl\/akjo\/cennik\/"]}]},{"@type":"BreadcrumbList","@id":"https:\/\/pans.krosno.pl\/akjo\/cennik\/#breadcrumb","itemListElement":[{"@type":"ListItem","position":1,"name":"Strona g\u0142\u00f3wna","item":"https:\/\/pans.krosno.pl\/akjo\/"},{"@type":"ListItem","position":2,"name":"Cennik"}]},{"@type":"WebSite","@id":"https:\/\/pans.krosno.pl\/akjo\/#website","url":"https:\/\/pans.krosno.pl\/akjo\/","name":"Academia - Kursy J\u0119zyk\u00f3w Obcych PANS w Kro\u015bnie","description":"Academia - Kursy J\u0119zyk\u00f3w Obcych - Pa\u0144stwowa Akademia Nauk Stosowanych","publisher":{"@id":"https:\/\/pans.krosno.pl\/akjo\/#organization"},"potentialAction":[{"@type":"SearchAction","target":{"@type":"EntryPoint","urlTemplate":"https:\/\/pans.krosno.pl\/akjo\/?s={search_term_string}"},"query-input":{"@type":"PropertyValueSpecification","valueRequired":true,"valueName":"search_term_string"}}],"inLanguage":"pl-PL"},{"@type":"Organization","@id":"https:\/\/pans.krosno.pl\/akjo\/#organization","name":"Academia - Kursy J\u0119zyk\u00f3w Obcych PANS w Kro\u015bnie","url":"https:\/\/pans.krosno.pl\/akjo\/","logo":{"@type":"ImageObject","inLanguage":"pl-PL","@id":"https:\/\/pans.krosno.pl\/akjo\/#\/schema\/logo\/image\/","url":"https:\/\/pans.krosno.pl\/akjo\/wp-content\/uploads\/sites\/40\/2023\/01\/Logo-PANS-2022-pelne.png","contentUrl":"https:\/\/pans.krosno.pl\/akjo\/wp-content\/uploads\/sites\/40\/2023\/01\/Logo-PANS-2022-pelne.png","width":3096,"height":696,"caption":"Academia - Kursy J\u0119zyk\u00f3w Obcych PANS w Kro\u015bnie"},"image":{"@id":"https:\/\/pans.krosno.pl\/akjo\/#\/schema\/logo\/image\/"}}]}},"_links":{"self":[{"href":"https:\/\/pans.krosno.pl\/akjo\/wp-json\/wp\/v2\/pages\/33","targetHints":{"allow":["GET"]}}],"collection":[{"href":"https:\/\/pans.krosno.pl\/akjo\/wp-json\/wp\/v2\/pages"}],"about":[{"href":"https:\/\/pans.krosno.pl\/akjo\/wp-json\/wp\/v2\/types\/page"}],"author":[{"embeddable":true,"href":"https:\/\/pans.krosno.pl\/akjo\/wp-json\/wp\/v2\/users\/1"}],"replies":[{"embeddable":true,"href":"https:\/\/pans.krosno.pl\/akjo\/wp-json\/wp\/v2\/comments?post=33"}],"version-history":[{"count":8,"href":"https:\/\/pans.krosno.pl\/akjo\/wp-json\/wp\/v2\/pages\/33\/revisions"}],"predecessor-version":[{"id":4945,"href":"https:\/\/pans.krosno.pl\/akjo\/wp-json\/wp\/v2\/pages\/33\/revisions\/4945"}],"wp:attachment":[{"href":"https:\/\/pans.krosno.pl\/akjo\/wp-json\/wp\/v2\/media?parent=33"}],"curies":[{"name":"wp","href":"https:\/\/api.w.org\/{rel}","templated":true}]}}