{"id":48,"date":"2020-09-14T14:53:16","date_gmt":"2020-09-14T12:53:16","guid":{"rendered":"https:\/\/pans.krosno.pl\/air\/?page_id=48"},"modified":"2025-06-04T09:37:29","modified_gmt":"2025-06-04T07:37:29","slug":"opiekunowie-rocznikow","status":"publish","type":"page","link":"https:\/\/pans.krosno.pl\/air\/opiekunowie-rocznikow\/","title":{"rendered":"Opiekunowie rocznik\u00f3w"},"content":{"rendered":"\n<p><strong>Opiekunowie poszczeg\u00f3lnych rocznik\u00f3w oraz kontakt<\/strong><\/p>\n\n\n\n<figure class=\"wp-block-table is-style-stripes\"><table><thead><tr><th class=\"has-text-align-center\" data-align=\"center\">Rok<\/th><th class=\"has-text-align-left\" data-align=\"left\">Rodzaj<\/th><th class=\"has-text-align-left\" data-align=\"left\">Opiekun<\/th><th class=\"has-text-align-left\" data-align=\"left\">Kontakt<\/th><\/tr><\/thead><tbody><tr><td class=\"has-text-align-center\" data-align=\"center\">I<\/td><td class=\"has-text-align-left\" data-align=\"left\">stacjonarne<\/td><td class=\"has-text-align-left\" data-align=\"left\"><a href=\"https:\/\/pans.krosno.pl\/pracownicy\/radoslaw-kruk\/\" target=\"_blank\" rel=\"noreferrer noopener\">mgr in\u017c. Rados\u0142aw Kruk<\/a><\/td><td class=\"has-text-align-left\" data-align=\"left\">radoslaw.kruk@pans.krosno.pl<\/td><\/tr><tr><td class=\"has-text-align-center\" data-align=\"center\">II<\/td><td class=\"has-text-align-left\" data-align=\"left\">stacjonarne<\/td><td class=\"has-text-align-left\" data-align=\"left\"><a href=\"https:\/\/pans.krosno.pl\/pracownicy\/renata-bal\/\" target=\"_blank\" rel=\"noreferrer noopener\">dr Renata Bal<\/a><\/td><td class=\"has-text-align-left\" data-align=\"left\">renata.bal@pans.krosno.pl<\/td><\/tr><tr><td class=\"has-text-align-center\" data-align=\"center\">III<\/td><td class=\"has-text-align-left\" data-align=\"left\">stacjonarne<\/td><td class=\"has-text-align-left\" data-align=\"left\"><a href=\"https:\/\/pans.krosno.pl\/pracownicy\/katarzyna-czupinska\/\" target=\"_blank\" rel=\"noreferrer noopener\">dr Katarzyna Czupi\u0144ska<\/a><\/td><td class=\"has-text-align-left\" data-align=\"left\">katarzyna.czupinska@pans.krosno.pl<\/td><\/tr><\/tbody><\/table><\/figure>\n\n\n\n<hr class=\"wp-block-separator has-css-opacity\" \/>\n\n\n\n<p>Konsultacje opiekun\u00f3w rocznik\u00f3w<\/p>\n\n\n\n<figure class=\"wp-block-table is-style-stripes\"><table><thead><tr><th class=\"has-text-align-left\" data-align=\"left\">Imi\u0119 i nazwisko<\/th><th class=\"has-text-align-left\" data-align=\"left\">Dzie\u0144<\/th><th class=\"has-text-align-left\" data-align=\"left\">Godzina<\/th><th class=\"has-text-align-left\" data-align=\"left\">Miejsce<\/th><th>Dane online<\/th><\/tr><\/thead><tbody><tr><td class=\"has-text-align-left\" data-align=\"left\"><a href=\"https:\/\/pans.krosno.pl\/pracownicy\/radoslaw-kruk\/\" target=\"_blank\" rel=\"noreferrer noopener\">mgr in\u017c. Rados\u0142aw Kruk<\/a><\/td><td class=\"has-text-align-left\" data-align=\"left\">pi\u0105tki A<br>\u015brody B<\/td><td class=\"has-text-align-left\" data-align=\"left\">11:00-13:00<br>11:00-13:00<\/td><td class=\"has-text-align-left\" data-align=\"left\">ul. \u017bwirki i Wigury 9A, sala 28A<br>ul. \u017bwirki i Wigury 9A, sala 28A<\/td><td><\/td><\/tr><tr><td class=\"has-text-align-left\" data-align=\"left\"><a href=\"https:\/\/pans.krosno.pl\/pracownicy\/renata-bal\/\" target=\"_blank\" rel=\"noreferrer noopener\">dr Renata Bal<\/a><\/td><td class=\"has-text-align-left\" data-align=\"left\">pi\u0105tki<\/td><td class=\"has-text-align-left\" data-align=\"left\">13:00-15:00<\/td><td class=\"has-text-align-left\" data-align=\"left\">ul. \u017bwirki i Wigury 9A, sala 23A<\/td><td><\/td><\/tr><tr><td class=\"has-text-align-left\" data-align=\"left\"><a href=\"https:\/\/pans.krosno.pl\/pracownicy\/katarzyna-czupinska\/\" target=\"_blank\" rel=\"noreferrer noopener\">dr Katarzyna Czupi\u0144ska<\/a><\/td><td class=\"has-text-align-left\" data-align=\"left\">wtorki<br>\u015brody A<br>czwartki B<\/td><td class=\"has-text-align-left\" data-align=\"left\">8:00-9:00<br>12:15-13:15<br>14:00-15:00<\/td><td class=\"has-text-align-left\" data-align=\"left\"><br>ul. \u017bwirki i Wigury 9A, sala 1<br>ul. Dmochowskiego 12<\/td><td><a href=\"https:\/\/teams.microsoft.com\/l\/meetup-join\/19%3ameeting_OTdjYmQ5YTUtNDRlNi00NGU4LWJiY2MtYjlhY2NiNzZjNGI3%40thread.v2\/0?context=%7b%22Tid%22%3a%2296d73bb3-f85d-42bd-90bb-d291863d303b%22%2c%22Oid%22%3a%22244201c4-b3d5-4cf4-922b-de07c182b0b5%22%7d\" target=\"_blank\" rel=\"noreferrer noopener\">Link MS Teams<\/a><br><br><br><\/td><\/tr><\/tbody><\/table><\/figure>\n","protected":false},"excerpt":{"rendered":"<p>Opiekunowie poszczeg\u00f3lnych rocznik\u00f3w oraz kontakt Rok Rodzaj Opiekun Kontakt I stacjonarne mgr in\u017c. Rados\u0142aw Kruk radoslaw.kruk@pans.krosno.pl II stacjonarne dr Renata Bal renata.bal@pans.krosno.pl III stacjonarne dr Katarzyna Czupi\u0144ska katarzyna.czupinska@pans.krosno.pl Konsultacje opiekun\u00f3w rocznik\u00f3w Imi\u0119 i nazwisko Dzie\u0144 Godzina Miejsce Dane online mgr in\u017c. Rados\u0142aw Kruk pi\u0105tki A\u015brody B 11:00-13:0011:00-13:00 ul. \u017bwirki i [\u2026] <\/p>\n<div class=\"clear\"><\/div>\n<p><a class=\"more_link clearfix\" href=\"https:\/\/pans.krosno.pl\/air\/opiekunowie-rocznikow\/\" rel=\"nofollow\">Read More<\/a><\/p>\n","protected":false},"author":27,"featured_media":0,"parent":0,"menu_order":0,"comment_status":"closed","ping_status":"closed","template":"","meta":{"ngg_post_thumbnail":0,"footnotes":""},"class_list":["post-48","page","type-page","status-publish","hentry"],"yoast_head":"<!-- This site is optimized with the Yoast SEO Premium plugin v27.3 (Yoast SEO v27.3) - https:\/\/yoast.com\/product\/yoast-seo-premium-wordpress\/ -->\n<title>Opiekunowie rocznik\u00f3w - Automatyka i robotyka PANS w Kro\u015bnie<\/title>\n<meta name=\"robots\" content=\"index, follow, max-snippet:-1, max-image-preview:large, max-video-preview:-1\" \/>\n<link rel=\"canonical\" href=\"https:\/\/pans.krosno.pl\/air\/opiekunowie-rocznikow\/\" \/>\n<meta property=\"og:locale\" content=\"pl_PL\" \/>\n<meta property=\"og:type\" content=\"article\" \/>\n<meta property=\"og:title\" content=\"Opiekunowie rocznik\u00f3w\" \/>\n<meta property=\"og:description\" content=\"Opiekunowie poszczeg\u00f3lnych rocznik\u00f3w oraz kontakt Rok Rodzaj Opiekun Kontakt I stacjonarne mgr in\u017c. Rados\u0142aw Kruk radoslaw.kruk@pans.krosno.pl II stacjonarne dr Renata Bal renata.bal@pans.krosno.pl III stacjonarne dr Katarzyna Czupi\u0144ska katarzyna.czupinska@pans.krosno.pl Konsultacje opiekun\u00f3w rocznik\u00f3w Imi\u0119 i nazwisko Dzie\u0144 Godzina Miejsce Dane online mgr in\u017c. Rados\u0142aw Kruk pi\u0105tki A\u015brody B 11:00-13:0011:00-13:00 ul. \u017bwirki i [\u2026] Read More\" \/>\n<meta property=\"og:url\" content=\"https:\/\/pans.krosno.pl\/air\/opiekunowie-rocznikow\/\" \/>\n<meta property=\"og:site_name\" content=\"Automatyka i robotyka PANS w Kro\u015bnie\" \/>\n<meta property=\"article:publisher\" content=\"https:\/\/www.facebook.com\/StudiaKrosno\/\" \/>\n<meta property=\"article:modified_time\" content=\"2025-06-04T07:37:29+00:00\" \/>\n<meta name=\"twitter:card\" content=\"summary_large_image\" \/>\n<meta name=\"twitter:label1\" content=\"Szacowany czas czytania\" \/>\n\t<meta name=\"twitter:data1\" content=\"1 minuta\" \/>\n<script type=\"application\/ld+json\" class=\"yoast-schema-graph\">{\"@context\":\"https:\\\/\\\/schema.org\",\"@graph\":[{\"@type\":\"WebPage\",\"@id\":\"https:\\\/\\\/pans.krosno.pl\\\/air\\\/opiekunowie-rocznikow\\\/\",\"url\":\"https:\\\/\\\/pans.krosno.pl\\\/air\\\/opiekunowie-rocznikow\\\/\",\"name\":\"Opiekunowie rocznik\u00f3w - Automatyka i robotyka PANS w Kro\u015bnie\",\"isPartOf\":{\"@id\":\"https:\\\/\\\/pans.krosno.pl\\\/air\\\/#website\"},\"datePublished\":\"2020-09-14T12:53:16+00:00\",\"dateModified\":\"2025-06-04T07:37:29+00:00\",\"breadcrumb\":{\"@id\":\"https:\\\/\\\/pans.krosno.pl\\\/air\\\/opiekunowie-rocznikow\\\/#breadcrumb\"},\"inLanguage\":\"pl-PL\",\"potentialAction\":[{\"@type\":\"ReadAction\",\"target\":[\"https:\\\/\\\/pans.krosno.pl\\\/air\\\/opiekunowie-rocznikow\\\/\"]}]},{\"@type\":\"BreadcrumbList\",\"@id\":\"https:\\\/\\\/pans.krosno.pl\\\/air\\\/opiekunowie-rocznikow\\\/#breadcrumb\",\"itemListElement\":[{\"@type\":\"ListItem\",\"position\":1,\"name\":\"Strona g\u0142\u00f3wna\",\"item\":\"https:\\\/\\\/pans.krosno.pl\\\/air\\\/\"},{\"@type\":\"ListItem\",\"position\":2,\"name\":\"Opiekunowie rocznik\u00f3w\"}]},{\"@type\":\"WebSite\",\"@id\":\"https:\\\/\\\/pans.krosno.pl\\\/air\\\/#website\",\"url\":\"https:\\\/\\\/pans.krosno.pl\\\/air\\\/\",\"name\":\"KPU w Kro\u015bnie\",\"description\":\"Automatyka i robotyka - Pa\u0144stwowa Akademia Nauk Stosowanych\",\"publisher\":{\"@id\":\"https:\\\/\\\/pans.krosno.pl\\\/air\\\/#organization\"},\"potentialAction\":[{\"@type\":\"SearchAction\",\"target\":{\"@type\":\"EntryPoint\",\"urlTemplate\":\"https:\\\/\\\/pans.krosno.pl\\\/air\\\/?s={search_term_string}\"},\"query-input\":{\"@type\":\"PropertyValueSpecification\",\"valueRequired\":true,\"valueName\":\"search_term_string\"}}],\"inLanguage\":\"pl-PL\"},{\"@type\":\"Organization\",\"@id\":\"https:\\\/\\\/pans.krosno.pl\\\/air\\\/#organization\",\"name\":\"Karpacka Pa\u0144stwowa Uczelnia w Kro\u015bnie\",\"url\":\"https:\\\/\\\/pans.krosno.pl\\\/air\\\/\",\"logo\":{\"@type\":\"ImageObject\",\"inLanguage\":\"pl-PL\",\"@id\":\"https:\\\/\\\/pans.krosno.pl\\\/air\\\/#\\\/schema\\\/logo\\\/image\\\/\",\"url\":\"\",\"contentUrl\":\"\",\"caption\":\"Karpacka Pa\u0144stwowa Uczelnia w Kro\u015bnie\"},\"image\":{\"@id\":\"https:\\\/\\\/pans.krosno.pl\\\/air\\\/#\\\/schema\\\/logo\\\/image\\\/\"},\"sameAs\":[\"https:\\\/\\\/www.facebook.com\\\/StudiaKrosno\\\/\",\"https:\\\/\\\/www.instagram.com\\\/studia.krosno\",\"https:\\\/\\\/pl.linkedin.com\\\/company\\\/pwsz-krosno\",\"https:\\\/\\\/www.youtube.com\\\/user\\\/pwszkrosno\\\/\",\"https:\\\/\\\/pl.wikipedia.org\\\/wiki\\\/Pa\u0144stwowa_Wy\u017csza_Szko\u0142a_Zawodowa_im._Stanis\u0142awa_Pigonia_w_Kro\u015bnie\"]}]}<\/script>\n<!-- \/ Yoast SEO Premium plugin. -->","yoast_head_json":{"title":"Opiekunowie rocznik\u00f3w - Automatyka i robotyka PANS w Kro\u015bnie","robots":{"index":"index","follow":"follow","max-snippet":"max-snippet:-1","max-image-preview":"max-image-preview:large","max-video-preview":"max-video-preview:-1"},"canonical":"https:\/\/pans.krosno.pl\/air\/opiekunowie-rocznikow\/","og_locale":"pl_PL","og_type":"article","og_title":"Opiekunowie rocznik\u00f3w","og_description":"Opiekunowie poszczeg\u00f3lnych rocznik\u00f3w oraz kontakt Rok Rodzaj Opiekun Kontakt I stacjonarne mgr in\u017c. Rados\u0142aw Kruk radoslaw.kruk@pans.krosno.pl II stacjonarne dr Renata Bal renata.bal@pans.krosno.pl III stacjonarne dr Katarzyna Czupi\u0144ska katarzyna.czupinska@pans.krosno.pl Konsultacje opiekun\u00f3w rocznik\u00f3w Imi\u0119 i nazwisko Dzie\u0144 Godzina Miejsce Dane online mgr in\u017c. Rados\u0142aw Kruk pi\u0105tki A\u015brody B 11:00-13:0011:00-13:00 ul. \u017bwirki i [\u2026] Read More","og_url":"https:\/\/pans.krosno.pl\/air\/opiekunowie-rocznikow\/","og_site_name":"Automatyka i robotyka PANS w Kro\u015bnie","article_publisher":"https:\/\/www.facebook.com\/StudiaKrosno\/","article_modified_time":"2025-06-04T07:37:29+00:00","twitter_card":"summary_large_image","twitter_misc":{"Szacowany czas czytania":"1 minuta"},"schema":{"@context":"https:\/\/schema.org","@graph":[{"@type":"WebPage","@id":"https:\/\/pans.krosno.pl\/air\/opiekunowie-rocznikow\/","url":"https:\/\/pans.krosno.pl\/air\/opiekunowie-rocznikow\/","name":"Opiekunowie rocznik\u00f3w - Automatyka i robotyka PANS w Kro\u015bnie","isPartOf":{"@id":"https:\/\/pans.krosno.pl\/air\/#website"},"datePublished":"2020-09-14T12:53:16+00:00","dateModified":"2025-06-04T07:37:29+00:00","breadcrumb":{"@id":"https:\/\/pans.krosno.pl\/air\/opiekunowie-rocznikow\/#breadcrumb"},"inLanguage":"pl-PL","potentialAction":[{"@type":"ReadAction","target":["https:\/\/pans.krosno.pl\/air\/opiekunowie-rocznikow\/"]}]},{"@type":"BreadcrumbList","@id":"https:\/\/pans.krosno.pl\/air\/opiekunowie-rocznikow\/#breadcrumb","itemListElement":[{"@type":"ListItem","position":1,"name":"Strona g\u0142\u00f3wna","item":"https:\/\/pans.krosno.pl\/air\/"},{"@type":"ListItem","position":2,"name":"Opiekunowie rocznik\u00f3w"}]},{"@type":"WebSite","@id":"https:\/\/pans.krosno.pl\/air\/#website","url":"https:\/\/pans.krosno.pl\/air\/","name":"KPU w Kro\u015bnie","description":"Automatyka i robotyka - Pa\u0144stwowa Akademia Nauk Stosowanych","publisher":{"@id":"https:\/\/pans.krosno.pl\/air\/#organization"},"potentialAction":[{"@type":"SearchAction","target":{"@type":"EntryPoint","urlTemplate":"https:\/\/pans.krosno.pl\/air\/?s={search_term_string}"},"query-input":{"@type":"PropertyValueSpecification","valueRequired":true,"valueName":"search_term_string"}}],"inLanguage":"pl-PL"},{"@type":"Organization","@id":"https:\/\/pans.krosno.pl\/air\/#organization","name":"Karpacka Pa\u0144stwowa Uczelnia w Kro\u015bnie","url":"https:\/\/pans.krosno.pl\/air\/","logo":{"@type":"ImageObject","inLanguage":"pl-PL","@id":"https:\/\/pans.krosno.pl\/air\/#\/schema\/logo\/image\/","url":"","contentUrl":"","caption":"Karpacka Pa\u0144stwowa Uczelnia w Kro\u015bnie"},"image":{"@id":"https:\/\/pans.krosno.pl\/air\/#\/schema\/logo\/image\/"},"sameAs":["https:\/\/www.facebook.com\/StudiaKrosno\/","https:\/\/www.instagram.com\/studia.krosno","https:\/\/pl.linkedin.com\/company\/pwsz-krosno","https:\/\/www.youtube.com\/user\/pwszkrosno\/","https:\/\/pl.wikipedia.org\/wiki\/Pa\u0144stwowa_Wy\u017csza_Szko\u0142a_Zawodowa_im._Stanis\u0142awa_Pigonia_w_Kro\u015bnie"]}]}},"_links":{"self":[{"href":"https:\/\/pans.krosno.pl\/air\/wp-json\/wp\/v2\/pages\/48","targetHints":{"allow":["GET"]}}],"collection":[{"href":"https:\/\/pans.krosno.pl\/air\/wp-json\/wp\/v2\/pages"}],"about":[{"href":"https:\/\/pans.krosno.pl\/air\/wp-json\/wp\/v2\/types\/page"}],"author":[{"embeddable":true,"href":"https:\/\/pans.krosno.pl\/air\/wp-json\/wp\/v2\/users\/27"}],"replies":[{"embeddable":true,"href":"https:\/\/pans.krosno.pl\/air\/wp-json\/wp\/v2\/comments?post=48"}],"version-history":[{"count":20,"href":"https:\/\/pans.krosno.pl\/air\/wp-json\/wp\/v2\/pages\/48\/revisions"}],"predecessor-version":[{"id":1041,"href":"https:\/\/pans.krosno.pl\/air\/wp-json\/wp\/v2\/pages\/48\/revisions\/1041"}],"wp:attachment":[{"href":"https:\/\/pans.krosno.pl\/air\/wp-json\/wp\/v2\/media?parent=48"}],"curies":[{"name":"wp","href":"https:\/\/api.w.org\/{rel}","templated":true}]}}