{"id":156,"date":"2025-07-16T09:19:24","date_gmt":"2025-07-16T08:19:24","guid":{"rendered":"https:\/\/pans.krosno.pl\/5glab\/?page_id=156"},"modified":"2025-07-16T19:14:12","modified_gmt":"2025-07-16T18:14:12","slug":"prywatne-sieci-5g","status":"publish","type":"page","link":"https:\/\/pans.krosno.pl\/5glab\/prywatne-sieci-5g\/","title":{"rendered":"Prywatne sieci 5G"},"content":{"rendered":"<p class=\"has-medium-font-size\" style=\"text-align: justify;\">Prywatne sieci 5G to autonomiczne systemy komunikacji bezprzewodowej, kt\u00f3re dzia\u0142aj\u0105 niezale\u017cnie od publicznych sieci operator\u00f3w kom\u00f3rkowych. Dzi\u0119ki pe\u0142nej kontroli nad infrastruktur\u0105 i konfiguracj\u0105 u\u017cytkownik mo\u017ce precyzyjnie dostosowa\u0107 parametry sieci do w\u0142asnych potrzeb. Sieci te oferuj\u0105 wyj\u0105tkowo niskie op\u00f3\u017anienia, wysok\u0105 przepustowo\u015b\u0107 oraz mo\u017cliwo\u015b\u0107 r\u00f3wnoczesnego obs\u0142ugiwania wielu urz\u0105dze\u0144 w czasie rzeczywistym. Ich architektura opiera si\u0119 na nowoczesnych technologiach, takich jak wirtualizacja funkcji sieciowych (NFV) i elastyczne zarz\u0105dzanie zasobami radiowymi. Prywatna sie\u0107 5G umo\u017cliwia tak\u017ce segmentacj\u0119 sieci (network slicing), co pozwala tworzy\u0107 niezale\u017cne \u201epodsieci\u201d o r\u00f3\u017cnych w\u0142a\u015bciwo\u015bciach, dzia\u0142aj\u0105ce r\u00f3wnolegle w ramach jednej infrastruktury. To rozwi\u0105zanie zapewnia niezawodno\u015b\u0107, bezpiecze\u0144stwo i pe\u0142n\u0105 kontrol\u0119 nad transmisj\u0105 danych w \u015brodowiskach wymagaj\u0105cych najwy\u017cszej jako\u015bci komunikacji.<\/p>\n<p class=\"has-medium-font-size\" style=\"text-align: justify;\">Prywatne sieci 5G dzia\u0142aj\u0105 w pa\u015bmie n77, kt\u00f3re zapewnia dobry zasi\u0119g oraz du\u017c\u0105 szybko\u015b\u0107 przesy\u0142ania danych \u2013 to idealne rozwi\u0105zanie dla du\u017cych zak\u0142ad\u00f3w przemys\u0142owych, kampus\u00f3w czy port\u00f3w. W por\u00f3wnaniu do technologii Wi-Fi, sieci 5G s\u0105 bardziej odporne na zak\u0142\u00f3cenia, oferuj\u0105 stabilniejsze po\u0142\u0105czenia i pozwalaj\u0105 lepiej kontrolowa\u0107 jako\u015b\u0107 us\u0142ug. Jedn\u0105 z istotnych zalet jest mo\u017cliwo\u015b\u0107 pod\u0142\u0105czenia znacznie wi\u0119kszej liczby urz\u0105dze\u0144 na niewielkim obszarze bez pogorszenia wydajno\u015bci \u2013 co w przypadku Wi-Fi cz\u0119sto stanowi powa\u017cne ograniczenie. Dodatkowo, dzi\u0119ki nowoczesnej budowie, dane mog\u0105 by\u0107 przetwarzane bli\u017cej miejsca ich powstania, co skraca czas reakcji system\u00f3w i zwi\u0119ksza ich niezawodno\u015b\u0107. To sprawia, \u017ce prywatne sieci 5G lepiej sprawdzaj\u0105 si\u0119 w \u015brodowiskach, gdzie liczy si\u0119 szybko\u015b\u0107, precyzja i bezpiecze\u0144stwo transmisji.<\/p>\n\n\n<p><\/p>\n\n\n\n<p><\/p>\n","protected":false},"excerpt":{"rendered":"<p>Prywatne sieci 5G to autonomiczne systemy komunikacji bezprzewodowej, kt\u00f3re dzia\u0142aj\u0105 niezale\u017cnie od publicznych sieci operator\u00f3w kom\u00f3rkowych. Dzi\u0119ki pe\u0142nej kontroli nad infrastruktur\u0105 i konfiguracj\u0105 u\u017cytkownik mo\u017ce precyzyjnie dostosowa\u0107 parametry sieci do w\u0142asnych potrzeb. Sieci te oferuj\u0105 wyj\u0105tkowo niskie op\u00f3\u017anienia, wysok\u0105 przepustowo\u015b\u0107 oraz mo\u017cliwo\u015b\u0107 r\u00f3wnoczesnego obs\u0142ugiwania wielu urz\u0105dze\u0144 w czasie rzeczywistym. Ich [\u2026] <\/p>\n<div class=\"clear\"><\/div>\n<p><a class=\"more_link clearfix\" href=\"https:\/\/pans.krosno.pl\/5glab\/prywatne-sieci-5g\/\" rel=\"nofollow\">Read More<\/a><\/p>\n","protected":false},"author":100,"featured_media":0,"parent":0,"menu_order":0,"comment_status":"closed","ping_status":"closed","template":"page-templates\/template-full-width.php","meta":{"ngg_post_thumbnail":0,"footnotes":""},"class_list":["post-156","page","type-page","status-publish","hentry"],"yoast_head":"<!-- This site is optimized with the Yoast SEO Premium plugin v27.4 (Yoast SEO v27.4) - https:\/\/yoast.com\/product\/yoast-seo-premium-wordpress\/ -->\n<title>Prywatne sieci 5G - 5glab<\/title>\n<meta name=\"robots\" content=\"index, follow, max-snippet:-1, max-image-preview:large, max-video-preview:-1\" \/>\n<link rel=\"canonical\" href=\"https:\/\/pans.krosno.pl\/5glab\/prywatne-sieci-5g\/\" \/>\n<meta property=\"og:locale\" content=\"pl_PL\" \/>\n<meta property=\"og:type\" content=\"article\" \/>\n<meta property=\"og:title\" content=\"Prywatne sieci 5G\" \/>\n<meta property=\"og:description\" content=\"Prywatne sieci 5G to autonomiczne systemy komunikacji bezprzewodowej, kt\u00f3re dzia\u0142aj\u0105 niezale\u017cnie od publicznych sieci operator\u00f3w kom\u00f3rkowych. Dzi\u0119ki pe\u0142nej kontroli nad infrastruktur\u0105 i konfiguracj\u0105 u\u017cytkownik mo\u017ce precyzyjnie dostosowa\u0107 parametry sieci do w\u0142asnych potrzeb. Sieci te oferuj\u0105 wyj\u0105tkowo niskie op\u00f3\u017anienia, wysok\u0105 przepustowo\u015b\u0107 oraz mo\u017cliwo\u015b\u0107 r\u00f3wnoczesnego obs\u0142ugiwania wielu urz\u0105dze\u0144 w czasie rzeczywistym. Ich [\u2026] Read More\" \/>\n<meta property=\"og:url\" content=\"https:\/\/pans.krosno.pl\/5glab\/prywatne-sieci-5g\/\" \/>\n<meta property=\"og:site_name\" content=\"5glab\" \/>\n<meta property=\"article:publisher\" content=\"https:\/\/www.facebook.com\/StudiaKrosno\/\" \/>\n<meta property=\"article:modified_time\" content=\"2025-07-16T18:14:12+00:00\" \/>\n<meta name=\"twitter:card\" content=\"summary_large_image\" \/>\n<meta name=\"twitter:label1\" content=\"Szacowany czas czytania\" \/>\n\t<meta name=\"twitter:data1\" content=\"2 minuty\" \/>\n<script type=\"application\/ld+json\" class=\"yoast-schema-graph\">{\"@context\":\"https:\\\/\\\/schema.org\",\"@graph\":[{\"@type\":\"WebPage\",\"@id\":\"https:\\\/\\\/pans.krosno.pl\\\/5glab\\\/prywatne-sieci-5g\\\/\",\"url\":\"https:\\\/\\\/pans.krosno.pl\\\/5glab\\\/prywatne-sieci-5g\\\/\",\"name\":\"Prywatne sieci 5G - 5glab\",\"isPartOf\":{\"@id\":\"https:\\\/\\\/pans.krosno.pl\\\/5glab\\\/#website\"},\"datePublished\":\"2025-07-16T08:19:24+00:00\",\"dateModified\":\"2025-07-16T18:14:12+00:00\",\"breadcrumb\":{\"@id\":\"https:\\\/\\\/pans.krosno.pl\\\/5glab\\\/prywatne-sieci-5g\\\/#breadcrumb\"},\"inLanguage\":\"pl-PL\",\"potentialAction\":[{\"@type\":\"ReadAction\",\"target\":[\"https:\\\/\\\/pans.krosno.pl\\\/5glab\\\/prywatne-sieci-5g\\\/\"]}]},{\"@type\":\"BreadcrumbList\",\"@id\":\"https:\\\/\\\/pans.krosno.pl\\\/5glab\\\/prywatne-sieci-5g\\\/#breadcrumb\",\"itemListElement\":[{\"@type\":\"ListItem\",\"position\":1,\"name\":\"Strona g\u0142\u00f3wna\",\"item\":\"https:\\\/\\\/pans.krosno.pl\\\/5glab\\\/\"},{\"@type\":\"ListItem\",\"position\":2,\"name\":\"Prywatne sieci 5G\"}]},{\"@type\":\"WebSite\",\"@id\":\"https:\\\/\\\/pans.krosno.pl\\\/5glab\\\/#website\",\"url\":\"https:\\\/\\\/pans.krosno.pl\\\/5glab\\\/\",\"name\":\"PANS w Kro\u015bnie\",\"description\":\"\",\"publisher\":{\"@id\":\"https:\\\/\\\/pans.krosno.pl\\\/5glab\\\/#organization\"},\"alternateName\":\"PANS Krosno\",\"potentialAction\":[{\"@type\":\"SearchAction\",\"target\":{\"@type\":\"EntryPoint\",\"urlTemplate\":\"https:\\\/\\\/pans.krosno.pl\\\/5glab\\\/?s={search_term_string}\"},\"query-input\":{\"@type\":\"PropertyValueSpecification\",\"valueRequired\":true,\"valueName\":\"search_term_string\"}}],\"inLanguage\":\"pl-PL\"},{\"@type\":\"Organization\",\"@id\":\"https:\\\/\\\/pans.krosno.pl\\\/5glab\\\/#organization\",\"name\":\"Pa\u0144stwowa Akademia Nauk Stosowanych w Kro\u015bnie\",\"alternateName\":\"PANS Krosno\",\"url\":\"https:\\\/\\\/pans.krosno.pl\\\/5glab\\\/\",\"logo\":{\"@type\":\"ImageObject\",\"inLanguage\":\"pl-PL\",\"@id\":\"https:\\\/\\\/pans.krosno.pl\\\/5glab\\\/#\\\/schema\\\/logo\\\/image\\\/\",\"url\":\"https:\\\/\\\/pans.krosno.pl\\\/wp-content\\\/uploads\\\/2023\\\/01\\\/Logo-PANS-2022-pelne-2-scaled.jpg\",\"contentUrl\":\"https:\\\/\\\/pans.krosno.pl\\\/wp-content\\\/uploads\\\/2023\\\/01\\\/Logo-PANS-2022-pelne-2-scaled.jpg\",\"width\":2560,\"height\":576,\"caption\":\"Pa\u0144stwowa Akademia Nauk Stosowanych w Kro\u015bnie\"},\"image\":{\"@id\":\"https:\\\/\\\/pans.krosno.pl\\\/5glab\\\/#\\\/schema\\\/logo\\\/image\\\/\"},\"sameAs\":[\"https:\\\/\\\/www.facebook.com\\\/StudiaKrosno\\\/\",\"https:\\\/\\\/www.instagram.com\\\/pans.krosno\\\/\",\"https:\\\/\\\/pl.linkedin.com\\\/company\\\/pwsz-krosno\",\"https:\\\/\\\/www.youtube.com\\\/user\\\/pwszkrosno\\\/\",\"https:\\\/\\\/pl.wikipedia.org\\\/wiki\\\/Pa\u0144stwowa_Wy\u017csza_Szko\u0142a_Zawodowa_im._Stanis\u0142awa_Pigonia_w_Kro\u015bnie\"]}]}<\/script>\n<!-- \/ Yoast SEO Premium plugin. -->","yoast_head_json":{"title":"Prywatne sieci 5G - 5glab","robots":{"index":"index","follow":"follow","max-snippet":"max-snippet:-1","max-image-preview":"max-image-preview:large","max-video-preview":"max-video-preview:-1"},"canonical":"https:\/\/pans.krosno.pl\/5glab\/prywatne-sieci-5g\/","og_locale":"pl_PL","og_type":"article","og_title":"Prywatne sieci 5G","og_description":"Prywatne sieci 5G to autonomiczne systemy komunikacji bezprzewodowej, kt\u00f3re dzia\u0142aj\u0105 niezale\u017cnie od publicznych sieci operator\u00f3w kom\u00f3rkowych. Dzi\u0119ki pe\u0142nej kontroli nad infrastruktur\u0105 i konfiguracj\u0105 u\u017cytkownik mo\u017ce precyzyjnie dostosowa\u0107 parametry sieci do w\u0142asnych potrzeb. Sieci te oferuj\u0105 wyj\u0105tkowo niskie op\u00f3\u017anienia, wysok\u0105 przepustowo\u015b\u0107 oraz mo\u017cliwo\u015b\u0107 r\u00f3wnoczesnego obs\u0142ugiwania wielu urz\u0105dze\u0144 w czasie rzeczywistym. Ich [\u2026] Read More","og_url":"https:\/\/pans.krosno.pl\/5glab\/prywatne-sieci-5g\/","og_site_name":"5glab","article_publisher":"https:\/\/www.facebook.com\/StudiaKrosno\/","article_modified_time":"2025-07-16T18:14:12+00:00","twitter_card":"summary_large_image","twitter_misc":{"Szacowany czas czytania":"2 minuty"},"schema":{"@context":"https:\/\/schema.org","@graph":[{"@type":"WebPage","@id":"https:\/\/pans.krosno.pl\/5glab\/prywatne-sieci-5g\/","url":"https:\/\/pans.krosno.pl\/5glab\/prywatne-sieci-5g\/","name":"Prywatne sieci 5G - 5glab","isPartOf":{"@id":"https:\/\/pans.krosno.pl\/5glab\/#website"},"datePublished":"2025-07-16T08:19:24+00:00","dateModified":"2025-07-16T18:14:12+00:00","breadcrumb":{"@id":"https:\/\/pans.krosno.pl\/5glab\/prywatne-sieci-5g\/#breadcrumb"},"inLanguage":"pl-PL","potentialAction":[{"@type":"ReadAction","target":["https:\/\/pans.krosno.pl\/5glab\/prywatne-sieci-5g\/"]}]},{"@type":"BreadcrumbList","@id":"https:\/\/pans.krosno.pl\/5glab\/prywatne-sieci-5g\/#breadcrumb","itemListElement":[{"@type":"ListItem","position":1,"name":"Strona g\u0142\u00f3wna","item":"https:\/\/pans.krosno.pl\/5glab\/"},{"@type":"ListItem","position":2,"name":"Prywatne sieci 5G"}]},{"@type":"WebSite","@id":"https:\/\/pans.krosno.pl\/5glab\/#website","url":"https:\/\/pans.krosno.pl\/5glab\/","name":"PANS w Kro\u015bnie","description":"","publisher":{"@id":"https:\/\/pans.krosno.pl\/5glab\/#organization"},"alternateName":"PANS Krosno","potentialAction":[{"@type":"SearchAction","target":{"@type":"EntryPoint","urlTemplate":"https:\/\/pans.krosno.pl\/5glab\/?s={search_term_string}"},"query-input":{"@type":"PropertyValueSpecification","valueRequired":true,"valueName":"search_term_string"}}],"inLanguage":"pl-PL"},{"@type":"Organization","@id":"https:\/\/pans.krosno.pl\/5glab\/#organization","name":"Pa\u0144stwowa Akademia Nauk Stosowanych w Kro\u015bnie","alternateName":"PANS Krosno","url":"https:\/\/pans.krosno.pl\/5glab\/","logo":{"@type":"ImageObject","inLanguage":"pl-PL","@id":"https:\/\/pans.krosno.pl\/5glab\/#\/schema\/logo\/image\/","url":"https:\/\/pans.krosno.pl\/wp-content\/uploads\/2023\/01\/Logo-PANS-2022-pelne-2-scaled.jpg","contentUrl":"https:\/\/pans.krosno.pl\/wp-content\/uploads\/2023\/01\/Logo-PANS-2022-pelne-2-scaled.jpg","width":2560,"height":576,"caption":"Pa\u0144stwowa Akademia Nauk Stosowanych w Kro\u015bnie"},"image":{"@id":"https:\/\/pans.krosno.pl\/5glab\/#\/schema\/logo\/image\/"},"sameAs":["https:\/\/www.facebook.com\/StudiaKrosno\/","https:\/\/www.instagram.com\/pans.krosno\/","https:\/\/pl.linkedin.com\/company\/pwsz-krosno","https:\/\/www.youtube.com\/user\/pwszkrosno\/","https:\/\/pl.wikipedia.org\/wiki\/Pa\u0144stwowa_Wy\u017csza_Szko\u0142a_Zawodowa_im._Stanis\u0142awa_Pigonia_w_Kro\u015bnie"]}]}},"_links":{"self":[{"href":"https:\/\/pans.krosno.pl\/5glab\/wp-json\/wp\/v2\/pages\/156","targetHints":{"allow":["GET"]}}],"collection":[{"href":"https:\/\/pans.krosno.pl\/5glab\/wp-json\/wp\/v2\/pages"}],"about":[{"href":"https:\/\/pans.krosno.pl\/5glab\/wp-json\/wp\/v2\/types\/page"}],"author":[{"embeddable":true,"href":"https:\/\/pans.krosno.pl\/5glab\/wp-json\/wp\/v2\/users\/100"}],"replies":[{"embeddable":true,"href":"https:\/\/pans.krosno.pl\/5glab\/wp-json\/wp\/v2\/comments?post=156"}],"version-history":[{"count":10,"href":"https:\/\/pans.krosno.pl\/5glab\/wp-json\/wp\/v2\/pages\/156\/revisions"}],"predecessor-version":[{"id":301,"href":"https:\/\/pans.krosno.pl\/5glab\/wp-json\/wp\/v2\/pages\/156\/revisions\/301"}],"wp:attachment":[{"href":"https:\/\/pans.krosno.pl\/5glab\/wp-json\/wp\/v2\/media?parent=156"}],"curies":[{"name":"wp","href":"https:\/\/api.w.org\/{rel}","templated":true}]}}