{"id":130,"date":"2025-07-16T09:18:57","date_gmt":"2025-07-16T08:18:57","guid":{"rendered":"https:\/\/pans.krosno.pl\/5glab\/?page_id=130"},"modified":"2025-11-28T14:46:54","modified_gmt":"2025-11-28T14:46:54","slug":"laboratorium-sieci-i-uslug-5g","status":"publish","type":"page","link":"https:\/\/pans.krosno.pl\/5glab\/","title":{"rendered":"Laboratorium sieci i us\u0142ug 5G\u00a0"},"content":{"rendered":"<p class=\"has-text-align-left has-medium-font-size\" style=\"text-align: justify;\">Laboratorium sieci i us\u0142ug 5G to ultranowoczesna infrastruktura dydaktyczno-badawcza Pa\u0144stwowej Akademii Nauk Stosowanych w Kro\u015bnie. Sercem PANS 5G LAB jest pe\u0142na (core), prywatna sie\u0107 5G zbudowana w oparciu o rozwi\u0105zania firmy Nokia, umo\u017cliwiaj\u0105ca zaawansowane badania nad zastosowaniem tej prze\u0142omowej technologii. Laboratorium obejmuje r\u00f3wnie\u017c przestronny pok\u00f3j pokazowy oraz dwie sale dydaktyczno-badawcze, kt\u00f3re s\u0142u\u017c\u0105 zar\u00f3wno edukacji, jak i eksperymentom.<\/p>\n<p class=\"has-medium-font-size\" style=\"text-align: justify;\">Laboratorium jest dost\u0119pne nie tylko dla wyk\u0142adowc\u00f3w i student\u00f3w, ale tak\u017ce dla otoczenia \u2013 lokalnych instytucji, firm oraz startup\u00f3w, wspieraj\u0105c innowacje w regionie. Ca\u0142o\u015b\u0107 inwestycji zosta\u0142a sfinansowana ze \u015brodk\u00f3w w\u0142asnych uczelni i b\u0119dzie wykorzystywana do bada\u0144 nad mo\u017cliwo\u015bciami zastosowania sieci 5G w wielu dziedzinach, takich jak przemys\u0142, robotyka, drony, analiza obrazu, VR\/AR oraz Internet Rzeczy.<\/p>\n<p class=\"has-medium-font-size\" style=\"text-align: justify;\">Projekt wpisuje si\u0119 tak\u017ce w \u201eStrategi\u0119 rozwoju wojew\u00f3dztwa \u2013 Podkarpackie 2030\u201d, przyczyniaj\u0105c si\u0119 do dynamicznego rozwoju technologicznego i spo\u0142eczno-gospodarczego regionu.<\/p>\n<p class=\"has-medium-font-size\" style=\"text-align: justify;\">Wszystkich zainteresowanych indywidualn\u0105 wizyt\u0105 w PANS 5G LAB lub wsp\u00f3\u0142prac\u0105 w zakresie rozwoju nowych technologii opartych na sieciach 5G zapraszamy do kontaktu.<\/p>\nngg_shortcode_0_placeholder\n","protected":false},"excerpt":{"rendered":"<p>Laboratorium sieci i us\u0142ug 5G to ultranowoczesna infrastruktura dydaktyczno-badawcza Pa\u0144stwowej Akademii Nauk Stosowanych w Kro\u015bnie. Sercem PANS 5G LAB jest pe\u0142na (core), prywatna sie\u0107 5G zbudowana w oparciu o rozwi\u0105zania firmy Nokia, umo\u017cliwiaj\u0105ca zaawansowane badania nad zastosowaniem tej prze\u0142omowej technologii. Laboratorium obejmuje r\u00f3wnie\u017c przestronny pok\u00f3j pokazowy oraz dwie sale dydaktyczno-badawcze, [\u2026] <\/p>\n<div class=\"clear\"><\/div>\n<p><a class=\"more_link clearfix\" href=\"https:\/\/pans.krosno.pl\/5glab\/\" rel=\"nofollow\">Read More<\/a><\/p>\n","protected":false},"author":100,"featured_media":0,"parent":0,"menu_order":0,"comment_status":"closed","ping_status":"closed","template":"page-templates\/template-full-width.php","meta":{"ngg_post_thumbnail":0,"footnotes":""},"class_list":["post-130","page","type-page","status-publish","hentry"],"yoast_head":"<!-- This site is optimized with the Yoast SEO Premium plugin v27.4 (Yoast SEO v27.4) - https:\/\/yoast.com\/product\/yoast-seo-premium-wordpress\/ -->\n<title>Laboratorium sieci i us\u0142ug 5G\u00a0 - 5glab<\/title>\n<meta name=\"robots\" content=\"index, follow, max-snippet:-1, max-image-preview:large, max-video-preview:-1\" \/>\n<link rel=\"canonical\" href=\"https:\/\/pans.krosno.pl\/5glab\/\" \/>\n<meta property=\"og:locale\" content=\"pl_PL\" \/>\n<meta property=\"og:type\" content=\"article\" \/>\n<meta property=\"og:title\" content=\"Laboratorium sieci i us\u0142ug 5G\u00a0\" \/>\n<meta property=\"og:description\" content=\"Laboratorium sieci i us\u0142ug 5G to ultranowoczesna infrastruktura dydaktyczno-badawcza Pa\u0144stwowej Akademii Nauk Stosowanych w Kro\u015bnie. Sercem PANS 5G LAB jest pe\u0142na (core), prywatna sie\u0107 5G zbudowana w oparciu o rozwi\u0105zania firmy Nokia, umo\u017cliwiaj\u0105ca zaawansowane badania nad zastosowaniem tej prze\u0142omowej technologii. Laboratorium obejmuje r\u00f3wnie\u017c przestronny pok\u00f3j pokazowy oraz dwie sale dydaktyczno-badawcze, [\u2026] Read More\" \/>\n<meta property=\"og:url\" content=\"https:\/\/pans.krosno.pl\/5glab\/\" \/>\n<meta property=\"og:site_name\" content=\"5glab\" \/>\n<meta property=\"article:publisher\" content=\"https:\/\/www.facebook.com\/StudiaKrosno\/\" \/>\n<meta property=\"article:modified_time\" content=\"2025-11-28T14:46:54+00:00\" \/>\n<meta name=\"twitter:card\" content=\"summary_large_image\" \/>\n<meta name=\"twitter:label1\" content=\"Szacowany czas czytania\" \/>\n\t<meta name=\"twitter:data1\" content=\"1 minuta\" \/>\n<script type=\"application\/ld+json\" class=\"yoast-schema-graph\">{\"@context\":\"https:\\\/\\\/schema.org\",\"@graph\":[{\"@type\":\"WebPage\",\"@id\":\"https:\\\/\\\/pans.krosno.pl\\\/5glab\\\/\",\"url\":\"https:\\\/\\\/pans.krosno.pl\\\/5glab\\\/\",\"name\":\"Laboratorium sieci i us\u0142ug 5G\u00a0 - 5glab\",\"isPartOf\":{\"@id\":\"https:\\\/\\\/pans.krosno.pl\\\/5glab\\\/#website\"},\"datePublished\":\"2025-07-16T08:18:57+00:00\",\"dateModified\":\"2025-11-28T14:46:54+00:00\",\"breadcrumb\":{\"@id\":\"https:\\\/\\\/pans.krosno.pl\\\/5glab\\\/#breadcrumb\"},\"inLanguage\":\"pl-PL\",\"potentialAction\":[{\"@type\":\"ReadAction\",\"target\":[\"https:\\\/\\\/pans.krosno.pl\\\/5glab\\\/\"]}]},{\"@type\":\"BreadcrumbList\",\"@id\":\"https:\\\/\\\/pans.krosno.pl\\\/5glab\\\/#breadcrumb\",\"itemListElement\":[{\"@type\":\"ListItem\",\"position\":1,\"name\":\"Strona g\u0142\u00f3wna\",\"item\":\"https:\\\/\\\/pans.krosno.pl\\\/5glab\\\/\"},{\"@type\":\"ListItem\",\"position\":2,\"name\":\"Laboratorium sieci i us\u0142ug 5G\u00a0\"}]},{\"@type\":\"WebSite\",\"@id\":\"https:\\\/\\\/pans.krosno.pl\\\/5glab\\\/#website\",\"url\":\"https:\\\/\\\/pans.krosno.pl\\\/5glab\\\/\",\"name\":\"PANS w Kro\u015bnie\",\"description\":\"\",\"publisher\":{\"@id\":\"https:\\\/\\\/pans.krosno.pl\\\/5glab\\\/#organization\"},\"alternateName\":\"PANS Krosno\",\"potentialAction\":[{\"@type\":\"SearchAction\",\"target\":{\"@type\":\"EntryPoint\",\"urlTemplate\":\"https:\\\/\\\/pans.krosno.pl\\\/5glab\\\/?s={search_term_string}\"},\"query-input\":{\"@type\":\"PropertyValueSpecification\",\"valueRequired\":true,\"valueName\":\"search_term_string\"}}],\"inLanguage\":\"pl-PL\"},{\"@type\":\"Organization\",\"@id\":\"https:\\\/\\\/pans.krosno.pl\\\/5glab\\\/#organization\",\"name\":\"Pa\u0144stwowa Akademia Nauk Stosowanych w Kro\u015bnie\",\"alternateName\":\"PANS Krosno\",\"url\":\"https:\\\/\\\/pans.krosno.pl\\\/5glab\\\/\",\"logo\":{\"@type\":\"ImageObject\",\"inLanguage\":\"pl-PL\",\"@id\":\"https:\\\/\\\/pans.krosno.pl\\\/5glab\\\/#\\\/schema\\\/logo\\\/image\\\/\",\"url\":\"https:\\\/\\\/pans.krosno.pl\\\/wp-content\\\/uploads\\\/2023\\\/01\\\/Logo-PANS-2022-pelne-2-scaled.jpg\",\"contentUrl\":\"https:\\\/\\\/pans.krosno.pl\\\/wp-content\\\/uploads\\\/2023\\\/01\\\/Logo-PANS-2022-pelne-2-scaled.jpg\",\"width\":2560,\"height\":576,\"caption\":\"Pa\u0144stwowa Akademia Nauk Stosowanych w Kro\u015bnie\"},\"image\":{\"@id\":\"https:\\\/\\\/pans.krosno.pl\\\/5glab\\\/#\\\/schema\\\/logo\\\/image\\\/\"},\"sameAs\":[\"https:\\\/\\\/www.facebook.com\\\/StudiaKrosno\\\/\",\"https:\\\/\\\/www.instagram.com\\\/pans.krosno\\\/\",\"https:\\\/\\\/pl.linkedin.com\\\/company\\\/pwsz-krosno\",\"https:\\\/\\\/www.youtube.com\\\/user\\\/pwszkrosno\\\/\",\"https:\\\/\\\/pl.wikipedia.org\\\/wiki\\\/Pa\u0144stwowa_Wy\u017csza_Szko\u0142a_Zawodowa_im._Stanis\u0142awa_Pigonia_w_Kro\u015bnie\"]}]}<\/script>\n<!-- \/ Yoast SEO Premium plugin. -->","yoast_head_json":{"title":"Laboratorium sieci i us\u0142ug 5G\u00a0 - 5glab","robots":{"index":"index","follow":"follow","max-snippet":"max-snippet:-1","max-image-preview":"max-image-preview:large","max-video-preview":"max-video-preview:-1"},"canonical":"https:\/\/pans.krosno.pl\/5glab\/","og_locale":"pl_PL","og_type":"article","og_title":"Laboratorium sieci i us\u0142ug 5G\u00a0","og_description":"Laboratorium sieci i us\u0142ug 5G to ultranowoczesna infrastruktura dydaktyczno-badawcza Pa\u0144stwowej Akademii Nauk Stosowanych w Kro\u015bnie. Sercem PANS 5G LAB jest pe\u0142na (core), prywatna sie\u0107 5G zbudowana w oparciu o rozwi\u0105zania firmy Nokia, umo\u017cliwiaj\u0105ca zaawansowane badania nad zastosowaniem tej prze\u0142omowej technologii. Laboratorium obejmuje r\u00f3wnie\u017c przestronny pok\u00f3j pokazowy oraz dwie sale dydaktyczno-badawcze, [\u2026] Read More","og_url":"https:\/\/pans.krosno.pl\/5glab\/","og_site_name":"5glab","article_publisher":"https:\/\/www.facebook.com\/StudiaKrosno\/","article_modified_time":"2025-11-28T14:46:54+00:00","twitter_card":"summary_large_image","twitter_misc":{"Szacowany czas czytania":"1 minuta"},"schema":{"@context":"https:\/\/schema.org","@graph":[{"@type":"WebPage","@id":"https:\/\/pans.krosno.pl\/5glab\/","url":"https:\/\/pans.krosno.pl\/5glab\/","name":"Laboratorium sieci i us\u0142ug 5G\u00a0 - 5glab","isPartOf":{"@id":"https:\/\/pans.krosno.pl\/5glab\/#website"},"datePublished":"2025-07-16T08:18:57+00:00","dateModified":"2025-11-28T14:46:54+00:00","breadcrumb":{"@id":"https:\/\/pans.krosno.pl\/5glab\/#breadcrumb"},"inLanguage":"pl-PL","potentialAction":[{"@type":"ReadAction","target":["https:\/\/pans.krosno.pl\/5glab\/"]}]},{"@type":"BreadcrumbList","@id":"https:\/\/pans.krosno.pl\/5glab\/#breadcrumb","itemListElement":[{"@type":"ListItem","position":1,"name":"Strona g\u0142\u00f3wna","item":"https:\/\/pans.krosno.pl\/5glab\/"},{"@type":"ListItem","position":2,"name":"Laboratorium sieci i us\u0142ug 5G\u00a0"}]},{"@type":"WebSite","@id":"https:\/\/pans.krosno.pl\/5glab\/#website","url":"https:\/\/pans.krosno.pl\/5glab\/","name":"PANS w Kro\u015bnie","description":"","publisher":{"@id":"https:\/\/pans.krosno.pl\/5glab\/#organization"},"alternateName":"PANS Krosno","potentialAction":[{"@type":"SearchAction","target":{"@type":"EntryPoint","urlTemplate":"https:\/\/pans.krosno.pl\/5glab\/?s={search_term_string}"},"query-input":{"@type":"PropertyValueSpecification","valueRequired":true,"valueName":"search_term_string"}}],"inLanguage":"pl-PL"},{"@type":"Organization","@id":"https:\/\/pans.krosno.pl\/5glab\/#organization","name":"Pa\u0144stwowa Akademia Nauk Stosowanych w Kro\u015bnie","alternateName":"PANS Krosno","url":"https:\/\/pans.krosno.pl\/5glab\/","logo":{"@type":"ImageObject","inLanguage":"pl-PL","@id":"https:\/\/pans.krosno.pl\/5glab\/#\/schema\/logo\/image\/","url":"https:\/\/pans.krosno.pl\/wp-content\/uploads\/2023\/01\/Logo-PANS-2022-pelne-2-scaled.jpg","contentUrl":"https:\/\/pans.krosno.pl\/wp-content\/uploads\/2023\/01\/Logo-PANS-2022-pelne-2-scaled.jpg","width":2560,"height":576,"caption":"Pa\u0144stwowa Akademia Nauk Stosowanych w Kro\u015bnie"},"image":{"@id":"https:\/\/pans.krosno.pl\/5glab\/#\/schema\/logo\/image\/"},"sameAs":["https:\/\/www.facebook.com\/StudiaKrosno\/","https:\/\/www.instagram.com\/pans.krosno\/","https:\/\/pl.linkedin.com\/company\/pwsz-krosno","https:\/\/www.youtube.com\/user\/pwszkrosno\/","https:\/\/pl.wikipedia.org\/wiki\/Pa\u0144stwowa_Wy\u017csza_Szko\u0142a_Zawodowa_im._Stanis\u0142awa_Pigonia_w_Kro\u015bnie"]}]}},"_links":{"self":[{"href":"https:\/\/pans.krosno.pl\/5glab\/wp-json\/wp\/v2\/pages\/130","targetHints":{"allow":["GET"]}}],"collection":[{"href":"https:\/\/pans.krosno.pl\/5glab\/wp-json\/wp\/v2\/pages"}],"about":[{"href":"https:\/\/pans.krosno.pl\/5glab\/wp-json\/wp\/v2\/types\/page"}],"author":[{"embeddable":true,"href":"https:\/\/pans.krosno.pl\/5glab\/wp-json\/wp\/v2\/users\/100"}],"replies":[{"embeddable":true,"href":"https:\/\/pans.krosno.pl\/5glab\/wp-json\/wp\/v2\/comments?post=130"}],"version-history":[{"count":7,"href":"https:\/\/pans.krosno.pl\/5glab\/wp-json\/wp\/v2\/pages\/130\/revisions"}],"predecessor-version":[{"id":368,"href":"https:\/\/pans.krosno.pl\/5glab\/wp-json\/wp\/v2\/pages\/130\/revisions\/368"}],"wp:attachment":[{"href":"https:\/\/pans.krosno.pl\/5glab\/wp-json\/wp\/v2\/media?parent=130"}],"curies":[{"name":"wp","href":"https:\/\/api.w.org\/{rel}","templated":true}]}}